--------- beginning of /dev/log/main
I/DEBUG ( 87): debuggerd: Dec 19 2011 00:07:30
D/whisperd( 99): /dev/cpcap opened: 3 from accyInit() in device/moto/stingray/whisper/Whisper_AccyMain.c(608)
I/AKMD2 ( 96): AK8975/B for Android v1.1.0.1216 (Library: v1.2.0.1217) started.
D/whisperd( 99): /dev/ttyHS0 opened with port 10 from SHAP_OpenChannel() in device/moto/stingray/whisper/SA_Phys_Linux.c(88)
D/whisperd( 99): The input and output queues have been flushed from SHAP_OpenChannel() in device/moto/stingray/whisper/SA_Phys_Linux.c(90) --------- beginning of /dev/log/system
I/Vold ( 85): Vold 2.1 (the revenge) firing up
I/Netd ( 86): Netd 1.0 starting
D/Vold ( 85): Volume sdcard state changing -1 (Initializing) -> 0 (No-Media)
D/Vold ( 85): Volume sdcard state changing 0 (No-Media) -> 2 (Pending)
D/Vold ( 85): Volume sdcard state changing 2 (Pending) -> 1 (Idle-Unmounted)
I/ ( 91): ServiceManager: 0x90e910
I/SurfaceFlinger( 89): SurfaceFlinger is starting
I/SurfaceFlinger( 89): SurfaceFlinger's main thread ready to run. Initializing graphics H/W...
D/AndroidRuntime( 90):
D/AndroidRuntime( 90): >>>>>> AndroidRuntime START com.android.internal.os.ZygoteInit <<<<<<
D/AndroidRuntime( 90): CheckJNI is ON
D/PKIP ( 89): private/drm/pki/lib/PKITP_Interface.c,400,PKI_Translate_ID,0x f
D/PKIP ( 89): private/drm/pki/lib/PKITP_Interface.c:1032: private/drm/pki/lib/PKITP_Interface.c: 1032: TPA_SYM_ExportProtectedKey: status = 0x70
D/PKIP ( 89): private/drm/pki/lib/PKITP_Interface.c,1038,PKITP_SYM_ExportProtectedKey,0x70
E/gralloc ( 89): HDCP: hdcp_open failed, error 1
D/PKIP ( 89): private/drm/pki/lib/PKITP_Interface.c,400,PKI_Translate_ID,0x f
D/PKIP ( 89): private/drm/pki/lib/PKITP_Interface.c:1032: private/drm/pki/lib/PKITP_Interface.c: 1032: TPA_SYM_ExportProtectedKey: status = 0x70
D/PKIP ( 89): private/drm/pki/lib/PKITP_Interface.c,1038,PKITP_SYM_ExportProtectedKey,0x70
E/gralloc ( 89): HDCP: hdcp_open failed, error 1
I/gralloc ( 89): using (fd=15)
I/gralloc ( 89): id = tegra_fb
I/gralloc ( 89): xres = 1280 px
I/gralloc ( 89): yres = 800 px
I/gralloc ( 89): xres_virtual = 1280 px
I/gralloc ( 89): yres_virtual = 1600 px
I/gralloc ( 89): bpp = 32
I/gralloc ( 89): r = 0:8
I/gralloc ( 89): g = 8:8
I/gralloc ( 89): b = 16:8
I/gralloc ( 89): smem_start = 0x2e800000
I/gralloc ( 89): smem_len = 0x00800000
I/gralloc ( 89): format = 1
I/gralloc ( 89): stride = 1280
I/gralloc ( 89): width = 217 mm (149.824890 dpi)
I/gralloc ( 89): height = 136 mm (149.411758 dpi)
I/gralloc ( 89): refresh rate = 60.00 Hz
D/libEGL ( 89): loaded /system/lib/egl/libGLES_android.so
D/libEGL ( 89): loaded /system/lib/egl/libEGL_tegra.so
I/ ( 92): ServiceManager: 0x3f958
D/AudioHardwareTegra( 92): Read gain file, format 30303032 version 30303030
I/AudioFlinger( 92): Loaded primary audio interface from LEGACY Audio HW HAL (audio)
I/AudioFlinger( 92): Using 'LEGACY Audio HW HAL' (audio.primary) as the primary audio interface
D/libEGL ( 89): loaded /system/lib/egl/libGLESv1_CM_tegra.so
I/AudioFlinger( 92): Loaded a2dp audio interface from A2DP Audio HW HAL (audio)
D/AudioHardwareInterface( 92): setMode(NORMAL)
E/AudioHardwareTegra( 92): No output device.
E/AudioHardwareTegra( 92): No output device.
I/CameraService( 92): CameraService started (pid=92)
E/CameraService( 92): Could not load camera HAL module
I/AudioFlinger( 92): AudioFlinger's thread 0x405f8 ready to run
W/AudioFlinger( 92): Thread AudioOut_1 cannot connect to the power manager service
W/AudioFlinger( 92): Thread AudioOut_1 cannot connect to the power manager service
I/AudioPolicyService( 92): Loaded audio policy from LEGACY Audio Policy HAL (audio_policy)
D/libEGL ( 89): loaded /system/lib/egl/libGLESv2_tegra.so
W/SurfaceFlinger( 89): ro.sf.lcd_density not defined, using 160 dpi by default.
I/SurfaceFlinger( 89): EGL informations:
I/SurfaceFlinger( 89): # of configs : 57
I/SurfaceFlinger( 89): vendor : Android
I/SurfaceFlinger( 89): version : 1.4 Android META-EGL
I/SurfaceFlinger( 89): extensions: EGL_KHR_image EGL_KHR_image_base EGL_KHR_gl_texture_2D_image EGL_KHR_gl_texture_cubemap_image EGL_KHR_gl_renderbuffer_image EGL_KHR_fence_sync EGL_NV_system_time EGL_ANDROID_image_native_buffer EGL_ANDROID_image_native_buffer
I/SurfaceFlinger( 89): Client API: OpenGL ES
I/SurfaceFlinger( 89): EGLSurface: 8-8-8-8, config=0x3
I/SurfaceFlinger( 89): OpenGL informations:
I/SurfaceFlinger( 89): vendor : NVIDIA Corporation
I/SurfaceFlinger( 89): renderer : NVIDIA AP
I/SurfaceFlinger( 89): version : OpenGL ES-CM 1.1
I/SurfaceFlinger( 89): extensions: GL_EXT_bgra GL_EXT_texture_compression_dxt1 GL_EXT_texture_compression_s3tc GL_EXT_texture_format_BGRA8888 GL_NV_texture_npot_2D_mipmap GL_OES_byte_coordinates GL_OES_compressed_ETC1_RGB8_texture GL_OES_compressed_paletted_texture GL_OES_draw_texture GL_OES_extended_matrix_palette GL_OES_EGL_image GL_OES_EGL_image_external GL_OES_EGL_sync GL_OES_fbo_render_mipmap GL_OES_fixed_point GL_OES_framebuffer_object GL_OES_matrix_get GL_OES_matrix_palette GL_OES_point_size_array GL_OES_point_sprite GL_OES_query_matrix GL_OES_read_format GL_OES_rgb8_rgba8 GL_OES_single_precision GL_OES_stencil8 GL_OES_texture_cube_map GL_OES_vertex_half_float
I/SurfaceFlinger( 89): GL_MAX_TEXTURE_SIZE = 2048
I/SurfaceFlinger( 89): GL_MAX_VIEWPORT_DIMS = 3839 x 3839
I/SurfaceFlinger( 89): flags = 00000000
D/libEGL ( 151): loaded /system/lib/egl/libGLES_android.so
D/libEGL ( 151): loaded /system/lib/egl/libEGL_tegra.so
D/libEGL ( 151): loaded /system/lib/egl/libGLESv1_CM_tegra.so
D/libEGL ( 151): loaded /system/lib/egl/libGLESv2_tegra.so
I/SamplingProfilerIntegration( 90): Profiling disabled.
I/Zygote ( 90): Preloading classes...
D/dalvikvm( 90): GC_EXPLICIT freed 36K, 85% free 409K/2560K, paused 0ms+1ms
D/dalvikvm( 90): GC_EXPLICIT freed 4K, 82% free 473K/2560K, paused 0ms+0ms
D/dalvikvm( 90): GC_EXPLICIT freed 20K, 81% free 509K/2560K, paused 1ms+1ms
D/dalvikvm( 90): GC_EXPLICIT freed 27K, 80% free 536K/2560K, paused 0ms+0ms
D/dalvikvm( 90): GC_EXPLICIT freed 15K, 78% free 576K/2560K, paused 0ms+0ms
D/dalvikvm( 90): GC_EXPLICIT freed 27K, 77% free 603K/2560K, paused 1ms+1ms
D/dalvikvm( 90): GC_EXPLICIT freed 30K, 76% free 635K/2560K, paused 0ms+0ms
D/TextLayoutCache( 90): Using debug level: 0 - Debug Enabled: 0
W/Zygote ( 90): Class not found for preloading: android.media.AudioManager$2
I/dalvikvm( 90): threadid=1: recursive native library load attempt (/system/lib/libmedia_jni.so)
D/MtpDeviceJNI( 90): register_android_mtp_MtpDevice
I/dalvikvm( 90): threadid=1: recursive native library load attempt (/system/lib/libmedia_jni.so)
I/dalvikvm( 90): threadid=1: recursive native library load attempt (/system/lib/libmedia_jni.so)
W/Zygote ( 90): Class not found for preloading: android.media.IRemoteControlClientDispatcher
W/Zygote ( 90): Class not found for preloading: android.media.IRemoteControlClientDispatcher$Stub
D/dalvikvm( 90): GC_EXPLICIT freed 20K, 74% free 672K/2560K, paused 1ms+0ms
D/dalvikvm( 90): GC_FOR_ALLOC freed 218K, 63% free 966K/2560K, paused 8ms
D/dalvikvm( 90): GC_EXPLICIT freed 42K, 61% free 1023K/2560K, paused 0ms+1ms
D/dalvikvm( 90): GC_EXPLICIT freed 27K, 59% free 1052K/2560K, paused 1ms+1ms
D/dalvikvm( 90): GC_EXPLICIT freed 7K, 57% free 1103K/2560K, paused 1ms+1ms
D/dalvikvm( 90): GC_EXPLICIT freed 25K, 55% free 1169K/2560K, paused 1ms+1ms
D/dalvikvm( 90): GC_EXPLICIT freed 48K, 44% free 1448K/2560K, paused 1ms+2ms
W/Zygote ( 90): Class not found for preloading: android.text.TextDirectionHeuristics$CharCount
W/Zygote ( 90): Class not found for preloading: android.text.method.WordIterator$1
D/dalvikvm( 90): GC_EXPLICIT freed 34K, 43% free 1482K/2560K, paused 1ms+2ms
D/dalvikvm( 90): GC_EXPLICIT freed 32K, 42% free 1505K/2560K, paused 1ms+2ms
I/dalvikvm( 90): threadid=1: recursive native library load attempt (/system/lib/libwebcore.so)
D/dalvikvm( 90): No JNI_OnLoad found in /system/lib/libchromium_net.so 0x0, skipping init
D/dalvikvm( 90): GC_EXPLICIT freed 26K, 40% free 1553K/2560K, paused 2ms+2ms
W/Zygote ( 90): Class not found for preloading: android.widget.EdgeGlow
D/dalvikvm( 90): GC_EXPLICIT freed 25K, 39% free 1582K/2560K, paused 1ms+1ms
D/dalvikvm( 90): GC_EXPLICIT freed 71K, 37% free 1628K/2560K, paused 1ms+2ms
E/PhonePolicy( 90): Could not preload class for phone policy: com.android.internal.policy.impl.PhoneWindow$ContextMenuCallback
D/dalvikvm( 90): GC_EXPLICIT freed 33K, 36% free 1649K/2560K, paused 2ms+2ms
D/dalvikvm( 90): GC_EXPLICIT freed 28K, 35% free 1678K/2560K, paused 1ms+2ms
D/dalvikvm( 90): GC_EXPLICIT freed 26K, 34% free 1709K/2560K, paused 2ms+2ms
D/dalvikvm( 90): GC_EXPLICIT freed 32K, 33% free 1734K/2560K, paused 1ms+2ms
D/dalvikvm( 90): GC_EXPLICIT freed 31K, 32% free 1762K/2560K, paused 1ms+1ms
D/dalvikvm( 90): GC_EXPLICIT freed 71K, 29% free 1818K/2560K, paused 2ms+2ms
D/dalvikvm( 90): GC_EXPLICIT freed 39K, 29% free 1834K/2560K, paused 2ms+2ms
W/ICU ( 90): Missing ICU latn symbols system value: U_MISSING_RESOURCE_ERROR
I/System ( 90): Loaded time zone names for in 441ms (437ms in ICU)
I/System ( 90): Loaded time zone names for en_US in 295ms (291ms in ICU)
D/dalvikvm( 90): GC_FOR_ALLOC freed 324K, 22% free 2021K/2560K, paused 18ms
I/System ( 90): Loaded time zone names for en_AU in 302ms (299ms in ICU)
D/dalvikvm( 90): GC_EXPLICIT freed 180K, 23% free 1975K/2560K, paused 1ms+2ms
D/dalvikvm( 90): GC_EXPLICIT freed 14K, 21% free 2037K/2560K, paused 2ms+2ms
D/dalvikvm( 90): GC_EXPLICIT freed 51K, 20% free 2068K/2560K, paused 2ms+2ms
D/dalvikvm( 90): GC_EXPLICIT freed 28K, 19% free 2098K/2560K, paused 2ms+2ms
D/dalvikvm( 90): GC_EXPLICIT freed 37K, 18% free 2115K/2560K, paused 2ms+1ms
D/dalvikvm( 90): GC_EXPLICIT freed 32K, 17% free 2137K/2560K, paused 2ms+1ms
I/Zygote ( 90): ...preloaded 2297 classes in 3358ms.
D/dalvikvm( 90): GC_EXPLICIT freed 22K, 17% free 2142K/2560K, paused 1ms+2ms
I/Zygote ( 90): Preloading resources...
D/dalvikvm( 90): GC_EXPLICIT freed 1K, 15% free 2197K/2560K, paused 2ms+2ms
D/dalvikvm( 90): GC_EXPLICIT freed 1K, 13% free 2248K/2560K, paused 1ms+2ms
D/dalvikvm( 90): GC_EXPLICIT freed 3K, 11% free 2295K/2560K, paused 1ms+2ms
D/dalvikvm( 90): GC_EXPLICIT freed 3K, 9% free 2342K/2560K, paused 1ms+2ms
D/dalvikvm( 90): GC_EXPLICIT freed 4K, 10% free 2390K/2627K, paused 2ms+1ms
D/dalvikvm( 90): GC_EXPLICIT freed 5K, 8% free 2440K/2627K, paused 2ms+2ms
D/dalvikvm( 90): GC_EXPLICIT freed 4K, 8% free 2487K/2691K, paused 2ms+2ms
D/dalvikvm( 90): GC_EXPLICIT freed 5K, 9% free 2532K/2755K, paused 2ms+2ms
D/dalvikvm( 90): GC_EXPLICIT freed 4K, 7% free 2582K/2755K, paused 1ms+2ms
D/dalvikvm( 90): GC_EXPLICIT freed 4K, 7% free 2631K/2819K, paused 1ms+2ms
D/dalvikvm( 90): GC_EXPLICIT freed 5K, 7% free 2692K/2883K, paused 2ms+2ms
D/dalvikvm( 90): GC_EXPLICIT freed 2K, 5% free 2741K/2883K, paused 2ms+2ms
D/dalvikvm( 90): GC_EXPLICIT freed 3K, 6% free 2788K/2947K, paused 2ms+2ms
D/dalvikvm( 90): GC_EXPLICIT freed 6K, 6% free 2836K/3011K, paused 2ms+2ms
D/dalvikvm( 90): GC_EXPLICIT freed 7K, 5% free 2882K/3011K, paused 2ms+2ms
D/dalvikvm( 90): GC_EXPLICIT freed 4K, 5% free 2931K/3075K, paused 1ms+2ms
D/dalvikvm( 90): GC_EXPLICIT freed 9K, 4% free 2975K/3075K, paused 2ms+2ms
D/dalvikvm( 90): GC_EXPLICIT freed 8K, 3% free 3054K/3139K, paused 2ms+1ms
D/dalvikvm( 90): GC_EXPLICIT freed 5K, 4% free 3099K/3203K, paused 2ms+2ms
D/dalvikvm( 90): GC_EXPLICIT freed 4K, 4% free 3149K/3267K, paused 2ms+2ms
D/dalvikvm( 90): GC_EXPLICIT freed 4K, 3% free 3196K/3267K, paused 1ms+2ms
D/dalvikvm( 90): GC_EXPLICIT freed 5K, 2% free 3272K/3331K, paused 4ms+2ms
D/dalvikvm( 90): GC_EXPLICIT freed 4K, 4% free 3587K/3715K, paused 1ms+1ms
D/dalvikvm( 90): GC_EXPLICIT freed 7K, 3% free 3640K/3715K, paused 1ms+2ms
D/dalvikvm( 90): GC_EXPLICIT freed 2K, 3% free 3690K/3779K, paused 2ms+2ms
D/dalvikvm( 90): GC_EXPLICIT freed 5K, 2% free 3739K/3779K, paused 2ms+2ms
D/dalvikvm( 90): GC_EXPLICIT freed 4K, 2% free 3913K/3971K, paused 1ms+2ms
D/dalvikvm( 90): GC_EXPLICIT freed 3K, 2% free 3960K/4035K, paused 1ms+2ms
D/dalvikvm( 90): GC_EXPLICIT freed 5K, 3% free 5020K/5123K, paused 1ms+3ms
D/dalvikvm( 90): GC_EXPLICIT freed 5K, 3% free 6040K/6211K, paused 2ms+2ms
D/dalvikvm( 90): GC_EXPLICIT freed 4K, 2% free 6090K/6211K, paused 1ms+2ms
D/dalvikvm( 90): GC_EXPLICIT freed 7K, 2% free 6134K/6211K, paused 2ms+2ms
D/dalvikvm( 90): GC_EXPLICIT freed 6K, 1% free 6181K/6211K, paused 1ms+2ms
D/dalvikvm( 90): GC_EXPLICIT freed 5K, 1% free 6229K/6275K, paused 2ms+2ms
D/dalvikvm( 90): GC_EXPLICIT freed 2K, 1% free 6281K/6339K, paused 1ms+2ms
D/dalvikvm( 90): GC_EXPLICIT freed 4K, 2% free 6329K/6403K, paused 1ms+2ms
D/dalvikvm( 90): GC_EXPLICIT freed 6K, 1% free 6390K/6403K, paused 1ms+2ms
D/dalvikvm( 90): GC_EXPLICIT freed 3K, 1% free 6455K/6467K, paused 2ms+2ms
I/Zygote ( 90): ...preloaded 379 resources in 1364ms.
D/dalvikvm( 90): GC_EXPLICIT freed 20K, 1% free 6489K/6531K, paused 2ms+3ms
I/Zygote ( 90): ...preloaded 31 resources in 34ms.
D/dalvikvm( 90): GC_EXPLICIT freed 14K, 1% free 6492K/6531K, paused 2ms+2ms
D/dalvikvm( 90): GC_EXPLICIT freed 6K, 1% free 6485K/6531K, paused 2ms+2ms
D/dalvikvm( 90): GC_EXPLICIT freed <1K, 1% free 6485K/6531K, paused 1ms+2ms
I/dalvikvm( 90): System server process 163 has been created
I/Zygote ( 90): Accepting command socket connections
E/BatteryService( 163): usbOnlinePath not found
I/sysproc ( 163): Entered system_init()
I/sysproc ( 163): ServiceManager: 0x133c058
D/SensorService( 163): nuSensorService starting...
I/SensorService( 163): KXTF9 3-axis Accelerometer
I/SensorService( 163): Ambient Light sensor
I/SensorService( 163): AK8975 3-axis Magnetic field sensor
I/SensorService( 163): AK8975 Orientation sensor
I/SensorService( 163): BMP085 Pressure sensor
I/SensorService( 163): L3G4200D Gyroscope sensor
I/sysproc ( 163): System server: starting Android runtime.
I/sysproc ( 163): System server: starting Android services.
D/SensorService( 163): nuSensorService thread starting...
I/SystemServer( 163): Entered the Android system server!
I/sysproc ( 163): System server: entering thread pool.
I/SystemServer( 163): Entropy Service
I/SystemServer( 163): Power Manager
I/SystemServer( 163): Activity Manager
I/ActivityManager( 163): Memory class: 48
D/dalvikvm( 163): GC_CONCURRENT freed 163K, 4% free 6817K/7047K, paused 2ms+2ms
I/SystemServer( 163): Telephony Registry
I/ActivityManager( 163): Enabled StrictMode logging for AThread's Looper
I/SystemServer( 163): Package Manager
D/dalvikvm( 163): GC_CONCURRENT freed 455K, 7% free 6933K/7431K, paused 2ms+3ms
D/StrictMode( 163): No activity manager; failed to Dropbox violation.
D/dalvikvm( 163): GC_CONCURRENT freed 414K, 8% free 6944K/7495K, paused 3ms+3ms
W/PackageManager( 163): Running ENG build: no pre-dexopt!
W/PackageManager( 163): Library not found: /system/framework/com.android.nfc_extras.jar
D/dalvikvm( 163): GC_CONCURRENT freed 234K, 5% free 7177K/7495K, paused 2ms+3ms
W/PackageParser( 163): No actions in intent filter at /system/app/Bluetooth.apk Binary XML file line #125
W/ResourceType( 163): Failure getting entry for 0x7f0c0013 (t=11 e=19) in package 0 (error -75)
I/PackageManager( 163): /system/app/YouTube.apk changed; collecting certs
D/dalvikvm( 163): GC_CONCURRENT freed 220K, 4% free 7468K/7751K, paused 3ms+2ms
D/dalvikvm( 163): GC_CONCURRENT freed 368K, 6% free 7662K/8071K, paused 2ms+3ms
D/dalvikvm( 163): GC_CONCURRENT freed 238K, 4% free 7978K/8263K, paused 2ms+3ms
I/PackageManager( 163): /system/app/VoiceSearch.apk changed; collecting certs
D/dalvikvm( 163): GC_CONCURRENT freed 373K, 6% free 8123K/8583K, paused 2ms+7ms
I/PackageManager( 163): /system/app/VoiceDialer.apk changed; collecting certs
I/PackageManager( 163): Package com.android.vending at /system/app/Vending.apk ignored: updated version 8010004 better than this 8007003
W/PackageParser( 163): No actions in intent filter at /system/app/Contacts.apk Binary XML file line #525
I/PackageManager( 163): /system/app/Talk.apk changed; collecting certs
D/dalvikvm( 163): GC_CONCURRENT freed 941K, 12% free 7720K/8711K, paused 2ms+4ms
D/dalvikvm( 163): GC_FOR_ALLOC freed 304K, 15% free 7459K/8711K, paused 32ms
I/dalvikvm-heap( 163): Grow heap (frag case) to 7.384MB for 63504-byte allocation
D/dalvikvm( 163): GC_FOR_ALLOC freed 30K, 15% free 7491K/8775K, paused 22ms
D/dalvikvm( 163): GC_FOR_ALLOC freed 90K, 15% free 7493K/8775K, paused 22ms
D/dalvikvm( 163): GC_FOR_ALLOC freed 116K, 15% free 7526K/8775K, paused 24ms
D/dalvikvm( 163): GC_CONCURRENT freed 210K, 12% free 7752K/8775K, paused 2ms+3ms
I/PackageManager( 163): /system/app/VideoEditorGoogle.apk changed; collecting certs
D/dalvikvm( 163): GC_CONCURRENT freed 286K, 9% free 8017K/8775K, paused 2ms+7ms
D/dalvikvm( 163): GC_CONCURRENT freed 846K, 13% free 7659K/8775K, paused 2ms+3ms
I/PackageManager( 163): /system/app/SetupWizard.apk changed; collecting certs
D/dalvikvm( 163): GC_CONCURRENT freed 271K, 11% free 7814K/8775K, paused 2ms+4ms
I/PackageManager( 163): /system/app/Maps.apk changed; collecting certs
D/dalvikvm( 163): GC_CONCURRENT freed 353K, 10% free 7972K/8775K, paused 2ms+4ms
D/dalvikvm( 163): GC_CONCURRENT freed 303K, 7% free 8180K/8775K, paused 2ms+4ms
D/dalvikvm( 163): GC_CONCURRENT freed 320K, 5% free 8350K/8775K, paused 2ms+3ms
D/dalvikvm( 163): GC_FOR_ALLOC freed 44K, 6% free 8397K/8839K, paused 30ms
D/dalvikvm( 163): GC_FOR_ALLOC freed 62K, 6% free 8461K/8967K, paused 28ms
I/dalvikvm-heap( 163): Grow heap (frag case) to 8.550MB for 260112-byte allocation
D/dalvikvm( 163): GC_FOR_ALLOC freed 126K, 7% free 8589K/9223K, paused 33ms
I/dalvikvm-heap( 163): Grow heap (frag case) to 8.668MB for 253052-byte allocation
D/dalvikvm( 163): GC_FOR_ALLOC freed 255K, 10% free 8581K/9479K, paused 29ms
D/dalvikvm( 163): GC_CONCURRENT freed 244K, 7% free 8838K/9479K, paused 2ms+3ms
D/dalvikvm( 163): GC_FOR_ALLOC freed 278K, 7% free 8862K/9479K, paused 28ms
D/dalvikvm( 163): GC_FOR_ALLOC freed 92K, 6% free 8958K/9479K, paused 31ms
I/dalvikvm-heap( 163): Grow heap (frag case) to 9.035MB for 260112-byte allocation
D/dalvikvm( 163): GC_FOR_ALLOC freed 126K, 7% free 9086K/9735K, paused 28ms
D/dalvikvm( 163): GC_CONCURRENT freed 346K, 4% free 9411K/9799K, paused 3ms+3ms
D/dalvikvm( 163): GC_CONCURRENT freed 152K, 2% free 9989K/10183K, paused 2ms+4ms
D/dalvikvm( 163): GC_CONCURRENT freed 196K, 3% free 10714K/10951K, paused 2ms+4ms
D/dalvikvm( 163): GC_CONCURRENT freed 722K, 7% free 11084K/11847K, paused 2ms+4ms
D/dalvikvm( 163): GC_CONCURRENT freed 260K, 3% free 11994K/12295K, paused 2ms+4ms
I/PackageManager( 163): /system/app/MotoLocationProxy.apk changed; collecting certs
W/PackageManager( 163): Signature mismatch for shared user : SharedUserSetting{41110778 android.uid.system/1000}
E/PackageManager( 163): Package com.motorola.android.locationproxy has no signatures that match those in shared user android.uid.system; ignoring!
I/PackageManager( 163): /system/app/OneTimeInitializer.apk changed; collecting certs
I/PackageManager( 163): /system/app/Gmail.apk changed; collecting certs
D/dalvikvm( 163): GC_CONCURRENT freed 1433K, 11% free 11972K/13447K, paused 2ms+28ms
I/PackageManager( 163): /system/app/StingrayProgramMenu.apk changed; collecting certs
W/PackageManager( 163): Signature mismatch for shared user : SharedUserSetting{41110988 android.uid.phone/1001}
I/PackageManager( 163): /system/app/StingrayProgramMenuSystem.apk changed; collecting certs
E/PackageManager( 163): Package com.motorola.programmenu has no signatures that match those in shared user android.uid.phone; ignoring!
W/PackageManager( 163): Signature mismatch for shared user : SharedUserSetting{41110778 android.uid.system/1000}
E/PackageManager( 163): Package com.motorola.pgmsystem has no signatures that match those in shared user android.uid.system; ignoring!
I/PackageManager( 163): /system/app/GoogleTTS.apk changed; collecting certs
I/PackageManager( 163): /system/app/NetworkLocation.apk changed; collecting certs
D/dalvikvm( 163): GC_CONCURRENT freed 4638K, 36% free 8706K/13447K, paused 2ms+8ms
I/PackageManager( 163): /system/app/MediaUploader.apk changed; collecting certs
I/PackageManager( 163): /system/app/MarketUpdater.apk changed; collecting certs
I/PackageManager( 163): /system/app/LatinImeGoogle.apk changed; collecting certs
D/dalvikvm( 163): GC_CONCURRENT freed 1000K, 39% free 8259K/13447K, paused 2ms+5ms
D/dalvikvm( 163): GC_FOR_ALLOC freed 457K, 39% free 8308K/13447K, paused 34ms
D/dalvikvm( 163): GC_CONCURRENT freed 34K, 37% free 8489K/13447K, paused 2ms+7ms
D/dalvikvm( 163): GC_CONCURRENT freed 295K, 36% free 8706K/13447K, paused 2ms+4ms
I/PackageManager( 163): /system/app/GoogleServicesFramework.apk changed; collecting certs
W/ResourceType( 163): Failure getting entry for 0x7f02004b (t=1 e=75) in package 0 (error -75)
I/PackageManager( 163): /system/app/GoogleQuickSearchBox.apk changed; collecting certs
D/dalvikvm( 163): GC_CONCURRENT freed 304K, 34% free 8956K/13447K, paused 3ms+9ms
I/PackageManager( 163): /system/app/GooglePartnerSetup.apk changed; collecting certs
I/PackageManager( 163): /system/app/GooglePackageVerifierUpdater.apk changed; collecting certs
D/dalvikvm( 163): GC_CONCURRENT freed 1120K, 38% free 8451K/13447K, paused 2ms+5ms
I/PackageManager( 163): /system/app/GooglePackageVerifier.apk changed; collecting certs
I/PackageManager( 163): /system/app/GoogleLoginService.apk changed; collecting certs
D/dalvikvm( 163): GC_CONCURRENT freed 626K, 39% free 8336K/13447K, paused 5ms+5ms
I/PackageManager( 163): /system/app/GoogleFeedback.apk changed; collecting certs
I/PackageManager( 163): /system/app/GoogleContactsSyncAdapter.apk changed; collecting certs
D/dalvikvm( 163): GC_CONCURRENT freed 457K, 38% free 8390K/13447K, paused 2ms+6ms
I/PackageManager( 163): /system/app/GoogleBackupTransport.apk changed; collecting certs
I/PackageManager( 163): /system/app/GenieWidget.apk changed; collecting certs
D/dalvikvm( 163): GC_CONCURRENT freed 542K, 38% free 8360K/13447K, paused 3ms+3ms
I/PackageManager( 163): /system/app/GalleryGoogle.apk changed; collecting certs
D/dalvikvm( 163): GC_CONCURRENT freed 333K, 37% free 8536K/13447K, paused 2ms+5ms
D/dalvikvm( 163): GC_CONCURRENT freed 570K, 37% free 8478K/13447K, paused 2ms+4ms
I/PackageManager( 163): /system/app/FaceLock.apk changed; collecting certs
I/PackageManager( 163): /system/app/ExchangeGoogle.apk changed; collecting certs
D/dalvikvm( 163): GC_CONCURRENT freed 368K, 36% free 8617K/13447K, paused 2ms+7ms
I/PackageManager( 163): /system/app/EmailGoogle.apk changed; collecting certs
D/dalvikvm( 163): GC_CONCURRENT freed 630K, 37% free 8518K/13447K, paused 2ms+5ms
I/PackageManager( 163): /system/app/DeskClockGoogle.apk changed; collecting certs
D/dalvikvm( 163): GC_CONCURRENT freed 346K, 36% free 8684K/13447K, paused 1ms+4ms
I/PackageManager( 163): /system/app/ChromeBookmarksSyncAdapter.apk changed; collecting certs
I/PackageManager( 163): /system/app/CameraGoogle.apk changed; collecting certs
D/dalvikvm( 163): GC_CONCURRENT freed 304K, 34% free 8934K/13447K, paused 2ms+7ms
D/dalvikvm( 163): GC_CONCURRENT freed 917K, 36% free 8627K/13447K, paused 2ms+4ms
I/PackageManager( 163): /system/app/CalendarProvider.apk changed; collecting certs
I/PackageManager( 163): /system/app/CalendarGoogle.apk changed; collecting certs
D/dalvikvm( 163): GC_CONCURRENT freed 345K, 35% free 8800K/13447K, paused 2ms+7ms
D/dalvikvm( 163): GC_CONCURRENT freed 732K, 36% free 8646K/13447K, paused 2ms+4ms
I/PackageManager( 163): /system/app/BrowserGoogle.apk changed; collecting certs
D/dalvikvm( 163): GC_CONCURRENT freed 305K, 34% free 8880K/13447K, paused 2ms+7ms
D/PackageManager( 163): No files in app dir /vendor/app
I/installd( 94): new connection
I/Installer( 163): connecting...
I/PackageManager( 163): Time to scan packages: 6.92 seconds
W/PackageManager( 163): Not granting permission android.permission.SEND_DOWNLOAD_COMPLETED_INTENTS to package com.google.android.browser (protectionLevel=2 flags=0x9be45)
W/PackageManager( 163): Unknown permission com.android.vending.permission.UPDATE_MARKET_FAILURE in package com.android.vending.updater
W/PackageManager( 163): Unknown permission android.permission.ADD_SYSTEM_SERVICE in package com.android.phone
W/PackageManager( 163): Unknown permission com.google.android.apps.googlevoice.permission.AUTO_SEND in package com.google.android.voicesearch
W/PackageManager( 163): Unknown permission com.android.vending.billing.IBillingAccountService.BIND2 in package com.google.android.gsf.login
W/PackageManager( 163): Not granting permission android.permission.DEVICE_POWER to package com.google.android.deskclock (protectionLevel=2 flags=0x8be45)
W/PackageManager( 163): Unknown permission android.permission.READ_OWNER_DATA in package com.google.android.setupwizard
W/PackageManager( 163): Unknown permission android.permission.WRITE_OWNER_DATA in package com.google.android.setupwizard
D/dalvikvm( 163): GC_CONCURRENT freed 723K, 36% free 8731K/13447K, paused 2ms+7ms
W/PackageManager( 163): Not granting permission com.google.android.gm.permission.READ_GMAIL to package com.google.android.apps.uploader (protectionLevel=2 flags=0x8be45)
W/PackageManager( 163): Unknown permission android.permission.READ_EXTERNAL_STORAGE in package com.android.vending
W/PackageManager( 163): Not granting permission android.permission.SEND_DOWNLOAD_COMPLETED_INTENTS to package com.android.vending (protectionLevel=2 flags=0xabec5)
W/PackageManager( 163): Not granting permission com.android.vending.INTENT_VENDING_ONLY to package com.android.vending (protectionLevel=2 flags=0xabec5)
W/PackageManager( 163): Not granting permission android.permission.STATUS_BAR to package com.android.vending (protectionLevel=3 flags=0xabec5)
W/PackageManager( 163): Unknown permission com.android.providers.im.permission.READ_ONLY in package com.google.android.apps.maps
W/PackageManager( 163): Not granting permission android.permission.DEVICE_POWER to package com.android.facelock (protectionLevel=2 flags=0x8be45)
W/PackageManager( 163): Unknown permission android.permission.READ_EXTERNAL_STORAGE in package com.google.android.videoeditor
D/dalvikvm( 163): GC_EXPLICIT freed 641K, 38% free 8382K/13447K, paused 7ms+3ms
I/SystemServer( 163): Account Manager
D/PackageManager( 163): generateServicesMap(android.accounts.AccountAuthenticator): 3 services unchanged
I/SystemServer( 163): Content Manager
D/PackageManager( 163): generateServicesMap(android.content.SyncAdapter): 10 services unchanged
I/ActivityThread( 163): Pub settings: com.android.providers.settings.SettingsProvider
I/SystemServer( 163): System Content Providers
D/SettingsProvider( 163): cache for settings table 'secure' rows=45; fullycached=true
D/SettingsProvider( 163): cache for settings table 'system' rows=52; fullycached=true
D/dalvikvm( 163): GC_CONCURRENT freed 267K, 37% free 8587K/13447K, paused 2ms+4ms
I/SystemServer( 163): Lights Service
I/SystemServer( 163): Battery Service
I/SystemServer( 163): Vibrator Service
I/power ( 163): *** set_screen_state 1
I/SystemServer( 163): Alarm Manager
I/SystemServer( 163): Init Watchdog
I/SystemServer( 163): Window Manager
I/InputManager( 163): Initializing input manager
W/StatusBarManager( 163): warning: no STATUS_BAR_SERVICE
I/InputManager( 163): Starting input manager
I/WindowManager( 163): Enabled StrictMode for PolicyThread's Looper
I/WindowManager( 163): Enabled StrictMode logging for WMThread's Looper
I/SystemServer( 163): Bluetooth Service
I/BluetoothProfileState( 163): Message:Entering Stable State
I/BluetoothProfileState( 163): Message:Entering Stable State
I/BluetoothProfileState( 163): Message:Entering Stable State
D/BluetoothAdapterStateMachine( 163): PowerOff process message: 5
I/bluedroid( 163): Starting hciattach daemon
I/bluedroid( 163): bt_enable: ret: -1, errno: 19
I/SystemServer( 163): Input Method Service
W/InputManagerService( 163): Couldn't create dir.: /data/system/inputmethod
D/EventHub( 163): No input device configuration file found for device 'stingray-keypad'.
I/EventHub( 163): New device: id=1, fd=110, path='/dev/input/event7', name='stingray-keypad', classes=0x1, configuration='', keyLayout='/system/usr/keylayout/stingray-keypad.kl', keyCharacterMap='/system/usr/keychars/stingray-keypad.kcm', builtinKeyboard=false
W/ResourceType( 163): Failure getting entry for 0x7f060000 (t=5 e=0) in package 0 (error -75)
I/SystemServer( 163): Accessibility Manager
I/EventHub( 163): New device: id=2, fd=124, path='/dev/input/event6', name='qtouch-touchscreen', classes=0x14, configuration='/system/usr/idc/qtouch-touchscreen.idc', keyLayout='', keyCharacterMap='', builtinKeyboard=false
D/PermissionCache( 89): checking android.permission.ACCESS_SURFACE_FLINGER for uid=1000 => granted (537 us)
I/ActivityManager( 163): Config changed: {1.0 0mcc0mnc en_AU layoutdir=0 sw800dp w1280dp h752dp xlrg land ?uimode ?night -touch -keyb/v/h -nav/h s.2}
I/SystemServer( 163): Device Policy
I/SystemServer( 163): Status Bar
I/SystemServer( 163): Clipboard Service
I/SystemServer( 163): NetworkManagement Service
I/SystemServer( 163): Text Service Manager Service
D/dalvikvm( 163): GC_CONCURRENT freed 387K, 36% free 8674K/13447K, paused 3ms+4ms
I/SystemServer( 163): NetworkStats Service
I/SystemServer( 163): NetworkPolicy Service
I/bluedroid( 163): bt_enable: ret: -1, errno: 19
I/SystemServer( 163): Wi-Fi P2pService
D/EventHub( 163): No input device configuration file found for device 'cpcap-key'.
I/EventHub( 163): New device: id=3, fd=129, path='/dev/input/event5', name='cpcap-key', classes=0x1, configuration='', keyLayout='/system/usr/keylayout/cpcap-key.kl', keyCharacterMap='/system/usr/keychars/cpcap-key.kcm', builtinKeyboard=false
I/SystemServer( 163): Wi-Fi Service
I/SystemServer( 163): Connectivity Service
D/ConnectivityService( 163): ConnectivityService starting up
D/SoftapController( 86): Softap fwReload - Ok
D/CommandListener( 86): Setting iface cfg
D/CommandListener( 86): Trying to bring down wlan0
D/CommandListener( 86): broadcast flag ignored
D/CommandListener( 86): multicast flag ignored
E/MobileDataStateTracker( 163): default: Ignoring feature request because could not acquire PhoneService
E/MobileDataStateTracker( 163): default: Could not enable APN type "default"
D/NetworkManagementService( 163): Registering observer
D/NetworkManagementService( 163): Registering observer
I/WifiService( 163): WifiService starting up with Wi-Fi enabled
D/NetworkManagementService( 163): rsp <213 00:90:4c:11:22:33 0.0.0.0 0 [down broadcast multicast]>
D/NetworkManagementService( 163): flags <[down broadcast multicast]>
D/EventHub( 163): No input device configuration file found for device 'barometer'.
E/WifiHW ( 163): Unable to open connection to supplicant on "wlan0": No such file or directory
I/SystemServer( 163): Throttle Service
I/SystemServer( 163): Mount Service
D/MountService( 163): got storage path: /mnt/sdcard description: Internal Storage primary: true removable: false emulated: true mtpReserve: 100 allowMassStorage: false maxFileSize: 0
D/MountService( 163): got storage path: /mnt/external1 description: SD Card primary: false removable: true emulated: false mtpReserve: 0 allowMassStorage: false maxFileSize: 4294967296
D/MountService( 163): using emulated external storage
I/SystemServer( 163): Notification Manager
D/VoldCmdListener( 85): volume list
I/SystemServer( 163): Device Storage Monitor
D/MountService( 163): volume state changed for /mnt/external1 (null -> unmounted)
I/SystemServer( 163): Location Manager
I/SystemServer( 163): Country Detector
I/SystemServer( 163): Search Service
I/SystemServer( 163): DropBox Service
I/SystemServer( 163): Wallpaper Service
I/SystemServer( 163): Audio Service
I/bluedroid( 163): bt_enable: ret: -1, errno: 19
I/SystemServer( 163): Dock Observer
I/SystemServer( 163): Wired Accessory Observer
I/SystemServer( 163): USB Service
I/SystemServer( 163): UI Mode Manager Service
I/SystemServer( 163): Backup Service
D/EventHub( 163): No input device configuration file found for device 'gyroscope'.
V/BackupManagerService( 163): Initializing package tracking
V/BackupManagerService( 163): No ancestral data
V/BackupManagerService( 163): addPackageParticipantsLocked: null
I/wpa_supplicant( 229): rfkill: Cannot open RFKILL control device
I/bluedroid( 163): bt_enable: ret: -1, errno: 19
D/EventHub( 163): No input device configuration file found for device 'max9635_als'.
D/dalvikvm( 163): GC_CONCURRENT freed 205K, 33% free 9016K/13447K, paused 3ms+5ms
I/BackupManagerService( 163): New app android never backed up; scheduling
D/EventHub( 163): No input device configuration file found for device 'accelerometer'.
I/BackupManagerService( 163): New app com.android.providers.settings never backed up; scheduling
I/bluedroid( 163): bt_enable: ret: -1, errno: 19
I/BackupManagerService( 163): New app com.android.providers.userdictionary never backed up; scheduling
I/BackupManagerService( 163): New app com.android.sharedstoragebackup never backed up; scheduling
I/BackupManagerService( 163): New app com.android.vending never backed up; scheduling
I/BackupManagerService( 163): New app com.google.android.browser never backed up; scheduling
D/EventHub( 163): No input device configuration file found for device 'compass'.
I/BackupManagerService( 163): New app com.google.android.calendar never backed up; scheduling
I/BackupManagerService( 163): New app com.google.android.gm never backed up; scheduling
I/BackupManagerService( 163): New app com.google.android.inputmethod.latin never backed up; scheduling
I/InputReader( 163): Device added: id=3, name='cpcap-key', sources=0x00000101
I/InputReader( 163): Touch device 'qtouch-touchscreen' could not query the properties of its associated display 0. The device will be inoperable until the display size becomes available.
I/InputReader( 163): Device added: id=2, name='qtouch-touchscreen', sources=0x00001002
I/InputReader( 163): Device added: id=1, name='stingray-keypad', sources=0x00000101
I/InputReader( 163): Reconfiguring input devices. changes=0x00000004
I/InputReader( 163): Device reconfigured: id=2, name='qtouch-touchscreen', surface size is now 1280x800, mode is 1
I/ActivityManager( 163): Config changed: {1.0 0mcc0mnc en_AU layoutdir=0 sw800dp w1280dp h752dp xlrg land ?uimode ?night finger -keyb/v/h -nav/h s.3}
V/BackupManagerService( 163): Registering transport android/com.android.internal.backup.LocalTransport = com.android.internal.backup.LocalTransport@412e5d40
I/bluedroid( 163): bt_enable: ret: -1, errno: 19
V/BackupManagerService( 163): Starting with transport android/com.android.internal.backup.LocalTransport
V/BackupManagerService( 163): Binding to Google transport
I/BackupManagerService( 163): Found stale backup journal, scheduling
I/BackupManagerService( 163): android
I/BackupManagerService( 163): com.android.providers.settings
I/BackupManagerService( 163): com.android.providers.userdictionary
I/BackupManagerService( 163): com.android.sharedstoragebackup
I/BackupManagerService( 163): com.android.vending
I/BackupManagerService( 163): com.google.android.browser
I/BackupManagerService( 163): com.google.android.calendar
I/BackupManagerService( 163): com.google.android.gm
I/BackupManagerService( 163): com.google.android.inputmethod.latin
I/BackupManagerService( 163): Backup enabled => true
I/SystemServer( 163): AppWidget Service
I/SystemServer( 163): Recognition Service
I/SystemServer( 163): DiskStats Service
I/SystemServer( 163): SamplingProfiler Service
I/SystemServer( 163): NetworkTimeUpdateService
I/WindowManager( 163): SAFE MODE not enabled
D/dalvikvm( 163): JIT started for system_server
D/PowerManagerService( 163): system ready!
V/TransportControlView( 163): Create TCV com.android.internal.widget.TransportControlView@41507fa8
I/Zygote ( 163): Process: zygote socket opened
I/ActivityManager( 163): System now ready
I/SystemServer( 163): Making services ready
D/SystemServer( 163): Starting service: Intent { cmp=com.android.systemui/.SystemUIService }
I/bluedroid( 163): bt_enable: ret: -1, errno: 19
I/ActivityManager( 163): Start proc com.android.systemui for service com.android.systemui/.SystemUIService: pid=236 uid=1000 gids={1015, 3002, 3001, 3003, 3007}
D/NetworkManagementService( 163): enabling bandwidth control
I/bluedroid( 163): bt_enable: ret: -1, errno: 19
D/dalvikvm( 163): GC_CONCURRENT freed 299K, 31% free 9340K/13447K, paused 4ms+9ms
I/bluedroid( 163): bt_enable: ret: -1, errno: 19
I/ActivityManager( 163): Start proc com.google.android.gsf.login for service com.google.android.gsf.login/com.google.android.gsf.loginservice.GoogleLoginService: pid=268 uid=10038 gids={3003, 1015, 1007, 2001, 3006}
D/libEGL ( 163): loaded /system/lib/egl/libGLES_android.so
D/libEGL ( 163): loaded /system/lib/egl/libEGL_tegra.so
D/SystemUIService( 236): loading: class com.android.systemui.statusbar.tablet.TabletStatusBar
D/SystemUIService( 236): running: com.android.systemui.statusbar.tablet.TabletStatusBar@410b03b0
I/StatusBar.HeightReceiver( 236): Resizing status bar plugged=false height=48 old=0
D/libEGL ( 163): loaded /system/lib/egl/libGLESv1_CM_tegra.so
D/libEGL ( 163): loaded /system/lib/egl/libGLESv2_tegra.so
I/bluedroid( 163): bt_enable: ret: -1, errno: 19
D/OpenGLRenderer( 163): Enabling debug mode 0
I/bluedroid( 163): bt_enable: ret: -1, errno: 19
D/Tethering( 163): sendTetherStateChangedBroadcast 1, 0, 0
I/bluedroid( 163): bt_enable: ret: -1, errno: 19
I/bluedroid( 163): bt_enable: ret: -1, errno: 19
I/bluedroid( 163): bt_enable: ret: -1, errno: 19
I/bluedroid( 163): bt_enable: ret: -1, errno: 19
I/bluedroid( 163): bt_enable: ret: -1, errno: 19
I/bluedroid( 163): bt_enable: ret: -1, errno: 19
W/ActivityManager( 163): Permission Denial: broadcasting Intent { act=android.net.conn.TETHER_STATE_CHANGED flg=0x30000010 (has extras) } from null (pid=-1, uid=-1) requires android.permission.CONNECTIVITY_INTERNAL due to registered receiver BroadcastFilter{416232f0 ReceiverList{4164e440 163 system/1000 local:411403a8}}
D/NetworkManagementService( 163): Registering observer
D/NetworkManagementService( 163): Registering observer
I/bluedroid( 163): bt_enable: ret: -1, errno: 19
I/ActivityManager( 163): Start proc com.google.process.gapps for content provider com.google.android.gsf/.gservices.GservicesProvider: pid=298 uid=10038 gids={3003, 1015, 1007, 2001, 3006}
I/ActivityManager( 163): Config changed: {1.0 0mcc0mnc en_AU layoutdir=0 sw800dp w1280dp h752dp xlrg land finger -keyb/v/h -nav/h s.4}
D/lights ( 163): set_notification_light colorRGB=00FFFFFF, onMS=7, offMS=0
I/ActivityThread( 298): Pub com.google.settings: com.google.android.gsf.settings.GoogleSettingsProvider
D/dalvikvm( 236): GC_CONCURRENT freed 101K, 3% free 6809K/6983K, paused 3ms+12ms
I/bluedroid( 163): bt_enable: ret: -1, errno: 19
I/ActivityManager( 163): Start proc android.process.media for broadcast com.android.providers.media/.UsbReceiver: pid=315 uid=10013 gids={1015, 1023, 1024, 2001, 3003, 3007}
W/InputManagerService( 163): Ignoring setImeWindowStatus of uid 1000 token: null
I/ActivityManager( 163): Start proc com.google.android.inputmethod.latin for service com.google.android.inputmethod.latin/com.android.inputmethod.latin.LatinIME: pid=327 uid=10041 gids={}
D/dalvikvm( 163): GREF has increased to 201
I/bluedroid( 163): bt_enable: ret: -1, errno: 19
D/NetworkManagementService( 163): Registering observer
I/ActivityThread( 298): Pub subscribedfeeds: com.google.android.gsf.subscribedfeeds.SubscribedFeedsProvider
I/ActivityManager( 163): Start proc com.android.phone for added application com.android.phone: pid=347 uid=1001 gids={3002, 3001, 3003, 1015}
W/ThrottleService( 163): unable to find stats for iface rmnet0
I/ActivityManager( 163): START {act=android.intent.action.MAIN cat=[android.intent.category.HOME] flg=0x10000000 cmp=com.android.launcher/com.android.launcher2.Launcher} from pid 0
I/ActivityThread( 315): Pub media: com.android.providers.media.MediaProvider
I/bluedroid( 163): bt_enable: ret: -1, errno: 19
I/ActivityManager( 163): Start proc com.android.launcher for activity com.android.launcher/com.android.launcher2.Launcher: pid=362 uid=10019 gids={}
I/SystemServer( 163): Enabled StrictMode for system server main thread.
I/ActivityThread( 298): Pub com.google.contacts.gal.provider: com.google.android.syncadapters.contacts.GalProvider
D/dalvikvm( 236): GC_CONCURRENT freed 30K, 2% free 7217K/7303K, paused 3ms+2ms
I/bluedroid( 163): bt_enable: ret: -1, errno: 19
I/ActivityThread( 298): Pub com.google.android.gsf.gservices: com.google.android.gsf.gservices.GservicesProvider
I/GservicesProvider( 298): Gservices pushing to system: true; secure: true
I/ActivityThread( 298): Pub com.google.android.providers.talk: com.google.android.gsf.talk.TalkProvider
I/bluedroid( 163): bt_enable: ret: -1, errno: 19
D/dalvikvm( 298): GC_CONCURRENT freed 252K, 6% free 6629K/6983K, paused 2ms+3ms
I/ActivityThread( 347): Pub telephony: com.android.providers.telephony.TelephonyProvider
I/bluedroid( 163): bt_enable: ret: -1, errno: 19
I/ActivityThread( 362): Pub com.android.launcher2.settings: com.android.launcher2.LauncherProvider
D/dalvikvm( 163): GC_CONCURRENT freed 447K, 29% free 9608K/13447K, paused 4ms+6ms
W/TelephonyProvider( 347): onCreate: confFile=/system/etc/apns-conf.xml oldCheckSum=-1
I/bluedroid( 163): bt_enable: ret: -1, errno: 19
I/ActivityThread( 347): Pub icc: com.android.phone.IccProvider
I/ActivityThread( 347): Pub mms: com.android.providers.telephony.MmsProvider
I/ActivityThread( 347): Pub sms: com.android.providers.telephony.SmsProvider
W/ResourceType( 236): No package identifier when getting value for resource number 0x00000000
W/PackageManager( 236): Failure retrieving resources forcom.google.android.voicesearch: Resource ID #0x0
I/ActivityThread( 347): Pub mms-sms: com.android.providers.telephony.MmsSmsProvider
D/SyncManager( 163): setSyncAutomatically: , provider subscribedfeeds -> true
D/SyncManager( 163): setSyncAutomatically: already set to true, doing nothing
D/dalvikvm( 327): GC_CONCURRENT freed 170K, 4% free 6818K/7047K, paused 3ms+4ms
D/GpsLocationProvider( 163): set_capabilities_callback: 2
E/ActivityThread( 327): Failed to find provider info for com.android.inputmethod.latin.dictionarypack
I/bluedroid( 163): bt_enable: ret: -1, errno: 19
D/lights ( 163): set_notification_light colorRGB=00000000, onMS=0, offMS=0
E/BinaryDictionaryGetter( 327): Could not find a dictionary pack
I/ActivityManager( 163): Start proc android.process.acore for content provider com.android.providers.userdictionary/.UserDictionaryProvider: pid=408 uid=10001 gids={3003, 1015}
I/bluedroid( 163): bt_enable: ret: -1, errno: 19
I/bluedroid( 163): bt_enable: ret: -1, errno: 19
I/bluedroid( 163): bt_enable: ret: -1, errno: 19
I/bluedroid( 163): bt_enable: ret: -1, errno: 19
I/bluedroid( 163): bt_enable: ret: -1, errno: 19
I/bluedroid( 163): bt_enable: ret: -1, errno: 19
D/dalvikvm( 362): GC_CONCURRENT freed 228K, 5% free 6671K/6983K, paused 6ms+3ms
D/dalvikvm( 347): GC_CONCURRENT freed 228K, 5% free 6675K/6983K, paused 2ms+2ms
D/NetworkLocationService( 298): onCreate com.google.android.location.NetworkLocationService@41115f90
I/bluedroid( 163): bt_enable: ret: -1, errno: 19
I/StatusBarManagerService( 163): registerStatusBar bar=com.android.internal.statusbar.IStatusBar$Stub$Proxy@411ea960
I/TabletStatusBar( 236): DISABLE_CLOCK: yes
I/ActivityThread( 408): Pub com.android.voicemail: com.android.providers.contacts.VoicemailContentProvider
D/dalvikvm( 298): GC_CONCURRENT freed 463K, 8% free 6664K/7175K, paused 2ms+2ms
I/bluedroid( 163): bt_enable: ret: -1, errno: 19
D/dalvikvm( 236): GC_CONCURRENT freed 61K, 2% free 7645K/7751K, paused 3ms+5ms
D/NetworkLocationClient( 298): ANDROID minProtocolVersion 1 maxProtocolVersion 1 releaseVersion -1
D/NetworkLocationClient( 298): binding to Intent { act=com.google.android.location.internal.ANDROID_NLP }
I/ActivityManager( 163): Start proc com.android.smspush for service com.android.smspush/.WapPushManager: pid=430 uid=10037 gids={}
I/ActivityThread( 408): Pub user_dictionary: com.android.providers.userdictionary.UserDictionaryProvider
I/ActivityThread( 408): Pub com.android.social: com.android.providers.contacts.SocialProvider
I/ActivityThread( 408): Pub applications: com.android.providers.applications.ApplicationsProvider
D/dalvikvm( 315): GC_CONCURRENT freed 302K, 6% free 6626K/6983K, paused 3ms+3ms
D/CAT ( 347): CatService: Is running
D/CAT ( 347): CatService: NEW sInstance
D/CallManager( 347): registerPhone(CDMA Handler (com.android.internal.telephony.PhoneProxy) {410e1560})
I/bluedroid( 163): bt_enable: ret: -1, errno: 19
D/NetworkLocationService( 298): onBind com.google.android.location.NetworkLocationProvidercom.google.android.location.NetworkLocationService@41115f90
D/NetworkLocationService( 298): onBind com.google.android.location.GeocodeProvidercom.google.android.location.NetworkLocationService@41115f90
D/dalvikvm( 90): GC_EXPLICIT freed 34K, 5% free 6497K/6787K, paused 2ms+3ms
I/ActivityThread( 315): Pub downloads: com.android.providers.downloads.DownloadProvider
D/Bluetooth HS/HF( 347): CDMA call state: IDLE prev state:IDLE
D/androidInternalNlpService( 298): onCreate com.google.android.location.internal.server.NetworkLocationService@410e8c78
I/bluedroid( 163): bt_enable: ret: -1, errno: 19
I/ActivityThread( 315): Pub drm: com.android.providers.drm.DrmProvider
I/DownloadManager( 315): in removeSpuriousFiles
W/ActivityManager( 163): Unable to start service Intent { act=com.android.ussd.IExtendedNetworkService }: not found
D/SystemUIService( 236): loading: class com.android.systemui.power.PowerUI
D/SystemUIService( 236): running: com.android.systemui.power.PowerUI@411cf9e0
D/NetworkLocationRealOs( 298): NLPv2 file already exists; ignoring any NLPv1 files
I/StatusBar.HeightReceiver( 236): Resizing status bar plugged=false height=48 old=48
D/dalvikvm( 90): GC_EXPLICIT freed <1K, 5% free 6497K/6787K, paused 2ms+4ms
D/dalvikvm( 90): GC_EXPLICIT freed <1K, 5% free 6497K/6787K, paused 2ms+5ms
D/dalvikvm( 408): GC_CONCURRENT freed 338K, 7% free 6619K/7047K, paused 3ms+5ms
I/bluedroid( 163): bt_enable: ret: -1, errno: 19
D/dalvikvm( 163): GC_CONCURRENT freed 638K, 28% free 9752K/13447K, paused 4ms+13ms
I/DownloadManager( 315): deleting spurious file /data/data/com.android.providers.downloads/cache/downloadfile.apk
D/androidNlpServiceThread( 298): ANDROID minProtocolVersion 1 maxProtocolVersion 1 releaseVersion -1
V/BackupManagerService( 163): Connected to Google transport
V/BackupManagerService( 163): Registering transport com.google.android.backup/.BackupTransportService = com.google.android.backup.BackupTransportService$1@41602328
I/StatusBar.HeightReceiver( 236): Resizing status bar plugged=false height=48 old=48
I/DownloadManager( 315): deleting spurious file /data/data/com.android.providers.downloads/cache/downloadfile-1.apk
I/DownloadManager( 315): deleting spurious file /data/data/com.android.providers.downloads/cache/downloadfile-2.apk
I/ActivityThread( 408): Pub contacts;com.android.contacts: com.android.providers.contacts.ContactsProvider2
D/WifiService( 163): New client listening to asynchronous messages
D/dalvikvm( 163): GREF has increased to 301
I/ActivityThread( 408): Pub call_log: com.android.providers.contacts.CallLogProvider
I/bluedroid( 163): bt_enable: ret: -1, errno: 19
D/OtaUtils( 347): CdmaOtaConfigData constructor!
D/OtaUtils( 347): CdmaOtaInCallScreenState: constructor init to UNDEFINED
D/dalvikvm( 362): GC_CONCURRENT freed 192K, 5% free 6950K/7239K, paused 3ms+3ms
D/dalvikvm( 298): GC_CONCURRENT freed 360K, 6% free 6837K/7239K, paused 3ms+9ms
I/bluedroid( 163): bt_enable: ret: -1, errno: 19
D/dalvikvm( 163): GC_EXPLICIT freed 109K, 28% free 9804K/13447K, paused 3ms+8ms
D/NetworkLocationClient( 298): onServiceConnected to ComponentInfo{com.google.android.location/com.google.android.location.internal.server.NetworkLocationService}
I/bluedroid( 163): bt_enable: ret: -1, errno: 19
I/SearchManagerService( 163): Building list of searchable activities
I/ActivityManager( 163): Start proc com.google.android.partnersetup for broadcast com.google.android.partnersetup/.PhoneStateReceiver: pid=479 uid=10043 gids={3003}
D/MtpService( 315): addStorageLocked 65537 /mnt/sdcard
D/MtpService( 315): starting MTP server in MTP mode
D/MtpService( 315): addStorageLocked 65537 /mnt/sdcard
I/bluedroid( 163): bt_enable: ret: -1, errno: 19
D/dalvikvm( 163): GC_CONCURRENT freed 628K, 26% free 10009K/13447K, paused 6ms+7ms
I/bluedroid( 163): bt_enable: ret: -1, errno: 19
I/ActivityThread( 479): Pub com.google.android.partnersetup.rlzprovider: com.google.android.partnersetup.RlzProvider
I/ActivityThread( 479): Pub com.google.android.partnersetup.rlzappprovider: com.google.android.partnersetup.RlzAppProvider
I/bluedroid( 163): bt_enable: ret: -1, errno: 19
D/libEGL ( 362): loaded /system/lib/egl/libGLES_android.so
D/libEGL ( 362): loaded /system/lib/egl/libEGL_tegra.so
D/Bluetooth HSHFP( 347): Starting BluetoothHeadsetService
I/bluedroid( 163): bt_enable: ret: -1, errno: 19
D/libEGL ( 362): loaded /system/lib/egl/libGLESv1_CM_tegra.so
D/libEGL ( 362): loaded /system/lib/egl/libGLESv2_tegra.so
D/OpenGLRenderer( 362): Enabling debug mode 0
W/CallNotifier( 347): Got onMwiChanged() on non-voice-capable device! Ignoring...
D/dalvikvm( 347): GC_CONCURRENT freed 304K, 6% free 6810K/7175K, paused 11ms+3ms
I/bluedroid( 163): bt_enable: ret: -1, errno: 19
V/SipBroadcastReceiver( 347): SIP VOIP not supported: android.net.sip.SIP_SERVICE_UP
I/bluedroid( 163): bt_enable: ret: -1, errno: 19
D/dalvikvm( 298): GC_CONCURRENT freed 147K, 3% free 7228K/7431K, paused 6ms+3ms
I/bluedroid( 163): bt_enable: ret: -1, errno: 19
D/dalvikvm( 236): GC_FOR_ALLOC freed 145K, 3% free 7776K/8007K, paused 35ms
I/dalvikvm-heap( 236): Grow heap (frag case) to 17.945MB for 10813456-byte allocation
I/bluedroid( 163): bt_enable: ret: -1, errno: 19
I/wpa_supplicant( 229): wlan0: Trying to associate with 00:04:ed:d1:77:31 (SSID='FBI Surveillance Van' freq=2452 MHz)
