I/bluedroid( 163): bt_enable: ret: -1, errno: 19
I/bluedroid( 163): bt_enable: ret: -1, errno: 19
I/bluedroid( 163): bt_enable: ret: -1, errno: 19
I/bluedroid( 163): bt_enable: ret: -1, errno: 19
I/bluedroid( 163): bt_enable: ret: -1, errno: 19
I/bluedroid( 163): bt_enable: ret: -1, errno: 19
I/bluedroid( 163): bt_enable: ret: -1, errno: 19
I/bluedroid( 163): bt_enable: ret: -1, errno: 19
I/bluedroid( 163): bt_enable: ret: -1, errno: 19
I/bluedroid( 163): bt_enable: ret: -1, errno: 19
I/bluedroid( 163): bt_enable: ret: -1, errno: 19
I/bluedroid( 163): bt_enable: ret: -1, errno: 19
I/bluedroid( 163): bt_enable: ret: -1, errno: 19
I/bluedroid( 163): bt_enable: ret: -1, errno: 19
I/bluedroid( 163): bt_enable: ret: -1, errno: 19
I/bluedroid( 163): bt_enable: ret: -1, errno: 19
I/bluedroid( 163): bt_enable: ret: -1, errno: 19
I/bluedroid( 163): bt_enable: ret: -1, errno: 19
I/bluedroid( 163): bt_enable: ret: -1, errno: 19
I/bluedroid( 163): bt_enable: ret: -1, errno: 19
I/bluedroid( 163): bt_enable: ret: -1, errno: 19
I/bluedroid( 163): bt_enable: ret: -1, errno: 19
I/bluedroid( 163): bt_enable: ret: -1, errno: 19
I/bluedroid( 163): bt_enable: ret: -1, errno: 19
I/bluedroid( 163): bt_enable: ret: -1, errno: 19
I/bluedroid( 163): bt_enable: ret: -1, errno: 19
I/bluedroid( 163): bt_enable: ret: -1, errno: 19
I/bluedroid( 163): bt_enable: ret: -1, errno: 19
I/bluedroid( 163): bt_enable: ret: -1, errno: 19
I/bluedroid( 163): bt_enable: ret: -1, errno: 19
I/bluedroid( 163): bt_enable: ret: -1, errno: 19
I/bluedroid( 163): bt_enable: ret: -1, errno: 19
I/bluedroid( 163): bt_enable: ret: -1, errno: 19
I/bluedroid( 163): bt_enable: ret: -1, errno: 19
I/bluedroid( 163): bt_enable: ret: -1, errno: 19
I/bluedroid( 163): bt_enable: ret: -1, errno: 19
I/bluedroid( 163): bt_enable: ret: -1, errno: 19
I/bluedroid( 163): bt_enable: ret: -1, errno: 19
I/bluedroid( 163): bt_enable: ret: -1, errno: 19
I/bluedroid( 163): bt_enable: ret: -1, errno: 19
I/bluedroid( 163): bt_enable: ret: -1, errno: 19
I/bluedroid( 163): bt_enable: ret: -1, errno: 19
I/bluedroid( 163): bt_enable: ret: -1, errno: 19
I/bluedroid( 163): bt_enable: ret: -1, errno: 19
I/bluedroid( 163): bt_enable: ret: -1, errno: 19
I/bluedroid( 163): bt_enable: ret: -1, errno: 19
I/bluedroid( 163): bt_enable: ret: -1, errno: 19
I/bluedroid( 163): bt_enable: ret: -1, errno: 19
I/bluedroid( 163): bt_enable: ret: -1, errno: 19
I/bluedroid( 163): bt_enable: ret: -1, errno: 19
I/bluedroid( 163): bt_enable: ret: -1, errno: 19
I/bluedroid( 163): bt_enable: ret: -1, errno: 19
I/bluedroid( 163): bt_enable: ret: -1, errno: 19
I/bluedroid( 163): bt_enable: ret: -1, errno: 19
I/bluedroid( 163): bt_enable: ret: -1, errno: 19
I/bluedroid( 163): bt_enable: ret: -1, errno: 19
I/bluedroid( 163): bt_enable: ret: -1, errno: 19
I/bluedroid( 163): bt_enable: ret: -1, errno: 19
I/bluedroid( 163): bt_enable: ret: -1, errno: 19
I/bluedroid( 163): bt_enable: ret: -1, errno: 19
I/bluedroid( 163): bt_enable: ret: -1, errno: 19
I/bluedroid( 163): bt_enable: ret: -1, errno: 19
I/bluedroid( 163): bt_enable: ret: -1, errno: 19
I/bluedroid( 163): bt_enable: ret: -1, errno: 19
I/bluedroid( 163): bt_enable: ret: -1, errno: 19
I/bluedroid( 163): bt_enable: ret: -1, errno: 19
I/bluedroid( 163): bt_enable: ret: -1, errno: 19
I/bluedroid( 163): bt_enable: ret: -1, errno: 19
I/bluedroid( 163): bt_enable: ret: -1, errno: 19
I/bluedroid( 163): bt_enable: ret: -1, errno: 19
I/bluedroid( 163): bt_enable: ret: -1, errno: 19
I/bluedroid( 163): bt_enable: ret: -1, errno: 19
I/bluedroid( 163): bt_enable: ret: -1, errno: 19
I/bluedroid( 163): bt_enable: ret: -1, errno: 19
I/bluedroid( 163): bt_enable: ret: -1, errno: 19
I/bluedroid( 163): bt_enable: ret: -1, errno: 19
I/bluedroid( 163): bt_enable: ret: -1, errno: 19
I/bluedroid( 163): bt_enable: ret: -1, errno: 19
I/bluedroid( 163): bt_enable: ret: -1, errno: 19
I/bluedroid( 163): bt_enable: ret: -1, errno: 19
I/bluedroid( 163): bt_enable: ret: -1, errno: 19
I/bluedroid( 163): bt_enable: ret: -1, errno: 19
I/bluedroid( 163): bt_enable: ret: -1, errno: 19
I/bluedroid( 163): bt_enable: ret: -1, errno: 19
I/bluedroid( 163): bt_enable: ret: -1, errno: 19
I/bluedroid( 163): bt_enable: ret: -1, errno: 19
I/bluedroid( 163): bt_enable: ret: -1, errno: 19
I/bluedroid( 163): bt_enable: ret: -1, errno: 19
I/EventLogService( 298): Aggregate from 1324349701657 (log), 1324349701657 (data)
I/bluedroid( 163): bt_enable: ret: -1, errno: 19
I/bluedroid( 163): bt_enable: ret: -1, errno: 19
I/bluedroid( 163): bt_enable: ret: -1, errno: 19
I/bluedroid( 163): bt_enable: ret: -1, errno: 19
I/bluedroid( 163): bt_enable: ret: -1, errno: 19
I/bluedroid( 163): bt_enable: ret: -1, errno: 19
I/bluedroid( 163): bt_enable: ret: -1, errno: 19
I/bluedroid( 163): bt_enable: ret: -1, errno: 19
I/bluedroid( 163): bt_enable: ret: -1, errno: 19
I/bluedroid( 163): bt_enable: ret: -1, errno: 19
I/bluedroid( 163): bt_enable: ret: -1, errno: 19
I/bluedroid( 163): bt_enable: ret: -1, errno: 19
I/bluedroid( 163): bt_enable: ret: -1, errno: 19
I/bluedroid( 163): bt_enable: ret: -1, errno: 19
I/bluedroid( 163): bt_enable: ret: -1, errno: 19
I/bluedroid( 163): bt_enable: ret: -1, errno: 19
I/bluedroid( 163): bt_enable: ret: -1, errno: 19
I/bluedroid( 163): bt_enable: ret: -1, errno: 19
I/bluedroid( 163): bt_enable: ret: -1, errno: 19
I/bluedroid( 163): bt_enable: ret: -1, errno: 19
I/bluedroid( 163): bt_enable: ret: -1, errno: 19
I/bluedroid( 163): bt_enable: ret: -1, errno: 19
I/bluedroid( 163): bt_enable: ret: -1, errno: 19
I/bluedroid( 163): bt_enable: ret: -1, errno: 19
I/bluedroid( 163): bt_enable: ret: -1, errno: 19
I/bluedroid( 163): bt_enable: ret: -1, errno: 19
I/bluedroid( 163): bt_enable: ret: -1, errno: 19
I/bluedroid( 163): bt_enable: ret: -1, errno: 19
I/bluedroid( 163): bt_enable: ret: -1, errno: 19
I/bluedroid( 163): bt_enable: ret: -1, errno: 19
I/bluedroid( 163): bt_enable: ret: -1, errno: 19
I/bluedroid( 163): bt_enable: ret: -1, errno: 19
I/bluedroid( 163): bt_enable: ret: -1, errno: 19
I/bluedroid( 163): bt_enable: ret: -1, errno: 19
I/bluedroid( 163): bt_enable: ret: -1, errno: 19
I/bluedroid( 163): bt_enable: ret: -1, errno: 19
I/bluedroid( 163): bt_enable: ret: -1, errno: 19
I/bluedroid( 163): bt_enable: ret: -1, errno: 19
I/bluedroid( 163): bt_enable: ret: -1, errno: 19
I/bluedroid( 163): bt_enable: ret: -1, errno: 19
I/bluedroid( 163): bt_enable: ret: -1, errno: 19
I/bluedroid( 163): bt_enable: ret: -1, errno: 19
I/bluedroid( 163): bt_enable: ret: -1, errno: 19
I/bluedroid( 163): bt_enable: ret: -1, errno: 19
I/bluedroid( 163): bt_enable: ret: -1, errno: 19
I/bluedroid( 163): bt_enable: ret: -1, errno: 19
I/bluedroid( 163): bt_enable: ret: -1, errno: 19
I/bluedroid( 163): bt_enable: ret: -1, errno: 19
I/bluedroid( 163): bt_enable: ret: -1, errno: 19
I/bluedroid( 163): bt_enable: ret: -1, errno: 19
I/bluedroid( 163): bt_enable: ret: -1, errno: 19
I/bluedroid( 163): bt_enable: ret: -1, errno: 19
I/bluedroid( 163): bt_enable: ret: -1, errno: 19
I/bluedroid( 163): bt_enable: ret: -1, errno: 19
I/bluedroid( 163): bt_enable: ret: -1, errno: 19
I/bluedroid( 163): bt_enable: ret: -1, errno: 19
I/bluedroid( 163): bt_enable: ret: -1, errno: 19
I/bluedroid( 163): bt_enable: ret: -1, errno: 19
I/bluedroid( 163): bt_enable: ret: -1, errno: 19
I/bluedroid( 163): bt_enable: ret: -1, errno: 19
I/bluedroid( 163): bt_enable: ret: -1, errno: 19
I/bluedroid( 163): bt_enable: ret: -1, errno: 19
I/bluedroid( 163): bt_enable: ret: -1, errno: 19
I/bluedroid( 163): bt_enable: ret: -1, errno: 19
I/bluedroid( 163): bt_enable: ret: -1, errno: 19
I/bluedroid( 163): bt_enable: ret: -1, errno: 19
I/bluedroid( 163): bt_enable: ret: -1, errno: 19
I/bluedroid( 163): bt_enable: ret: -1, errno: 19
I/bluedroid( 163): bt_enable: ret: -1, errno: 19
I/bluedroid( 163): bt_enable: ret: -1, errno: 19
I/bluedroid( 163): bt_enable: ret: -1, errno: 19
I/bluedroid( 163): bt_enable: ret: -1, errno: 19
I/bluedroid( 163): bt_enable: ret: -1, errno: 19
I/bluedroid( 163): bt_enable: ret: -1, errno: 19
I/bluedroid( 163): bt_enable: ret: -1, errno: 19
I/bluedroid( 163): bt_enable: ret: -1, errno: 19
I/bluedroid( 163): bt_enable: ret: -1, errno: 19
I/bluedroid( 163): bt_enable: ret: -1, errno: 19
I/bluedroid( 163): bt_enable: ret: -1, errno: 19
I/bluedroid( 163): bt_enable: ret: -1, errno: 19
I/bluedroid( 163): bt_enable: ret: -1, errno: 19
I/bluedroid( 163): bt_enable: ret: -1, errno: 19
I/bluedroid( 163): bt_enable: ret: -1, errno: 19
I/bluedroid( 163): bt_enable: ret: -1, errno: 19
I/bluedroid( 163): bt_enable: ret: -1, errno: 19
I/bluedroid( 163): bt_enable: ret: -1, errno: 19
I/bluedroid( 163): bt_enable: ret: -1, errno: 19
I/bluedroid( 163): bt_enable: ret: -1, errno: 19
I/bluedroid( 163): bt_enable: ret: -1, errno: 19
I/bluedroid( 163): bt_enable: ret: -1, errno: 19
I/bluedroid( 163): bt_enable: ret: -1, errno: 19
I/bluedroid( 163): bt_enable: ret: -1, errno: 19
I/bluedroid( 163): bt_enable: ret: -1, errno: 19
I/bluedroid( 163): bt_enable: ret: -1, errno: 19
I/bluedroid( 163): bt_enable: ret: -1, errno: 19
I/bluedroid( 163): bt_enable: ret: -1, errno: 19
I/bluedroid( 163): bt_enable: ret: -1, errno: 19
I/bluedroid( 163): bt_enable: ret: -1, errno: 19
I/bluedroid( 163): bt_enable: ret: -1, errno: 19
I/bluedroid( 163): bt_enable: ret: -1, errno: 19
I/bluedroid( 163): bt_enable: ret: -1, errno: 19
I/bluedroid( 163): bt_enable: ret: -1, errno: 19
I/bluedroid( 163): bt_enable: ret: -1, errno: 19
I/bluedroid( 163): bt_enable: ret: -1, errno: 19
I/bluedroid( 163): bt_enable: ret: -1, errno: 19
I/bluedroid( 163): bt_enable: ret: -1, errno: 19
I/bluedroid( 163): bt_enable: ret: -1, errno: 19
I/bluedroid( 163): bt_enable: ret: -1, errno: 19
I/bluedroid( 163): bt_enable: ret: -1, errno: 19
I/bluedroid( 163): bt_enable: ret: -1, errno: 19
I/bluedroid( 163): bt_enable: ret: -1, errno: 19
I/bluedroid( 163): bt_enable: ret: -1, errno: 19
I/bluedroid( 163): bt_enable: ret: -1, errno: 19
I/bluedroid( 163): bt_enable: ret: -1, errno: 19
I/bluedroid( 163): bt_enable: ret: -1, errno: 19
I/bluedroid( 163): bt_enable: ret: -1, errno: 19
I/bluedroid( 163): bt_enable: ret: -1, errno: 19
I/bluedroid( 163): bt_enable: ret: -1, errno: 19
I/bluedroid( 163): bt_enable: ret: -1, errno: 19
I/bluedroid( 163): bt_enable: ret: -1, errno: 19
I/bluedroid( 163): bt_enable: ret: -1, errno: 19
I/bluedroid( 163): bt_enable: ret: -1, errno: 19
I/bluedroid( 163): bt_enable: ret: -1, errno: 19
I/bluedroid( 163): bt_enable: ret: -1, errno: 19
I/bluedroid( 163): bt_enable: ret: -1, errno: 19
I/bluedroid( 163): bt_enable: ret: -1, errno: 19
I/bluedroid( 163): bt_enable: ret: -1, errno: 19
I/bluedroid( 163): bt_enable: ret: -1, errno: 19
I/bluedroid( 163): bt_enable: ret: -1, errno: 19
I/bluedroid( 163): bt_enable: ret: -1, errno: 19
I/bluedroid( 163): bt_enable: ret: -1, errno: 19
I/bluedroid( 163): bt_enable: ret: -1, errno: 19
I/bluedroid( 163): bt_enable: ret: -1, errno: 19
I/bluedroid( 163): bt_enable: ret: -1, errno: 19
I/bluedroid( 163): bt_enable: ret: -1, errno: 19
I/bluedroid( 163): bt_enable: ret: -1, errno: 19
I/bluedroid( 163): bt_enable: ret: -1, errno: 19
I/bluedroid( 163): bt_enable: ret: -1, errno: 19
I/bluedroid( 163): bt_enable: ret: -1, errno: 19
I/bluedroid( 163): bt_enable: ret: -1, errno: 19
I/bluedroid( 163): bt_enable: ret: -1, errno: 19
I/bluedroid( 163): bt_enable: ret: -1, errno: 19
I/bluedroid( 163): bt_enable: ret: -1, errno: 19
I/bluedroid( 163): bt_enable: ret: -1, errno: 19
I/bluedroid( 163): bt_enable: ret: -1, errno: 19
I/bluedroid( 163): bt_enable: ret: -1, errno: 19
I/bluedroid( 163): bt_enable: ret: -1, errno: 19
I/bluedroid( 163): bt_enable: ret: -1, errno: 19
I/bluedroid( 163): bt_enable: ret: -1, errno: 19
I/bluedroid( 163): bt_enable: ret: -1, errno: 19
I/bluedroid( 163): bt_enable: ret: -1, errno: 19
I/bluedroid( 163): bt_enable: ret: -1, errno: 19
I/bluedroid( 163): bt_enable: ret: -1, errno: 19
I/bluedroid( 163): bt_enable: ret: -1, errno: 19
I/bluedroid( 163): bt_enable: ret: -1, errno: 19
I/bluedroid( 163): bt_enable: ret: -1, errno: 19
I/bluedroid( 163): bt_enable: ret: -1, errno: 19
I/bluedroid( 163): bt_enable: ret: -1, errno: 19
I/bluedroid( 163): bt_enable: ret: -1, errno: 19
I/bluedroid( 163): bt_enable: ret: -1, errno: 19
I/bluedroid( 163): bt_enable: ret: -1, errno: 19
I/bluedroid( 163): bt_enable: ret: -1, errno: 19
I/bluedroid( 163): bt_enable: ret: -1, errno: 19
I/bluedroid( 163): bt_enable: ret: -1, errno: 19
I/bluedroid( 163): bt_enable: ret: -1, errno: 19
I/bluedroid( 163): bt_enable: ret: -1, errno: 19
I/bluedroid( 163): bt_enable: ret: -1, errno: 19
I/bluedroid( 163): bt_enable: ret: -1, errno: 19
I/bluedroid( 163): bt_enable: ret: -1, errno: 19
I/bluedroid( 163): bt_enable: ret: -1, errno: 19
I/bluedroid( 163): bt_enable: ret: -1, errno: 19
I/bluedroid( 163): bt_enable: ret: -1, errno: 19
I/bluedroid( 163): bt_enable: ret: -1, errno: 19
I/bluedroid( 163): bt_enable: ret: -1, errno: 19
I/bluedroid( 163): bt_enable: ret: -1, errno: 19
I/bluedroid( 163): bt_enable: ret: -1, errno: 19
I/bluedroid( 163): bt_enable: ret: -1, errno: 19
I/bluedroid( 163): bt_enable: ret: -1, errno: 19
I/bluedroid( 163): bt_enable: ret: -1, errno: 19
I/bluedroid( 163): bt_enable: ret: -1, errno: 19
I/bluedroid( 163): bt_enable: ret: -1, errno: 19
I/bluedroid( 163): bt_enable: ret: -1, errno: 19
I/bluedroid( 163): bt_enable: ret: -1, errno: 19
I/bluedroid( 163): bt_enable: ret: -1, errno: 19
I/bluedroid( 163): bt_enable: ret: -1, errno: 19
I/bluedroid( 163): bt_enable: ret: -1, errno: 19
I/bluedroid( 163): bt_enable: ret: -1, errno: 19
I/bluedroid( 163): bt_enable: ret: -1, errno: 19
I/bluedroid( 163): bt_enable: ret: -1, errno: 19
I/bluedroid( 163): bt_enable: ret: -1, errno: 19
I/bluedroid( 163): bt_enable: ret: -1, errno: 19
I/bluedroid( 163): bt_enable: ret: -1, errno: 19
I/bluedroid( 163): bt_enable: ret: -1, errno: 19
I/bluedroid( 163): bt_enable: ret: -1, errno: 19
I/bluedroid( 163): bt_enable: ret: -1, errno: 19
I/bluedroid( 163): bt_enable: ret: -1, errno: 19
I/bluedroid( 163): bt_enable: ret: -1, errno: 19
I/bluedroid( 163): bt_enable: ret: -1, errno: 19
I/bluedroid( 163): bt_enable: ret: -1, errno: 19
I/bluedroid( 163): bt_enable: ret: -1, errno: 19
I/bluedroid( 163): bt_enable: ret: -1, errno: 19
I/bluedroid( 163): bt_enable: ret: -1, errno: 19
I/bluedroid( 163): bt_enable: ret: -1, errno: 19
I/bluedroid( 163): bt_enable: ret: -1, errno: 19
I/bluedroid( 163): bt_enable: ret: -1, errno: 19
I/bluedroid( 163): bt_enable: ret: -1, errno: 19
I/bluedroid( 163): bt_enable: ret: -1, errno: 19
I/bluedroid( 163): bt_enable: ret: -1, errno: 19
I/bluedroid( 163): bt_enable: ret: -1, errno: 19
I/bluedroid( 163): bt_enable: ret: -1, errno: 19
I/bluedroid( 163): bt_enable: ret: -1, errno: 19
I/bluedroid( 163): bt_enable: ret: -1, errno: 19
I/bluedroid( 163): bt_enable: ret: -1, errno: 19
I/bluedroid( 163): bt_enable: ret: -1, errno: 19
I/bluedroid( 163): bt_enable: ret: -1, errno: 19
I/bluedroid( 163): bt_enable: ret: -1, errno: 19
I/bluedroid( 163): bt_enable: ret: -1, errno: 19
I/bluedroid( 163): bt_enable: ret: -1, errno: 19
I/bluedroid( 163): bt_enable: ret: -1, errno: 19
I/bluedroid( 163): bt_enable: ret: -1, errno: 19
I/bluedroid( 163): bt_enable: ret: -1, errno: 19
I/bluedroid( 163): bt_enable: ret: -1, errno: 19
I/bluedroid( 163): bt_enable: ret: -1, errno: 19
I/bluedroid( 163): bt_enable: ret: -1, errno: 19
I/bluedroid( 163): bt_enable: ret: -1, errno: 19
I/bluedroid( 163): bt_enable: ret: -1, errno: 19
I/bluedroid( 163): bt_enable: ret: -1, errno: 19
I/bluedroid( 163): bt_enable: ret: -1, errno: 19
I/bluedroid( 163): bt_enable: ret: -1, errno: 19
I/bluedroid( 163): bt_enable: ret: -1, errno: 19
I/bluedroid( 163): bt_enable: ret: -1, errno: 19
I/bluedroid( 163): bt_enable: ret: -1, errno: 19
I/bluedroid( 163): bt_enable: ret: -1, errno: 19
I/bluedroid( 163): bt_enable: ret: -1, errno: 19
I/bluedroid( 163): bt_enable: ret: -1, errno: 19
I/bluedroid( 163): bt_enable: ret: -1, errno: 19
I/bluedroid( 163): bt_enable: ret: -1, errno: 19
I/bluedroid( 163): bt_enable: ret: -1, errno: 19
I/bluedroid( 163): bt_enable: ret: -1, errno: 19
I/bluedroid( 163): bt_enable: ret: -1, errno: 19
I/bluedroid( 163): bt_enable: ret: -1, errno: 19
I/bluedroid( 163): bt_enable: ret: -1, errno: 19
W/ThrottleService( 163): unable to find stats for iface rmnet0
I/bluedroid( 163): bt_enable: ret: -1, errno: 19
I/bluedroid( 163): bt_enable: ret: -1, errno: 19
I/bluedroid( 163): bt_enable: ret: -1, errno: 19
I/bluedroid( 163): bt_enable: ret: -1, errno: 19
I/bluedroid( 163): bt_enable: ret: -1, errno: 19
I/bluedroid( 163): bt_enable: ret: -1, errno: 19
I/bluedroid( 163): bt_enable: ret: -1, errno: 19
I/bluedroid( 163): bt_enable: ret: -1, errno: 19
I/bluedroid( 163): bt_enable: ret: -1, errno: 19
I/bluedroid( 163): bt_enable: ret: -1, errno: 19
I/bluedroid( 163): bt_enable: ret: -1, errno: 19
I/bluedroid( 163): bt_enable: ret: -1, errno: 19
I/bluedroid( 163): bt_enable: ret: -1, errno: 19
I/bluedroid( 163): bt_enable: ret: -1, errno: 19
I/bluedroid( 163): bt_enable: ret: -1, errno: 19
I/bluedroid( 163): bt_enable: ret: -1, errno: 19
I/bluedroid( 163): bt_enable: ret: -1, errno: 19
I/bluedroid( 163): bt_enable: ret: -1, errno: 19
I/bluedroid( 163): bt_enable: ret: -1, errno: 19
I/bluedroid( 163): bt_enable: ret: -1, errno: 19
I/bluedroid( 163): bt_enable: ret: -1, errno: 19
I/bluedroid( 163): bt_enable: ret: -1, errno: 19
I/bluedroid( 163): bt_enable: ret: -1, errno: 19
I/bluedroid( 163): bt_enable: ret: -1, errno: 19
I/bluedroid( 163): bt_enable: ret: -1, errno: 19
I/bluedroid( 163): bt_enable: ret: -1, errno: 19
I/bluedroid( 163): bt_enable: ret: -1, errno: 19
I/bluedroid( 163): bt_enable: ret: -1, errno: 19
I/bluedroid( 163): bt_enable: ret: -1, errno: 19
I/bluedroid( 163): bt_enable: ret: -1, errno: 19
I/bluedroid( 163): bt_enable: ret: -1, errno: 19
I/bluedroid( 163): bt_enable: ret: -1, errno: 19
I/bluedroid( 163): bt_enable: ret: -1, errno: 19
I/bluedroid( 163): bt_enable: ret: -1, errno: 19
I/bluedroid( 163): bt_enable: ret: -1, errno: 19
I/bluedroid( 163): bt_enable: ret: -1, errno: 19
I/bluedroid( 163): bt_enable: ret: -1, errno: 19
I/bluedroid( 163): bt_enable: ret: -1, errno: 19
I/bluedroid( 163): bt_enable: ret: -1, errno: 19
I/bluedroid( 163): bt_enable: ret: -1, errno: 19
I/bluedroid( 163): bt_enable: ret: -1, errno: 19
I/bluedroid( 163): bt_enable: ret: -1, errno: 19
I/bluedroid( 163): bt_enable: ret: -1, errno: 19
I/bluedroid( 163): bt_enable: ret: -1, errno: 19
I/bluedroid( 163): bt_enable: ret: -1, errno: 19
I/bluedroid( 163): bt_enable: ret: -1, errno: 19
I/bluedroid( 163): bt_enable: ret: -1, errno: 19
I/bluedroid( 163): bt_enable: ret: -1, errno: 19
I/bluedroid( 163): bt_enable: ret: -1, errno: 19
I/bluedroid( 163): bt_enable: ret: -1, errno: 19
I/bluedroid( 163): bt_enable: ret: -1, errno: 19
I/bluedroid( 163): bt_enable: ret: -1, errno: 19
I/bluedroid( 163): bt_enable: ret: -1, errno: 19
I/bluedroid( 163): bt_enable: ret: -1, errno: 19
I/bluedroid( 163): bt_enable: ret: -1, errno: 19
I/bluedroid( 163): bt_enable: ret: -1, errno: 19
I/bluedroid( 163): bt_enable: ret: -1, errno: 19
I/bluedroid( 163): bt_enable: ret: -1, errno: 19
I/bluedroid( 163): bt_enable: ret: -1, errno: 19
I/bluedroid( 163): bt_enable: ret: -1, errno: 19
I/bluedroid( 163): bt_enable: ret: -1, errno: 19
I/bluedroid( 163): bt_enable: ret: -1, errno: 19
I/bluedroid( 163): bt_enable: ret: -1, errno: 19
I/bluedroid( 163): bt_enable: ret: -1, errno: 19
I/bluedroid( 163): bt_enable: ret: -1, errno: 19
I/bluedroid( 163): bt_enable: ret: -1, errno: 19
I/bluedroid( 163): bt_enable: ret: -1, errno: 19
I/bluedroid( 163): bt_enable: ret: -1, errno: 19
I/bluedroid( 163): bt_enable: ret: -1, errno: 19
I/bluedroid( 163): bt_enable: ret: -1, errno: 19
I/bluedroid( 163): bt_enable: ret: -1, errno: 19
I/bluedroid( 163): bt_enable: ret: -1, errno: 19
I/bluedroid( 163): bt_enable: ret: -1, errno: 19
I/bluedroid( 163): bt_enable: ret: -1, errno: 19
I/bluedroid( 163): bt_enable: ret: -1, errno: 19
I/bluedroid( 163): bt_enable: ret: -1, errno: 19
I/bluedroid( 163): bt_enable: ret: -1, errno: 19
I/bluedroid( 163): bt_enable: ret: -1, errno: 19
I/bluedroid( 163): bt_enable: ret: -1, errno: 19
I/bluedroid( 163): bt_enable: ret: -1, errno: 19
I/bluedroid( 163): bt_enable: ret: -1, errno: 19
I/bluedroid( 163): bt_enable: ret: -1, errno: 19
I/bluedroid( 163): bt_enable: ret: -1, errno: 19
I/bluedroid( 163): bt_enable: ret: -1, errno: 19
I/bluedroid( 163): bt_enable: ret: -1, errno: 19
I/bluedroid( 163): bt_enable: ret: -1, errno: 19
I/bluedroid( 163): bt_enable: ret: -1, errno: 19
I/bluedroid( 163): bt_enable: ret: -1, errno: 19
I/bluedroid( 163): bt_enable: ret: -1, errno: 19
I/bluedroid( 163): bt_enable: ret: -1, errno: 19
I/bluedroid( 163): bt_enable: ret: -1, errno: 19
I/bluedroid( 163): bt_enable: ret: -1, errno: 19
E/bluedroid( 163): bt_enable: Timeout waiting for HCI device to come up, error- -1,
D/OpenGLRenderer( 163): Flushing caches (mode 0)
I/TabletStatusBar( 236): DISABLE_CLOCK: no
I/dalvikvm( 163): Jit: resizing JitTable from 4096 to 8192
D/dalvikvm( 362): GC_CONCURRENT freed 324K, 5% free 7914K/8327K, paused 3ms+4ms
D/dalvikvm( 362): GC_FOR_ALLOC freed 90K, 4% free 8066K/8327K, paused 23ms
D/dalvikvm( 362): GC_FOR_ALLOC freed 14K, 4% free 8306K/8583K, paused 25ms
D/dalvikvm( 362): GC_FOR_ALLOC freed 271K, 7% free 8227K/8775K, paused 21ms
I/dalvikvm-heap( 362): Grow heap (frag case) to 9.642MB for 1644560-byte allocation
D/dalvikvm( 362): GC_CONCURRENT freed <1K, 6% free 9833K/10439K, paused 2ms+3ms
D/dalvikvm( 362): GC_FOR_ALLOC freed 2K, 6% free 9837K/10439K, paused 22ms
I/dalvikvm-heap( 362): Grow heap (frag case) to 10.873MB for 1286224-byte allocation
D/dalvikvm( 362): GC_FOR_ALLOC freed 0K, 6% free 11093K/11719K, paused 23ms
D/dalvikvm( 362): GC_CONCURRENT freed 403K, 6% free 11709K/12359K, paused 3ms+3ms
D/dalvikvm( 362): GC_FOR_ALLOC freed 3703K, 31% free 8988K/12871K, paused 22ms
I/dalvikvm-heap( 362): Grow heap (frag case) to 10.043MB for 1286224-byte allocation
D/dalvikvm( 362): GC_FOR_ALLOC freed 21K, 21% free 10222K/12871K, paused 24ms
D/dalvikvm( 362): GC_CONCURRENT freed 29K, 20% free 10362K/12871K, paused 2ms+3ms
I/ActivityManager( 163): START {act=android.intent.action.MAIN cat=[android.intent.category.LAUNCHER] flg=0x10200000 cmp=com.google.android.apps.maps/com.google.android.maps.MapsActivity} from pid 362
I/ActivityManager( 163): Start proc com.google.android.apps.maps for activity com.google.android.apps.maps/com.google.android.maps.MapsActivity: pid=982 uid=10018 gids={3003, 1015}
I/dalvikvm( 982): Turning on JNI app bug workarounds for target SDK version 13...
D/OpenGLRenderer( 362): Flushing caches (mode 1)
D/OpenGLRenderer( 362): Flushing caches (mode 0)
D/dalvikvm( 982): GC_CONCURRENT freed 169K, 4% free 6833K/7047K, paused 3ms+4ms
I/ActivityThread( 982): Pub com.google.android.maps.LayerInfoProvider: com.google.googlenav.layer.LayerInfoProvider
D/dalvikvm( 982): GC_CONCURRENT freed 153K, 4% free 7206K/7431K, paused 4ms+3ms
I/ActivityThread( 982): Pub com.google.android.maps.TrafficAppWidgetProvider: com.google.googlenav.appwidget.traffic.TrafficAppWidgetProvider
I/ActivityThread( 982): Pub com.google.android.maps.SuggestionProvider: com.google.googlenav.suggest.android.SuggestProvider
I/ActivityThread( 982): Pub com.google.android.maps.LocalActivePlacesProvider: com.google.googlenav.provider.LocalActivePlacesProvider
I/ActivityThread( 982): Pub com.google.android.maps.StarredItemProvider: com.google.googlenav.provider.StarredItemProvider
D/dalvikvm( 982): GC_CONCURRENT freed 293K, 5% free 7477K/7815K, paused 3ms+4ms
I/ActivityThread( 982): Pub com.google.android.maps.LocalSuggestionProvider: com.google.googlenav.provider.LocalSuggestionProvider
I/ActivityThread( 982): Pub com.google.android.maps.SearchHistoryProvider: com.google.googlenav.provider.SearchHistoryProvider
I/ActivityThread( 982): Pub com.google.android.maps.NavigationAvailabilityProvider: com.google.googlenav.provider.NavigationAvailabilityProvider
D/Maps ( 982): Build: 5110018
D/dalvikvm( 982): GC_CONCURRENT freed 377K, 6% free 7649K/8071K, paused 4ms+3ms
D/dalvikvm( 298): GC_CONCURRENT freed 259K, 6% free 7453K/7879K, paused 3ms+5ms
D/dalvikvm( 982): GC_CONCURRENT freed 314K, 6% free 7847K/8263K, paused 2ms+5ms
V/NFC ( 982): this device does not have NFC support
D/dalvikvm( 982): GC_CONCURRENT freed 240K, 4% free 8170K/8455K, paused 3ms+4ms
D/dalvikvm( 982): GC_CONCURRENT freed 213K, 4% free 8510K/8775K, paused 3ms+4ms
D/dalvikvm( 163): GC_CONCURRENT freed 574K, 24% free 10238K/13447K, paused 2ms+5ms
D/libEGL ( 982): loaded /system/lib/egl/libGLES_android.so
D/libEGL ( 982): loaded /system/lib/egl/libEGL_tegra.so
D/libEGL ( 982): loaded /system/lib/egl/libGLESv1_CM_tegra.so
D/libEGL ( 982): loaded /system/lib/egl/libGLESv2_tegra.so
D/OpenGLRenderer( 982): Enabling debug mode 0
W/InputManagerService( 163): Starting input on non-focused client com.android.internal.view.IInputMethodClient$Stub$Proxy@415c87c8 (uid=10019 pid=362)
D/dalvikvm( 982): GC_FOR_ALLOC freed 503K, 7% free 8579K/9223K, paused 33ms
D/dalvikvm( 982): GC_FOR_ALLOC freed 158K, 8% free 8576K/9223K, paused 28ms
D/dalvikvm( 982): GC_FOR_ALLOC freed 151K, 7% free 8580K/9223K, paused 30ms
I/ActivityManager( 163): Displayed com.google.android.apps.maps/com.google.android.maps.MapsActivity: +1s499ms (total +2m0s79ms)
D/dalvikvm( 982): GC_CONCURRENT freed 461K, 6% free 8845K/9351K, paused 3ms+7ms
D/AndroidRuntime( 1023):
D/AndroidRuntime( 1023): >>>>>> AndroidRuntime START com.android.internal.os.RuntimeInit <<<<<<
D/AndroidRuntime( 1023): CheckJNI is ON
D/dalvikvm( 982): GC_CONCURRENT freed 523K, 6% free 9168K/9735K, paused 5ms+7ms
D/dalvikvm( 982): GC_CONCURRENT freed 676K, 8% free 9398K/10119K, paused 3ms+4ms
D/dalvikvm( 163): GC_EXPLICIT freed 552K, 28% free 9767K/13447K, paused 3ms+17ms
D/AndroidRuntime( 1023): Calling main entry com.android.commands.am.Am
D/AndroidRuntime( 1023): Shutting down VM
W/ActivityManager( 163): Unable to start service Intent { cmp=com.motorola.android.locationproxy/.LocationProxyService }: not found
D/dalvikvm( 1023): GC_CONCURRENT freed 98K, 82% free 481K/2560K, paused 1ms+0ms
I/AndroidRuntime( 1023): NOTE: attach of thread 'Binder Thread #2' failed
D/dalvikvm( 982): GC_CONCURRENT freed 788K, 8% free 9606K/10439K, paused 4ms+4ms
D/dalvikvm( 982): GC_CONCURRENT freed 708K, 8% free 9942K/10695K, paused 3ms+4ms
D/dalvikvm( 982): GC_CONCURRENT freed 858K, 9% free 10241K/11143K, paused 2ms+4ms
D/dalvikvm( 982): GC_CONCURRENT freed 1043K, 10% free 10503K/11591K, paused 3ms+4ms
I/AKMD2 ( 96): akmd2 : Compass Opened.
D/dalvikvm( 982): GC_CONCURRENT freed 1062K, 10% free 10757K/11911K, paused 2ms+5ms
D/dalvikvm( 982): GC_CONCURRENT freed 1169K, 10% free 11017K/12231K, paused 3ms+4ms
D/dalvikvm( 982): GC_CONCURRENT freed 1104K, 8% free 11731K/12615K, paused 3ms+4ms
D/dalvikvm( 982): GC_CONCURRENT freed 1372K, 11% free 12061K/13511K, paused 3ms+23ms
I/dalvikvm( 982): Jit: resizing JitTable from 4096 to 8192
D/dalvikvm( 982): GC_CONCURRENT freed 1884K, 14% free 12070K/14023K, paused 2ms+6ms
D/dalvikvm( 982): GC_FOR_ALLOC freed 1063K, 14% free 12096K/14023K, paused 54ms
E/ActivityThread( 327): Failed to find provider info for com.android.inputmethod.latin.dictionarypack
E/BinaryDictionaryGetter( 327): Could not find a dictionary pack
D/dalvikvm( 982): GC_FOR_ALLOC freed 765K, 9% free 12777K/14023K, paused 63ms
D/AndroidRuntime( 982): Shutting down VM
W/dalvikvm( 982): threadid=1: thread exiting with uncaught exception (group=0x40a321f8)
E/AndroidRuntime( 982): FATAL EXCEPTION: main
E/AndroidRuntime( 982): java.lang.RuntimeException: Image strip '7f020301' width 167 is not divisible by number of icons 7: find it in R.java
E/AndroidRuntime( 982): at ab.i.b(Unknown Source)
E/AndroidRuntime( 982): at ab.i.c(Unknown Source)
E/AndroidRuntime( 982): at ab.i.e(Unknown Source)
E/AndroidRuntime( 982): at ab.a.e(Unknown Source)
E/AndroidRuntime( 982): at ab.a.e(Unknown Source)
E/AndroidRuntime( 982): at com.google.googlenav.ui.bd.e(Unknown Source)
E/AndroidRuntime( 982): at aQ.as.a(Unknown Source)
E/AndroidRuntime( 982): at aQ.as.a(Unknown Source)
E/AndroidRuntime( 982): at aQ.as.a(Unknown Source)
E/AndroidRuntime( 982): at aQ.ai.a(Unknown Source)
E/AndroidRuntime( 982): at aQ.as.a(Unknown Source)
E/AndroidRuntime( 982): at com.google.googlenav.ui.view.android.ci.a(Unknown Source)
E/AndroidRuntime( 982): at com.google.googlenav.ui.view.android.cb.a(Unknown Source)
E/AndroidRuntime( 982): at com.google.googlenav.ui.view.android.BaseAndroidDialog.show(Unknown Source)
E/AndroidRuntime( 982): at com.google.googlenav.ui.view.android.m.d(Unknown Source)
E/AndroidRuntime( 982): at com.google.googlenav.ui.view.android.K.b(Unknown Source)
E/AndroidRuntime( 982): at aL.i.o(Unknown Source)
E/AndroidRuntime( 982): at aL.j.R(Unknown Source)
E/AndroidRuntime( 982): at aL.j.Q(Unknown Source)
E/AndroidRuntime( 982): at aL.j.G(Unknown Source)
E/AndroidRuntime( 982): at aL.j.c(Unknown Source)
E/AndroidRuntime( 982): at aL.aR.a(Unknown Source)
E/AndroidRuntime( 982): at aL.aR.b(Unknown Source)
E/AndroidRuntime( 982): at aL.ai.b(Unknown Source)
E/AndroidRuntime( 982): at aL.ai.a(Unknown Source)
E/AndroidRuntime( 982): at com.google.googlenav.ui.H.a(Unknown Source)
E/AndroidRuntime( 982): at com.google.googlenav.ui.af.run(Unknown Source)
E/AndroidRuntime( 982): at android.os.Handler.handleCallback(Handler.java:605)
E/AndroidRuntime( 982): at android.os.Handler.dispatchMessage(Handler.java:92)
E/AndroidRuntime( 982): at android.os.Looper.loop(Looper.java:137)
E/AndroidRuntime( 982): at android.app.ActivityThread.main(ActivityThread.java:4424)
E/AndroidRuntime( 982): at java.lang.reflect.Method.invokeNative(Native Method)
E/AndroidRuntime( 982): at java.lang.reflect.Method.invoke(Method.java:511)
E/AndroidRuntime( 982): at com.android.internal.os.ZygoteInit$MethodAndArgsCaller.run(ZygoteInit.java:784)
E/AndroidRuntime( 982): at com.android.internal.os.ZygoteInit.main(ZygoteInit.java:551)
E/AndroidRuntime( 982): at dalvik.system.NativeStart.main(Native Method)
W/ActivityManager( 163): Force finishing activity com.google.android.apps.maps/com.google.android.maps.MapsActivity
D/dalvikvm( 163): GC_CONCURRENT freed 639K, 27% free 9905K/13447K, paused 2ms+6ms
W/ActivityManager( 163): Activity pause timeout for ActivityRecord{4142b058 com.google.android.apps.maps/com.google.android.maps.MapsActivity}
D/dalvikvm( 362): GC_CONCURRENT freed 3467K, 38% free 8089K/12871K, paused 2ms+5ms
D/dalvikvm( 362): GC_CONCURRENT freed 94K, 35% free 8476K/12871K, paused 3ms+4ms
D/dalvikvm( 362): GC_FOR_ALLOC freed 248K, 37% free 8228K/12871K, paused 25ms
I/dalvikvm-heap( 362): Grow heap (frag case) to 9.643MB for 1644560-byte allocation
D/dalvikvm( 362): GC_FOR_ALLOC freed <1K, 24% free 9833K/12871K, paused 25ms
D/dalvikvm( 362): GC_FOR_ALLOC freed 2018K, 34% free 8514K/12871K, paused 23ms
I/dalvikvm-heap( 362): Grow heap (frag case) to 9.581MB for 1286224-byte allocation
D/dalvikvm( 362): GC_FOR_ALLOC freed 1K, 25% free 9769K/12871K, paused 24ms
D/dalvikvm( 362): GC_CONCURRENT freed 326K, 22% free 10153K/12871K, paused 2ms+6ms
D/dalvikvm( 362): GC_FOR_ALLOC freed 1306K, 31% free 8893K/12871K, paused 38ms
I/dalvikvm-heap( 362): Grow heap (frag case) to 9.951MB for 1286224-byte allocation
D/dalvikvm( 362): GC_CONCURRENT freed 2K, 22% free 10147K/12871K, paused 3ms+19ms
D/dalvikvm( 362): GC_CONCURRENT freed 1968K, 28% free 9332K/12871K, paused 3ms+4ms
I/ActivityManager( 163): No longer want com.google.android.deskclock (pid 777): hidden #16
D/dalvikvm( 982): GC_CONCURRENT freed 1442K, 10% free 13432K/14919K, paused 3ms+7ms
D/dalvikvm( 982): GC_CONCURRENT freed 1385K, 10% free 14129K/15559K, paused 2ms+5ms
I/Process ( 982): Sending signal. PID: 982 SIG: 9
I/WindowManager( 163): WIN DEATH: Window{415d93b0 com.google.android.apps.maps/com.google.android.maps.MapsActivity paused=false}
I/ActivityManager( 163): Process com.google.android.apps.maps (pid 982) has died.
W/InputDispatcher( 163): channel '415f3df0 com.google.android.apps.maps/com.google.android.maps.MapsActivity (server)' ~ Consumer closed input channel or an error occurred. events=0x8
E/InputDispatcher( 163): channel '415f3df0 com.google.android.apps.maps/com.google.android.maps.MapsActivity (server)' ~ Channel is unrecoverably broken and will be disposed!
I/WindowManager( 163): WIN DEATH: Window{411c3210 SurfaceView paused=false}
W/InputDispatcher( 163): Attempted to unregister already unregistered input channel '415f3df0 com.google.android.apps.maps/com.google.android.maps.MapsActivity (server)'
W/GpsLocationProvider( 163): Unneeded remove listener for uid 1000
W/InputDispatcher( 163): channel '41648068 com.google.android.apps.maps/com.google.android.maps.MapsActivity (server)' ~ Consumer closed input channel or an error occurred. events=0x8
E/InputDispatcher( 163): channel '41648068 com.google.android.apps.maps/com.google.android.maps.MapsActivity (server)' ~ Channel is unrecoverably broken and will be disposed!
W/InputDispatcher( 163): Attempted to unregister already unregistered input channel '41648068 com.google.android.apps.maps/com.google.android.maps.MapsActivity (server)'
I/WindowManager( 163): WINDOW DIED Window{415f3df0 com.google.android.apps.maps/com.google.android.maps.MapsActivity paused=false}
W/WindowManager( 163): Force-removing child win Window{41452358 Panel:com.google.android.apps.maps/com.google.android.maps.MapsActivity paused=false} from container Window{415f3df0 com.google.android.apps.maps/com.google.android.maps.MapsActivity paused=false}
I/WindowManager( 163): WINDOW DIED Window{41648068 com.google.android.apps.maps/com.google.android.maps.MapsActivity paused=false}
I/AKMD2 ( 96): akmd2 : Compass Closed.
W/WindowManager( 163): Failed looking up window
W/WindowManager( 163): java.lang.IllegalArgumentException: Requested window android.os.BinderProxy@415f3b98 does not exist
W/WindowManager( 163): at com.android.server.wm.WindowManagerService.windowForClientLocked(WindowManagerService.java:7156)
W/WindowManager( 163): at com.android.server.wm.WindowManagerService.windowForClientLocked(WindowManagerService.java:7147)
W/WindowManager( 163): at com.android.server.wm.WindowState$DeathRecipient.binderDied(WindowState.java:1529)
W/WindowManager( 163): at android.os.BinderProxy.sendDeathNotice(Binder.java:417)
W/WindowManager( 163): at com.android.server.SystemServer.init1(Native Method)
W/WindowManager( 163): at com.android.server.SystemServer.main(SystemServer.java:808)
W/WindowManager( 163): at java.lang.reflect.Method.invokeNative(Native Method)
W/WindowManager( 163): at java.lang.reflect.Method.invoke(Method.java:511)
W/WindowManager( 163): at com.android.internal.os.ZygoteInit$MethodAndArgsCaller.run(ZygoteInit.java:784)
W/WindowManager( 163): at com.android.internal.os.ZygoteInit.main(ZygoteInit.java:551)
W/WindowManager( 163): at dalvik.system.NativeStart.main(Native Method)
I/WindowManager( 163): WIN DEATH: null
W/WindowManager( 163): Failed looking up window
W/WindowManager( 163): java.lang.IllegalArgumentException: Requested window android.os.BinderProxy@41306ab8 does not exist
W/WindowManager( 163): at com.android.server.wm.WindowManagerService.windowForClientLocked(WindowManagerService.java:7156)
W/WindowManager( 163): at com.android.server.wm.WindowManagerService.windowForClientLocked(WindowManagerService.java:7147)
W/WindowManager( 163): at com.android.server.wm.WindowState$DeathRecipient.binderDied(WindowState.java:1529)
W/WindowManager( 163): at android.os.BinderProxy.sendDeathNotice(Binder.java:417)
W/WindowManager( 163): at dalvik.system.NativeStart.run(Native Method)
I/WindowManager( 163): WIN DEATH: null
W/WindowManager( 163): Failed looking up window
W/WindowManager( 163): java.lang.IllegalArgumentException: Requested window android.os.BinderProxy@414d0f30 does not exist
W/WindowManager( 163): at com.android.server.wm.WindowManagerService.windowForClientLocked(WindowManagerService.java:7156)
W/WindowManager( 163): at com.android.server.wm.WindowManagerService.windowForClientLocked(WindowManagerService.java:7147)
W/WindowManager( 163): at com.android.server.wm.WindowState$DeathRecipient.binderDied(WindowState.java:1529)
W/WindowManager( 163): at android.os.BinderProxy.sendDeathNotice(Binder.java:417)
W/WindowManager( 163): at dalvik.system.NativeStart.run(Native Method)
I/WindowManager( 163): WIN DEATH: null
W/ActivityManager( 163): Activity destroy timeout for ActivityRecord{4142b058 com.google.android.apps.maps/com.google.android.maps.MapsActivity}
D/dalvikvm( 634): GC_CONCURRENT freed 512K, 11% free 7542K/8391K, paused 2ms+2ms
I/ActivityManager( 163): START {act=android.intent.action.MAIN cat=[android.intent.category.LAUNCHER] flg=0x10200000 cmp=com.google.android.apps.maps/com.google.android.maps.MapsActivity} from pid 362
I/dalvikvm( 1275): Turning on JNI app bug workarounds for target SDK version 13...
I/ActivityManager( 163): Start proc com.google.android.apps.maps for activity com.google.android.apps.maps/com.google.android.maps.MapsActivity: pid=1275 uid=10018 gids={3003, 1015}
D/OpenGLRenderer( 362): Flushing caches (mode 1)
D/OpenGLRenderer( 362): Flushing caches (mode 0)
D/dalvikvm( 1275): GC_CONCURRENT freed 171K, 4% free 6831K/7047K, paused 4ms+4ms
I/ActivityThread( 1275): Pub com.google.android.maps.LayerInfoProvider: com.google.googlenav.layer.LayerInfoProvider
D/dalvikvm( 1275): GC_CONCURRENT freed 154K, 4% free 7204K/7431K, paused 3ms+3ms
I/ActivityThread( 1275): Pub com.google.android.maps.TrafficAppWidgetProvider: com.google.googlenav.appwidget.traffic.TrafficAppWidgetProvider
I/ActivityThread( 1275): Pub com.google.android.maps.SuggestionProvider: com.google.googlenav.suggest.android.SuggestProvider
I/ActivityThread( 1275): Pub com.google.android.maps.LocalActivePlacesProvider: com.google.googlenav.provider.LocalActivePlacesProvider
I/ActivityThread( 1275): Pub com.google.android.maps.StarredItemProvider: com.google.googlenav.provider.StarredItemProvider
D/dalvikvm( 1275): GC_CONCURRENT freed 293K, 5% free 7477K/7815K, paused 3ms+7ms
I/ActivityThread( 1275): Pub com.google.android.maps.LocalSuggestionProvider: com.google.googlenav.provider.LocalSuggestionProvider
I/ActivityThread( 1275): Pub com.google.android.maps.SearchHistoryProvider: com.google.googlenav.provider.SearchHistoryProvider
I/ActivityThread( 1275): Pub com.google.android.maps.NavigationAvailabilityProvider: com.google.googlenav.provider.NavigationAvailabilityProvider
D/dalvikvm( 1275): GC_CONCURRENT freed 358K, 6% free 7634K/8071K, paused 4ms+3ms
D/Maps ( 1275): Build: 5110018
D/dalvikvm( 1275): GC_CONCURRENT freed 322K, 5% free 7832K/8199K, paused 3ms+5ms
V/NFC ( 1275): this device does not have NFC support
D/dalvikvm( 1275): GC_CONCURRENT freed 159K, 3% free 8161K/8391K, paused 3ms+4ms
D/dalvikvm( 1275): GC_CONCURRENT freed 288K, 4% free 8442K/8775K, paused 3ms+4ms
D/libEGL ( 1275): loaded /system/lib/egl/libGLES_android.so
D/libEGL ( 1275): loaded /system/lib/egl/libEGL_tegra.so
D/libEGL ( 1275): loaded /system/lib/egl/libGLESv1_CM_tegra.so
D/libEGL ( 1275): loaded /system/lib/egl/libGLESv2_tegra.so
D/OpenGLRenderer( 1275): Enabling debug mode 0
W/InputManagerService( 163): Starting input on non-focused client com.android.internal.view.IInputMethodClient$Stub$Proxy@415c87c8 (uid=10019 pid=362)
D/dalvikvm( 1275): GC_CONCURRENT freed 493K, 6% free 8621K/9159K, paused 2ms+4ms
D/dalvikvm( 1275): GC_FOR_ALLOC freed 346K, 8% free 8629K/9351K, paused 30ms
I/ActivityManager( 163): Displayed com.google.android.apps.maps/com.google.android.maps.MapsActivity: +1s226ms
D/dalvikvm( 1275): GC_CONCURRENT freed 490K, 6% free 8880K/9415K, paused 3ms+8ms
W/GpsLocationProvider( 163): Duplicate add listener for uid 10018
D/dalvikvm( 1275): GC_CONCURRENT freed 494K, 6% free 9196K/9735K, paused 4ms+4ms
D/AndroidRuntime( 1311):
D/AndroidRuntime( 1311): >>>>>> AndroidRuntime START com.android.internal.os.RuntimeInit <<<<<<
D/AndroidRuntime( 1311): CheckJNI is ON
D/dalvikvm( 1275): GC_CONCURRENT freed 652K, 7% free 9486K/10183K, paused 3ms+4ms
D/AndroidRuntime( 1311): Calling main entry com.android.commands.am.Am
D/AndroidRuntime( 1311): Shutting down VM
W/ActivityManager( 163): Unable to start service Intent { cmp=com.motorola.android.locationproxy/.LocationProxyService }: not found
D/dalvikvm( 1311): GC_CONCURRENT freed 98K, 82% free 481K/2560K, paused 0ms+1ms
I/AndroidRuntime( 1311): NOTE: attach of thread 'Binder Thread #1' failed
D/dalvikvm( 1275): GC_CONCURRENT freed 836K, 9% free 9686K/10567K, paused 3ms+5ms
D/dalvikvm( 1275): GC_CONCURRENT freed 684K, 7% free 10094K/10823K, paused 2ms+5ms
D/dalvikvm( 1275): GC_CONCURRENT freed 792K, 8% free 10562K/11399K, paused 3ms+5ms
D/dalvikvm( 163): GC_CONCURRENT freed 816K, 27% free 9821K/13447K, paused 3ms+6ms
D/dalvikvm( 1275): GC_CONCURRENT freed 1118K, 10% free 10813K/11975K, paused 3ms+4ms
I/AKMD2 ( 96): akmd2 : Compass Opened.
D/dalvikvm( 1275): GC_CONCURRENT freed 1207K, 11% free 11108K/12359K, paused 3ms+4ms
I/ActivityManager( 163): START {act=android.intent.action.MAIN cat=[android.intent.category.HOME] flg=0x10200000 cmp=com.android.launcher/com.android.launcher2.Launcher} from pid 163
D/dalvikvm( 1275): GC_FOR_ALLOC freed 459K, 12% free 11220K/12679K, paused 72ms
D/OpenGLRenderer( 1275): Flushing caches (mode 0)
I/ActivityManager( 163): START {act=android.intent.action.MAIN cat=[android.intent.category.HOME] flg=0x10200000 cmp=com.android.launcher/com.android.launcher2.Launcher} from pid 163
D/OpenGLRenderer( 1275): Flushing caches (mode 0)
D/dalvikvm( 1275): GC_CONCURRENT freed 1088K, 9% free 11738K/12871K, paused 4ms+7ms
I/ActivityManager( 163): START {act=android.intent.action.MAIN cat=[android.intent.category.HOME] flg=0x10200000 cmp=com.android.launcher/com.android.launcher2.Launcher} from pid 163
W/InputManagerService( 163): Starting input on non-focused client com.android.internal.view.IInputMethodClient$Stub$Proxy@4149aab0 (uid=10018 pid=1275)
D/dalvikvm( 362): GC_CONCURRENT freed 2033K, 37% free 8216K/12871K, paused 3ms+7ms
D/dalvikvm( 362): GC_FOR_ALLOC freed 315K, 38% free 8092K/12871K, paused 33ms
I/dalvikvm-heap( 362): Grow heap (frag case) to 9.510MB for 1644560-byte allocation
D/dalvikvm( 362): GC_FOR_ALLOC freed 1K, 25% free 9697K/12871K, paused 21ms
D/dalvikvm( 362): GC_CONCURRENT freed 2K, 25% free 9700K/12871K, paused 2ms+5ms
D/dalvikvm( 362): GC_FOR_ALLOC freed <1K, 25% free 9700K/12871K, paused 32ms
I/dalvikvm-heap( 362): Grow heap (frag case) to 10.739MB for 1286224-byte allocation
D/dalvikvm( 362): GC_FOR_ALLOC freed 0K, 15% free 10956K/12871K, paused 35ms
D/dalvikvm( 362): GC_CONCURRENT freed 3646K, 32% free 8788K/12871K, paused 3ms+5ms
D/dalvikvm( 362): GC_CONCURRENT freed 429K, 30% free 9123K/12871K, paused 3ms+4ms
D/dalvikvm( 362): GC_FOR_ALLOC freed <1K, 30% free 9122K/12871K, paused 28ms
I/dalvikvm-heap( 362): Grow heap (frag case) to 10.174MB for 1286224-byte allocation
D/dalvikvm( 362): GC_FOR_ALLOC freed <1K, 20% free 10378K/12871K, paused 22ms
D/dalvikvm( 362): GC_FOR_ALLOC freed 2024K, 27% free 9496K/12871K, paused 24ms
D/dalvikvm( 362): GC_FOR_ALLOC freed 284K, 25% free 9667K/12871K, paused 27ms
I/dalvikvm-heap( 362): Grow heap (frag case) to 11.048MB for 1644560-byte allocation
D/dalvikvm( 362): GC_CONCURRENT freed 1K, 23% free 11272K/14535K, paused 2ms+3ms
D/dalvikvm( 634): GC_CONCURRENT freed 470K, 11% free 7548K/8391K, paused 2ms+3ms
D/OpenGLRenderer( 1275): Flushing caches (mode 1)
I/AKMD2 ( 96): akmd2 : Compass Closed.
D/dalvikvm( 362): GC_FOR_ALLOC freed 1K, 14% free 12532K/14535K, paused 23ms
D/dalvikvm( 362): GC_FOR_ALLOC freed 3820K, 29% free 10414K/14535K, paused 23ms
D/dalvikvm( 362): GC_FOR_ALLOC freed 978K, 28% free 10498K/14535K, paused 23ms
D/dalvikvm( 362): GC_CONCURRENT freed 57K, 20% free 11773K/14535K, paused 2ms+5ms
I/ActivityManager( 163): START {act=android.intent.action.MAIN cat=[android.intent.category.LAUNCHER] flg=0x10200000 cmp=com.android.vending/.AssetBrowserActivity} from pid 362
D/OpenGLRenderer( 362): Flushing caches (mode 1)
D/OpenGLRenderer( 362): Flushing caches (mode 0)
D/dalvikvm( 846): GC_CONCURRENT freed 408K, 6% free 7027K/7431K, paused 4ms+3ms
D/Finsky ( 846): [1] SelfUpdateScheduler.checkForSelfUpdate: Skipping self-update. Local Version [8010004] >= Server Version [0]
D/dalvikvm( 163): GC_CONCURRENT freed 561K, 26% free 10043K/13447K, paused 3ms+6ms
D/dalvikvm( 846): GC_CONCURRENT freed 496K, 8% free 7037K/7623K, paused 2ms+3ms
D/libEGL ( 846): loaded /system/lib/egl/libGLES_android.so
D/libEGL ( 846): loaded /system/lib/egl/libEGL_tegra.so
D/libEGL ( 846): loaded /system/lib/egl/libGLESv1_CM_tegra.so
D/libEGL ( 846): loaded /system/lib/egl/libGLESv2_tegra.so
D/OpenGLRenderer( 846): Enabling debug mode 0
W/InputManagerService( 163): Starting input on non-focused client com.android.internal.view.IInputMethodClient$Stub$Proxy@415c87c8 (uid=10019 pid=362)
I/ActivityManager( 163): Displayed com.android.vending/.AssetBrowserActivity: +646ms
D/Finsky ( 846): [1] MainActivity.initializeBilling: Optimistically initializing billing parameters.
D/dalvikvm( 846): GC_CONCURRENT freed 279K, 6% free 7204K/7623K, paused 3ms+3ms
D/dalvikvm( 327): GC_CONCURRENT freed 282K, 5% free 7023K/7367K, paused 2ms+5ms
D/dalvikvm( 846): GC_CONCURRENT freed 345K, 6% free 7368K/7815K, paused 2ms+3ms
D/dalvikvm( 846): GC_FOR_ALLOC freed 30K, 6% free 7378K/7815K, paused 25ms
I/dalvikvm-heap( 846): Grow heap (frag case) to 7.414MB for 173972-byte allocation
D/dalvikvm( 846): GC_FOR_ALLOC freed 3K, 6% free 7544K/8007K, paused 23ms
D/dalvikvm( 846): GC_CONCURRENT freed 162K, 4% free 7884K/8135K, paused 3ms+4ms
D/dalvikvm( 846): GC_CONCURRENT freed 230K, 4% free 8162K/8455K, paused 2ms+4ms
D/dalvikvm( 846): GC_FOR_ALLOC freed 9K, 4% free 8152K/8455K, paused 23ms
I/dalvikvm-heap( 846): Grow heap (frag case) to 8.382MB for 396896-byte allocation
D/dalvikvm( 846): GC_FOR_ALLOC freed 7K, 5% free 8532K/8903K, paused 24ms
D/dalvikvm( 846): GC_FOR_ALLOC freed 457K, 8% free 8484K/9159K, paused 25ms
D/dalvikvm( 846): GC_FOR_ALLOC freed 76K, 4% free 8805K/9159K, paused 25ms
D/dalvikvm( 846): GC_FOR_ALLOC freed 0K, 5% free 8946K/9351K, paused 29ms
D/dalvikvm( 846): GC_FOR_ALLOC freed 316K, 8% free 9027K/9799K, paused 24ms
I/dalvikvm-heap( 846): Grow heap (frag case) to 9.823MB for 1010896-byte allocation
D/dalvikvm( 846): GC_FOR_ALLOC freed <1K, 8% free 10014K/10823K, paused 24ms
D/dalvikvm( 846): GC_CONCURRENT freed 89K, 7% free 10085K/10823K, paused 3ms+4ms
D/dalvikvm( 327): GC_FOR_ALLOC freed 163K, 4% free 7270K/7495K, paused 23ms
I/dalvikvm-heap( 327): Grow heap (frag case) to 8.808MB for 1751056-byte allocation
D/dalvikvm( 327): GC_CONCURRENT freed 17K, 3% free 8962K/9223K, paused 2ms+2ms
D/dalvikvm( 846): GC_FOR_ALLOC freed 638K, 9% free 10363K/11271K, paused 27ms
I/dalvikvm-heap( 846): Grow heap (frag case) to 11.126MB for 1010896-byte allocation
D/dalvikvm( 846): GC_FOR_ALLOC freed 1K, 8% free 11349K/12295K, paused 50ms
D/dalvikvm( 846): GC_FOR_ALLOC freed 722K, 11% free 11006K/12295K, paused 32ms
I/dalvikvm-heap( 846): Grow heap (frag case) to 11.758MB for 1013776-byte allocation
D/dalvikvm( 846): GC_FOR_ALLOC freed 1K, 10% free 11995K/13319K, paused 41ms
D/dalvikvm( 846): GC_FOR_ALLOC freed 601K, 9% free 12187K/13319K, paused 32ms
I/dalvikvm-heap( 846): Grow heap (frag case) to 12.911MB for 1013776-byte allocation
D/dalvikvm( 846): GC_FOR_ALLOC freed 2K, 9% free 13175K/14343K, paused 25ms
I/ActivityManager( 163): START {act=android.intent.action.SEARCH flg=0x10000000 cmp=com.android.vending/.AssetBrowserActivity (has extras)} from pid 846
D/dalvikvm( 846): GC_CONCURRENT freed 1143K, 8% free 14117K/15303K, paused 3ms+6ms
D/Finsky ( 846): [1] DetailsDataBasedFragment.rebindViews: Page [class=DetailsFragment] loaded in [229 ms] (partial? false)
D/dalvikvm( 846): GC_CONCURRENT freed 1173K, 8% free 14948K/16199K, paused 2ms+8ms
I/ActivityManager( 163): START {flg=0x20010000 cmp=com.android.vending/com.google.android.finsky.activities.PurchaseDialog (has extras)} from pid 846
D/Finsky ( 846): [1] SelfUpdateScheduler.checkForSelfUpdate: Skipping self-update. Local Version [8010004] >= Server Version [0]
I/ActivityManager( 163): Displayed com.android.vending/com.google.android.finsky.activities.PurchaseDialog: +93ms
W/Finsky ( 846): [1] CarrierParamsAction.run: Saving carrier billing params failed.
D/Finsky ( 846): [1] GetBillingCountriesAction.run: Skip getting fresh list of billing countries.
D/Finsky ( 846): [1] DetailsDataBasedFragment.rebindViews: Page [class=DetailsFragment] loaded in [2332 ms] (partial? true)
D/dalvikvm( 163): GC_EXPLICIT freed 569K, 27% free 9951K/13447K, paused 4ms+10ms
I/dalvikvm( 846): Jit: resizing JitTable from 4096 to 8192
D/dalvikvm( 846): GC_CONCURRENT freed 1308K, 8% free 15742K/17095K, paused 3ms+14ms
D/dalvikvm( 846): GC_CONCURRENT freed 1088K, 7% free 16669K/17799K, paused 3ms+11ms
D/OpenGLRenderer( 846): Flushing caches (mode 0)
D/Finsky ( 846): [1] Installer.downloadAndInstallAsset: Downloading and installing org.jtb.alogcat
D/Finsky ( 846): [1] DownloadImpl.setState: org.jtb.alogcat from null to UNQUEUED.
D/Finsky ( 846): [1] DownloadQueueImpl.add: Download org.jtb.alogcat added to DownloadQueue
D/Finsky ( 846): [1] DownloadImpl.setState: org.jtb.alogcat from UNQUEUED to QUEUED.
I/installd( 94): free_cache(40129) avail 30237372416
D/Finsky ( 846): [1] DownloadQueueImpl.startDownload: Download org.jtb.alogcat starting
D/Finsky ( 846): [1] DownloadImpl.setState: org.jtb.alogcat from QUEUED to DOWNLOADING.
D/Finsky ( 846): [1] DownloadQueueImpl.notifyProgress: org.jtb.alogcat: onProgress 0/-1 Status: 190.
D/Finsky ( 846): [1] DownloadQueueImpl.onStart: org.jtb.alogcat: onStart
D/dalvikvm( 315): GC_CONCURRENT freed 712K, 13% free 6707K/7623K, paused 3ms+3ms
I/DownloadManager( 315): Initiating request for download 4
D/dalvikvm( 846): GC_CONCURRENT freed 2044K, 12% free 16735K/18823K, paused 3ms+16ms
