D/Finsky ( 846): [1] DownloadQueueImpl.notifyProgress: org.jtb.alogcat: onProgress 0/-1 Status: 192.
I/DownloadManager( 315): Initiating request for download 4
D/Finsky ( 846): [1] DetailsDataBasedFragment.rebindViews: Page [class=DetailsFragment] loaded in [6498 ms] (partial? true)
I/qtaguid ( 315): Failed write_ctrl(u 59) res=-1 errno=22
I/qtaguid ( 315): Untagging socket 59 failed errno=-22
W/NetworkManagementSocketTagger( 315): untagSocket(59) failed with errno -22
D/Finsky ( 846): [1] DownloadQueueImpl.notifyProgress: org.jtb.alogcat: onProgress 40129/40129 Status: 200.
D/Finsky ( 846): [1] DownloadBroadcastReceiver.onReceive: Intent received at DownloadBroadcastReceiver
D/Finsky ( 846): [1] DownloadImpl.setState: org.jtb.alogcat from DOWNLOADING to SUCCESS.
D/Finsky ( 846): [1] DownloadQueueImpl.onComplete: org.jtb.alogcat: onComplete
D/Finsky ( 846): [1] DownloadQueueImpl.remove: Download org.jtb.alogcat removed from DownloadQueue
I/installd( 94): free_cache(0) avail 30237362176
D/dalvikvm( 846): GC_CONCURRENT freed 2052K, 12% free 16790K/18887K, paused 2ms+13ms
I/ActivityManager( 163): Start proc com.android.defcontainer for service com.android.defcontainer/.DefaultContainerService: pid=1545 uid=10010 gids={1015, 2001}
D/dalvikvm( 90): GC_EXPLICIT freed 37K, 5% free 6497K/6787K, paused 1ms+6ms
D/dalvikvm( 90): GC_EXPLICIT freed <1K, 5% free 6497K/6787K, paused 1ms+2ms
D/dalvikvm( 90): GC_EXPLICIT freed <1K, 5% free 6497K/6787K, paused 2ms+2ms
W/ActivityManager( 163): No content provider found for permission revoke: file:///data/data/com.android.providers.downloads/cache/downloadfile.apk
W/ActivityManager( 163): No content provider found for permission revoke: file:///data/data/com.android.providers.downloads/cache/downloadfile.apk
D/dalvikvm( 163): GC_CONCURRENT freed 711K, 26% free 9994K/13447K, paused 3ms+5ms
I/PackageManager( 163): Running dexopt on: org.jtb.alogcat
D/dalvikvm( 1559): DexOpt: load 12ms, verify+opt 54ms
I/ActivityManager( 163): Force stopping package org.jtb.alogcat uid=10059
D/PackageManager( 163): New package installed in /data/app/org.jtb.alogcat-1.apk
D/PackageManager( 163): generateServicesMap(android.accounts.AccountAuthenticator): 3 services unchanged
D/PackageManager( 163): generateServicesMap(android.content.SyncAdapter): 10 services unchanged
W/ResourceType( 163): Failure getting entry for 0x7f060000 (t=5 e=0) in package 0 (error -75)
I/ActivityManager( 163): Start proc com.android.musicfx for broadcast com.android.musicfx/.Compatibility$Receiver: pid=1560 uid=10022 gids={3003, 3002}
D/BackupManagerService( 163): Received broadcast Intent { act=android.intent.action.PACKAGE_ADDED dat=package:org.jtb.alogcat flg=0x10000010 (has extras) }
V/BackupManagerService( 163): addPackageParticipantsLocked: org.jtb.alogcat
I/Launcher( 362): setLoadOnResume
I/ActivityManager( 163): Start proc com.svox.pico for broadcast com.svox.pico/.VoiceDataInstallerReceiver: pid=1575 uid=10026 gids={1015}
D/dalvikvm( 163): GC_EXPLICIT freed 826K, 26% free 10046K/13447K, paused 4ms+7ms
I/ActivityThread( 1575): Pub com.svox.pico.providers.SettingsProvider: com.svox.pico.providers.SettingsProvider
I/dalvikvm( 1588): Turning on JNI app bug workarounds for target SDK version 11...
I/ActivityManager( 163): Start proc com.noshufou.android.su for broadcast com.noshufou.android.su/.InstallReceiver: pid=1588 uid=10034 gids={3003, 1015}
D/Finsky ( 846): [86] 1.packageInstalled: Package install status for "org.jtb.alogcat" is 1
I/ActivityThread( 1588): Pub com.noshufou.android.su.provider: com.noshufou.android.su.provider.PermissionsProvider
I/ActivityManager( 163): Start proc com.google.android.partnersetup for broadcast com.google.android.partnersetup/.RlzPingBroadcastReceiver: pid=1601 uid=10043 gids={3003}
I/ActivityManager( 163): No longer want com.google.android.email (pid 755): hidden #16
I/ActivityThread( 1601): Pub com.google.android.partnersetup.rlzprovider: com.google.android.partnersetup.RlzProvider
I/ActivityThread( 1601): Pub com.google.android.partnersetup.rlzappprovider: com.google.android.partnersetup.RlzAppProvider
I/ActivityManager( 163): No longer want com.google.android.apps.maps:FriendService (pid 585): hidden #16
D/Finsky ( 846): [1] DetailsDataBasedFragment.rebindViews: Page [class=DetailsFragment] loaded in [9089 ms] (partial? false)
D/Finsky ( 846): [1] DetailsDataBasedFragment.rebindViews: Page [class=DetailsFragment] loaded in [9239 ms] (partial? true)
D/dalvikvm( 846): GC_CONCURRENT freed 2131K, 12% free 16715K/18887K, paused 3ms+24ms
I/Launcher( 362): setLoadOnResume
I/Launcher( 362): setLoadOnResume
I/Launcher( 362): setLoadOnResume
I/ActivityManager( 163): START {act=android.intent.action.MAIN cat=[android.intent.category.LAUNCHER] flg=0x10000000 pkg=org.jtb.alogcat cmp=org.jtb.alogcat/.LogActivity} from pid 846
I/ActivityManager( 163): Start proc org.jtb.alogcat for activity org.jtb.alogcat/.LogActivity: pid=1617 uid=10059 gids={1007, 1015}
W/Finsky ( 846): [1] PackageMonitorReceiver.onReceive: Unhandled intent type action type: android.intent.action.PACKAGE_FIRST_LAUNCH
I/dalvikvm( 1617): Turning on JNI app bug workarounds for target SDK version 4...
D/OpenGLRenderer( 846): Flushing caches (mode 1)
D/OpenGLRenderer( 846): Flushing caches (mode 0)
V/alogcat ( 1617): created
D/alogcat ( 1617): canceling periodic saves
V/alogcat ( 1617): started
V/alogcat ( 1617): resumed
D/alogcat ( 1617): starting ...
V/TabletStatusBar( 236): setLightsOn(true)
D/dalvikvm( 1617): GC_CONCURRENT freed 88K, 3% free 6880K/7047K, paused 3ms+3ms
I/ActivityManager( 163): Displayed org.jtb.alogcat/.LogActivity: +1s42ms
D/dalvikvm( 1617): GC_CONCURRENT freed 76K, 3% free 7262K/7431K, paused 3ms+8ms
I/ActivityManager( 163): No longer want com.google.android.gm (pid 648): hidden #16
I/ActivityManager( 163): START {act=android.intent.action.MAIN cat=[android.intent.category.HOME] flg=0x10200000 cmp=com.android.launcher/com.android.launcher2.Launcher} from pid 163
V/alogcat ( 1617): save instance
V/alogcat ( 1617): paused
D/dalvikvm( 163): GC_CONCURRENT freed 651K, 25% free 10160K/13447K, paused 4ms+8ms
W/InputManagerService( 163): Starting input on non-focused client com.android.internal.view.IInputMethodClient$Stub$Proxy@41269318 (uid=10059 pid=1617)
D/alogcat ( 1617): stopping ...
D/alogcat ( 1617): stopped
I/ActivityManager( 163): No longer want com.google.android.apps.uploader (pid 822): hidden #16
D/dalvikvm( 362): GC_CONCURRENT freed 4777K, 41% free 8657K/14535K, paused 3ms+7ms
D/dalvikvm( 362): GC_FOR_ALLOC freed 410K, 42% free 8440K/14535K, paused 30ms
I/dalvikvm-heap( 362): Grow heap (frag case) to 9.850MB for 1644560-byte allocation
D/dalvikvm( 362): GC_CONCURRENT freed 1K, 31% free 10045K/14535K, paused 2ms+3ms
D/dalvikvm( 362): GC_FOR_ALLOC freed 4K, 30% free 10246K/14535K, paused 36ms
I/dalvikvm-heap( 362): Grow heap (frag case) to 11.272MB for 1286224-byte allocation
D/dalvikvm( 362): GC_FOR_ALLOC freed 0K, 21% free 11502K/14535K, paused 24ms
D/dalvikvm( 362): GC_CONCURRENT freed 1034K, 20% free 11728K/14535K, paused 3ms+6ms
D/dalvikvm( 362): GC_FOR_ALLOC freed 2959K, 37% free 9239K/14535K, paused 36ms
I/dalvikvm-heap( 362): Grow heap (frag case) to 10.289MB for 1286224-byte allocation
D/dalvikvm( 362): GC_FOR_ALLOC freed 1K, 28% free 10494K/14535K, paused 24ms
D/dalvikvm( 362): GC_CONCURRENT freed 244K, 23% free 11269K/14535K, paused 2ms+7ms
I/ActivityManager( 163): No longer want com.google.android.calendar (pid 911): hidden #16
I/ActivityManager( 163): START {act=android.intent.action.MAIN cat=[android.intent.category.LAUNCHER] flg=0x10200000 cmp=com.google.android.apps.maps/com.google.android.maps.MapsActivity} from pid 362
D/OpenGLRenderer( 362): Flushing caches (mode 0)
W/InputManagerService( 163): Starting input on non-focused client com.android.internal.view.IInputMethodClient$Stub$Proxy@415c87c8 (uid=10019 pid=362)
D/dalvikvm( 1275): GC_FOR_ALLOC freed 1211K, 11% free 12158K/13511K, paused 84ms
W/IInputConnectionWrapper( 1275): showStatusIcon on inactive InputConnection
D/OpenGLRenderer( 362): Flushing caches (mode 1)
I/AKMD2 ( 96): akmd2 : Compass Opened.
D/AndroidRuntime( 1670):
D/AndroidRuntime( 1670): >>>>>> AndroidRuntime START com.android.internal.os.RuntimeInit <<<<<<
D/AndroidRuntime( 1670): CheckJNI is ON
D/dalvikvm( 1275): GC_FOR_ALLOC freed 1941K, 16% free 11942K/14087K, paused 74ms
I/dalvikvm( 1275): Jit: resizing JitTable from 4096 to 8192
D/AndroidRuntime( 1670): Calling main entry com.android.commands.am.Am
D/AndroidRuntime( 1670): Shutting down VM
W/ActivityManager( 163): Unable to start service Intent { cmp=com.motorola.android.locationproxy/.LocationProxyService }: not found
D/dalvikvm( 1670): GC_CONCURRENT freed 98K, 82% free 481K/2560K, paused 0ms+0ms
I/AndroidRuntime( 1670): NOTE: attach of thread 'Binder Thread #2' failed
D/dalvikvm( 1275): GC_CONCURRENT freed 1571K, 14% free 12188K/14087K, paused 3ms+6ms
D/dalvikvm( 1275): GC_CONCURRENT freed 1497K, 12% free 12503K/14087K, paused 4ms+6ms
E/BinaryDictionaryGetter( 327): Could not find a dictionary pack
E/ActivityThread( 327): Failed to find provider info for com.android.inputmethod.latin.dictionarypack
D/AndroidRuntime( 1275): Shutting down VM
W/dalvikvm( 1275): threadid=1: thread exiting with uncaught exception (group=0x40a321f8)
E/AndroidRuntime( 1275): FATAL EXCEPTION: main
E/AndroidRuntime( 1275): java.lang.RuntimeException: Image strip '7f020301' width 167 is not divisible by number of icons 7: find it in R.java
E/AndroidRuntime( 1275): at ab.i.b(Unknown Source)
E/AndroidRuntime( 1275): at ab.i.c(Unknown Source)
E/AndroidRuntime( 1275): at ab.i.e(Unknown Source)
E/AndroidRuntime( 1275): at ab.a.e(Unknown Source)
E/AndroidRuntime( 1275): at ab.a.e(Unknown Source)
E/AndroidRuntime( 1275): at com.google.googlenav.ui.bd.e(Unknown Source)
E/AndroidRuntime( 1275): at aQ.as.a(Unknown Source)
E/AndroidRuntime( 1275): at aQ.as.a(Unknown Source)
E/AndroidRuntime( 1275): at aQ.as.a(Unknown Source)
E/AndroidRuntime( 1275): at aQ.ai.a(Unknown Source)
E/AndroidRuntime( 1275): at aQ.as.a(Unknown Source)
E/AndroidRuntime( 1275): at com.google.googlenav.ui.view.android.ci.a(Unknown Source)
E/AndroidRuntime( 1275): at com.google.googlenav.ui.view.android.cb.a(Unknown Source)
E/AndroidRuntime( 1275): at com.google.googlenav.ui.view.android.BaseAndroidDialog.show(Unknown Source)
E/AndroidRuntime( 1275): at com.google.googlenav.ui.view.android.m.d(Unknown Source)
E/AndroidRuntime( 1275): at com.google.googlenav.ui.view.android.K.b(Unknown Source)
E/AndroidRuntime( 1275): at aL.i.o(Unknown Source)
E/AndroidRuntime( 1275): at aL.j.R(Unknown Source)
E/AndroidRuntime( 1275): at aL.j.Q(Unknown Source)
E/AndroidRuntime( 1275): at aL.j.G(Unknown Source)
E/AndroidRuntime( 1275): at aL.j.c(Unknown Source)
E/AndroidRuntime( 1275): at aL.aR.a(Unknown Source)
E/AndroidRuntime( 1275): at aL.aR.b(Unknown Source)
E/AndroidRuntime( 1275): at aL.ai.b(Unknown Source)
E/AndroidRuntime( 1275): at aL.ai.a(Unknown Source)
E/AndroidRuntime( 1275): at com.google.googlenav.ui.H.a(Unknown Source)
E/AndroidRuntime( 1275): at com.google.googlenav.ui.af.run(Unknown Source)
E/AndroidRuntime( 1275): at android.os.Handler.handleCallback(Handler.java:605)
E/AndroidRuntime( 1275): at android.os.Handler.dispatchMessage(Handler.java:92)
E/AndroidRuntime( 1275): at android.os.Looper.loop(Looper.java:137)
E/AndroidRuntime( 1275): at android.app.ActivityThread.main(ActivityThread.java:4424)
E/AndroidRuntime( 1275): at java.lang.reflect.Method.invokeNative(Native Method)
E/AndroidRuntime( 1275): at java.lang.reflect.Method.invoke(Method.java:511)
E/AndroidRuntime( 1275): at com.android.internal.os.ZygoteInit$MethodAndArgsCaller.run(ZygoteInit.java:784)
E/AndroidRuntime( 1275): at com.android.internal.os.ZygoteInit.main(ZygoteInit.java:551)
E/AndroidRuntime( 1275): at dalvik.system.NativeStart.main(Native Method)
W/ActivityManager( 163): Force finishing activity com.google.android.apps.maps/com.google.android.maps.MapsActivity
D/dalvikvm( 163): GC_FOR_ALLOC freed 489K, 25% free 10116K/13447K, paused 58ms
D/dalvikvm( 1275): GC_CONCURRENT freed 965K, 7% free 13587K/14599K, paused 3ms+7ms
D/dalvikvm( 634): GC_CONCURRENT freed 439K, 11% free 7550K/8391K, paused 3ms+3ms
W/ActivityManager( 163): Activity pause timeout for ActivityRecord{411f7800 com.google.android.apps.maps/com.google.android.maps.MapsActivity}
D/dalvikvm( 362): GC_FOR_ALLOC freed 3793K, 43% free 8385K/14535K, paused 29ms
I/dalvikvm-heap( 362): Grow heap (frag case) to 9.796MB for 1644560-byte allocation
D/dalvikvm( 362): GC_CONCURRENT freed 90K, 32% free 9900K/14535K, paused 2ms+3ms
D/dalvikvm( 362): GC_FOR_ALLOC freed 1615K, 40% free 8847K/14535K, paused 25ms
I/dalvikvm-heap( 362): Grow heap (frag case) to 9.906MB for 1286224-byte allocation
D/dalvikvm( 362): GC_FOR_ALLOC freed 403K, 34% free 9700K/14535K, paused 24ms
D/dalvikvm( 362): GC_CONCURRENT freed 136K, 32% free 10013K/14535K, paused 2ms+5ms
D/dalvikvm( 362): GC_FOR_ALLOC freed 1708K, 37% free 9265K/14535K, paused 53ms
I/dalvikvm-heap( 362): Grow heap (frag case) to 10.314MB for 1286224-byte allocation
D/dalvikvm( 362): GC_FOR_ALLOC freed 5K, 28% free 10516K/14535K, paused 38ms
D/dalvikvm( 362): GC_CONCURRENT freed 214K, 25% free 10999K/14535K, paused 4ms+11ms
D/Finsky ( 846): [1] ContentSyncService.getAccountsToSync: Checking account to sync; Syncing 5 packages (5 versions) and skipped 76 system packages.
D/Finsky ( 846): [1] ContentSyncService.attemptContentSync: Syncing account to sync; Syncing 5 packages (5 versions) and skipped 76 system packages.
D/dalvikvm( 1275): GC_CONCURRENT freed 1591K, 11% free 14052K/15687K, paused 3ms+5ms
D/dalvikvm( 1275): GC_CONCURRENT freed 1371K, 9% free 14783K/16199K, paused 3ms+7ms
D/Finsky ( 846): [1] 1.onResponse: Phonesky checkin succeeded for account
D/Finsky ( 846): [1] 1.attemptNextSync: Done checking in.
I/Process ( 1275): Sending signal. PID: 1275 SIG: 9
W/InputDispatcher( 163): channel '4143da38 com.google.android.apps.maps/com.google.android.maps.MapsActivity (server)' ~ Consumer closed input channel or an error occurred. events=0x8
E/InputDispatcher( 163): channel '4143da38 com.google.android.apps.maps/com.google.android.maps.MapsActivity (server)' ~ Channel is unrecoverably broken and will be disposed!
I/WindowManager( 163): WIN DEATH: Window{414c9d18 Panel:com.google.android.apps.maps/com.google.android.maps.MapsActivity paused=false}
I/ActivityManager( 163): Process com.google.android.apps.maps (pid 1275) has died.
W/InputDispatcher( 163): Attempted to unregister already unregistered input channel '4143da38 com.google.android.apps.maps/com.google.android.maps.MapsActivity (server)'
I/WindowManager( 163): WIN DEATH: Window{41650b50 SurfaceView paused=false}
I/WindowManager( 163): WIN DEATH: Window{4143da38 com.google.android.apps.maps/com.google.android.maps.MapsActivity paused=false}
I/WindowManager( 163): WIN DEATH: Window{4112aed0 com.google.android.apps.maps/com.google.android.maps.MapsActivity paused=false}
W/GpsLocationProvider( 163): Unneeded remove listener for uid 1000
W/InputDispatcher( 163): channel '4128b7d8 com.google.android.apps.maps/com.google.android.maps.MapsActivity (server)' ~ Consumer closed input channel or an error occurred. events=0x8
E/InputDispatcher( 163): channel '4128b7d8 com.google.android.apps.maps/com.google.android.maps.MapsActivity (server)' ~ Channel is unrecoverably broken and will be disposed!
W/InputDispatcher( 163): Attempted to unregister already unregistered input channel '4128b7d8 com.google.android.apps.maps/com.google.android.maps.MapsActivity (server)'
I/AKMD2 ( 96): akmd2 : Compass Closed.
I/WindowManager( 163): WINDOW DIED Window{4143da38 com.google.android.apps.maps/com.google.android.maps.MapsActivity paused=false}
I/WindowManager( 163): WIN DEATH: Window{4128b7d8 com.google.android.apps.maps/com.google.android.maps.MapsActivity paused=false}
I/WindowManager( 163): WINDOW DIED Window{4128b7d8 com.google.android.apps.maps/com.google.android.maps.MapsActivity paused=false}
I/ActivityManager( 163): START {act=android.intent.action.MAIN cat=[android.intent.category.LAUNCHER] flg=0x10200000 cmp=org.jtb.alogcat/.LogActivity} from pid 362
D/dalvikvm( 163): GC_FOR_ALLOC freed 455K, 25% free 10126K/13447K, paused 67ms
V/alogcat ( 1617): created
D/OpenGLRenderer( 362): Flushing caches (mode 1)
D/alogcat ( 1617): canceling periodic saves
D/alogcat ( 1617): starting ...
V/alogcat ( 1617): started
V/alogcat ( 1617): resumed
I/ActivityManager( 163): Displayed org.jtb.alogcat/.LogActivity: +117ms
D/OpenGLRenderer( 362): Flushing caches (mode 0)
V/TabletStatusBar( 236): setLightsOn(true)
D/dalvikvm( 1617): GC_CONCURRENT freed 497K, 8% free 7318K/7879K, paused 2ms+8ms
D/dalvikvm( 1617): GC_CONCURRENT freed 224K, 5% free 7489K/7879K, paused 2ms+10ms
W/InputManagerService( 163): Starting input on non-focused client com.android.internal.view.IInputMethodClient$Stub$Proxy@415c87c8 (uid=10019 pid=362)
D/dalvikvm( 1617): GC_CONCURRENT freed 420K, 7% free 7510K/8007K, paused 2ms+6ms
D/dalvikvm( 1617): GC_FOR_ALLOC freed 276K, 9% free 7294K/8007K, paused 29ms
I/dalvikvm-heap( 1617): Grow heap (frag case) to 7.235MB for 71696-byte allocation
D/dalvikvm( 1617): GC_FOR_ALLOC freed 2K, 10% free 7361K/8135K, paused 21ms
D/dalvikvm( 1617): GC_FOR_ALLOC freed <1K, 9% free 7432K/8135K, paused 21ms
I/dalvikvm-heap( 1617): Grow heap (frag case) to 7.369MB for 71696-byte allocation
D/dalvikvm( 1617): GC_FOR_ALLOC freed 0K, 10% free 7502K/8263K, paused 21ms
D/dalvikvm( 1617): GC_FOR_ALLOC freed 0K, 9% free 7572K/8263K, paused 20ms
I/dalvikvm-heap( 1617): Grow heap (frag case) to 7.505MB for 71696-byte allocation
D/dalvikvm( 1617): GC_FOR_ALLOC freed <1K, 9% free 7642K/8391K, paused 29ms
D/dalvikvm( 1617): GC_FOR_ALLOC freed 0K, 9% free 7642K/8391K, paused 20ms
I/dalvikvm-heap( 1617): Grow heap (frag case) to 7.575MB for 71696-byte allocation
D/dalvikvm( 1617): GC_FOR_ALLOC freed <1K, 10% free 7712K/8519K, paused 20ms
D/dalvikvm( 1617): GC_FOR_ALLOC freed 0K, 9% free 7783K/8519K, paused 19ms
I/dalvikvm-heap( 1617): Grow heap (frag case) to 7.711MB for 71696-byte allocation
D/dalvikvm( 1617): GC_FOR_ALLOC freed <1K, 10% free 7853K/8647K, paused 23ms
D/dalvikvm( 1617): GC_FOR_ALLOC freed 0K, 9% free 7923K/8647K, paused 22ms
I/dalvikvm-heap( 1617): Grow heap (frag case) to 7.848MB for 71696-byte allocation
D/dalvikvm( 1617): GC_FOR_ALLOC freed <1K, 9% free 7993K/8775K, paused 24ms
D/dalvikvm( 1617): GC_FOR_ALLOC freed <1K, 9% free 8067K/8775K, paused 21ms
I/dalvikvm-heap( 1617): Grow heap (frag case) to 7.989MB for 71696-byte allocation
D/dalvikvm( 1617): GC_FOR_ALLOC freed 0K, 9% free 8137K/8903K, paused 20ms
D/dalvikvm( 1617): GC_FOR_ALLOC freed <1K, 8% free 8208K/8903K, paused 21ms
I/dalvikvm-heap( 1617): Grow heap (frag case) to 8.126MB for 71696-byte allocation
D/dalvikvm( 1617): GC_FOR_ALLOC freed 0K, 9% free 8278K/9031K, paused 20ms
D/dalvikvm( 1617): GC_FOR_ALLOC freed <1K, 8% free 8349K/9031K, paused 22ms
I/dalvikvm-heap( 1617): Grow heap (frag case) to 8.264MB for 71696-byte allocation
D/dalvikvm( 1617): GC_FOR_ALLOC freed 0K, 9% free 8419K/9159K, paused 20ms
D/dalvikvm( 1617): GC_FOR_ALLOC freed <1K, 9% free 8420K/9159K, paused 20ms
I/dalvikvm-heap( 1617): Grow heap (frag case) to 8.333MB for 71696-byte allocation
D/dalvikvm( 1617): GC_FOR_ALLOC freed 0K, 9% free 8490K/9287K, paused 20ms
D/dalvikvm( 1617): GC_FOR_ALLOC freed <1K, 8% free 8561K/9287K, paused 20ms
I/dalvikvm-heap( 1617): Grow heap (frag case) to 8.471MB for 71696-byte allocation
D/dalvikvm( 1617): GC_FOR_ALLOC freed 0K, 9% free 8631K/9415K, paused 20ms
D/dalvikvm( 1617): GC_FOR_ALLOC freed <1K, 8% free 8702K/9415K, paused 20ms
D/dalvikvm( 1617): GC_FOR_ALLOC freed <1K, 8% free 8843K/9543K, paused 20ms
D/dalvikvm( 1617): GC_FOR_ALLOC freed <1K, 8% free 8983K/9671K, paused 20ms
D/dalvikvm( 1617): GC_FOR_ALLOC freed <1K, 7% free 9124K/9799K, paused 20ms
D/dalvikvm( 1617): GC_FOR_ALLOC freed <1K, 8% free 9334K/10055K, paused 21ms
D/dalvikvm( 1617): GC_FOR_ALLOC freed <1K, 7% free 9615K/10311K, paused 23ms
D/dalvikvm( 1617): GC_FOR_ALLOC freed <1K, 7% free 9966K/10695K, paused 22ms
D/dalvikvm( 1617): GC_FOR_ALLOC freed <1K, 7% free 10528K/11207K, paused 22ms
D/dalvikvm( 1617): GC_FOR_ALLOC freed 7K, 6% free 11301K/11975K, paused 26ms
W/ActivityManager( 163): Activity destroy timeout for ActivityRecord{411f7800 com.google.android.apps.maps/com.google.android.maps.MapsActivity}
D/dalvikvm( 163): GC_EXPLICIT freed 183K, 25% free 10116K/13447K, paused 3ms+5ms
D/dalvikvm( 298): GC_EXPLICIT freed 426K, 7% free 7438K/7943K, paused 2ms+3ms
D/dalvikvm( 634): GC_CONCURRENT freed 443K, 11% free 7551K/8391K, paused 2ms+2ms
D/dalvikvm( 1617): GC_FOR_ALLOC freed 16K, 6% free 12273K/12999K, paused 22ms
D/dalvikvm( 1617): GC_FOR_ALLOC freed 2K, 5% free 13603K/14279K, paused 22ms
D/dalvikvm( 1617): GC_FOR_ALLOC freed <1K, 5% free 15006K/15687K, paused 22ms
I/ActivityManager( 163): START {act=android.intent.action.MAIN cat=[android.intent.category.HOME] flg=0x10200000 cmp=com.android.launcher/com.android.launcher2.Launcher} from pid 163
V/alogcat ( 1617): save instance
V/alogcat ( 1617): paused
D/alogcat ( 1617): stopping ...
W/InputManagerService( 163): Starting input on non-focused client com.android.internal.view.IInputMethodClient$Stub$Proxy@41269318 (uid=10059 pid=1617)
D/alogcat ( 1617): stopped
D/dalvikvm( 362): GC_FOR_ALLOC freed 3825K, 44% free 8197K/14535K, paused 31ms
I/dalvikvm-heap( 362): Grow heap (frag case) to 9.613MB for 1644560-byte allocation
D/dalvikvm( 362): GC_CONCURRENT freed 45K, 40% free 9758K/16199K, paused 2ms+4ms
D/dalvikvm( 362): GC_CONCURRENT freed 2257K, 48% free 8577K/16199K, paused 4ms+5ms
D/dalvikvm( 362): GC_FOR_ALLOC freed 112K, 48% free 8464K/16199K, paused 32ms
I/dalvikvm-heap( 362): Grow heap (frag case) to 9.532MB for 1286224-byte allocation
D/dalvikvm( 362): GC_FOR_ALLOC freed <1K, 40% free 9720K/16199K, paused 22ms
I/dalvikvm-heap( 362): Grow heap (frag case) to 10.758MB for 1286224-byte allocation
D/dalvikvm( 362): GC_FOR_ALLOC freed 0K, 33% free 10976K/16199K, paused 23ms
D/dalvikvm( 362): GC_CONCURRENT freed 3710K, 47% free 8737K/16199K, paused 3ms+3ms
D/dalvikvm( 362): GC_CONCURRENT freed 447K, 45% free 8983K/16199K, paused 3ms+4ms
D/dalvikvm( 362): GC_FOR_ALLOC freed 469K, 44% free 9109K/16199K, paused 25ms
I/dalvikvm-heap( 362): Grow heap (frag case) to 10.503MB for 1644560-byte allocation
D/dalvikvm( 362): GC_FOR_ALLOC freed 2K, 34% free 10713K/16199K, paused 23ms
D/dalvikvm( 362): GC_CONCURRENT freed 2K, 34% free 10715K/16199K, paused 2ms+3ms
D/dalvikvm( 362): GC_FOR_ALLOC freed 2206K, 43% free 9318K/16199K, paused 22ms
I/dalvikvm-heap( 362): Grow heap (frag case) to 10.365MB for 1286224-byte allocation
D/dalvikvm( 362): GC_FOR_ALLOC freed 2K, 35% free 10571K/16199K, paused 24ms
D/dalvikvm( 362): GC_CONCURRENT freed 348K, 31% free 11212K/16199K, paused 2ms+4ms
D/dalvikvm( 362): GC_CONCURRENT freed 1641K, 32% free 11142K/16199K, paused 2ms+4ms
I/ActivityManager( 163): START {act=android.intent.action.MAIN cat=[android.intent.category.LAUNCHER] flg=0x10200000 cmp=com.google.android.apps.maps/com.google.android.maps.MapsActivity} from pid 362
D/dalvikvm( 163): GC_FOR_ALLOC freed 374K, 25% free 10127K/13447K, paused 47ms
I/ActivityManager( 163): Start proc com.google.android.apps.maps for activity com.google.android.apps.maps/com.google.android.maps.MapsActivity: pid=1773 uid=10018 gids={3003, 1015}
I/dalvikvm( 1773): Turning on JNI app bug workarounds for target SDK version 13...
D/OpenGLRenderer( 362): Flushing caches (mode 1)
D/OpenGLRenderer( 362): Flushing caches (mode 0)
D/dalvikvm( 1773): GC_CONCURRENT freed 162K, 3% free 6840K/7047K, paused 3ms+3ms
I/ActivityThread( 1773): Pub com.google.android.maps.LayerInfoProvider: com.google.googlenav.layer.LayerInfoProvider
D/dalvikvm( 1773): GC_CONCURRENT freed 148K, 4% free 7202K/7431K, paused 2ms+2ms
I/ActivityThread( 1773): Pub com.google.android.maps.TrafficAppWidgetProvider: com.google.googlenav.appwidget.traffic.TrafficAppWidgetProvider
I/ActivityThread( 1773): Pub com.google.android.maps.SuggestionProvider: com.google.googlenav.suggest.android.SuggestProvider
I/ActivityThread( 1773): Pub com.google.android.maps.LocalActivePlacesProvider: com.google.googlenav.provider.LocalActivePlacesProvider
I/ActivityThread( 1773): Pub com.google.android.maps.StarredItemProvider: com.google.googlenav.provider.StarredItemProvider
D/dalvikvm( 1773): GC_CONCURRENT freed 294K, 5% free 7476K/7815K, paused 2ms+3ms
I/ActivityThread( 1773): Pub com.google.android.maps.LocalSuggestionProvider: com.google.googlenav.provider.LocalSuggestionProvider
I/ActivityThread( 1773): Pub com.google.android.maps.SearchHistoryProvider: com.google.googlenav.provider.SearchHistoryProvider
I/ActivityThread( 1773): Pub com.google.android.maps.NavigationAvailabilityProvider: com.google.googlenav.provider.NavigationAvailabilityProvider
D/dalvikvm( 1773): GC_CONCURRENT freed 384K, 6% free 7642K/8071K, paused 3ms+6ms
D/Maps ( 1773): Build: 5110018
D/dalvikvm( 1773): GC_CONCURRENT freed 314K, 5% free 7841K/8199K, paused 3ms+3ms
V/NFC ( 1773): this device does not have NFC support
D/dalvikvm( 1773): GC_CONCURRENT freed 274K, 4% free 8136K/8455K, paused 2ms+4ms
D/dalvikvm( 1773): GC_CONCURRENT freed 197K, 4% free 8502K/8775K, paused 2ms+4ms
D/libEGL ( 1773): loaded /system/lib/egl/libGLES_android.so
D/libEGL ( 1773): loaded /system/lib/egl/libEGL_tegra.so
D/libEGL ( 1773): loaded /system/lib/egl/libGLESv1_CM_tegra.so
D/libEGL ( 1773): loaded /system/lib/egl/libGLESv2_tegra.so
D/OpenGLRenderer( 1773): Enabling debug mode 0
W/InputManagerService( 163): Starting input on non-focused client com.android.internal.view.IInputMethodClient$Stub$Proxy@415c87c8 (uid=10019 pid=362)
D/dalvikvm( 1773): GC_FOR_ALLOC freed 459K, 7% free 8548K/9095K, paused 30ms
D/dalvikvm( 1773): GC_FOR_ALLOC freed 319K, 8% free 8565K/9287K, paused 30ms
D/dalvikvm( 1773): GC_CONCURRENT freed 487K, 6% free 8819K/9351K, paused 2ms+5ms
I/ActivityManager( 163): Displayed com.google.android.apps.maps/com.google.android.maps.MapsActivity: +1s289ms
W/GpsLocationProvider( 163): Duplicate add listener for uid 10018
D/dalvikvm( 1773): GC_CONCURRENT freed 466K, 6% free 9160K/9671K, paused 4ms+5ms
D/AndroidRuntime( 1810):
D/AndroidRuntime( 1810): >>>>>> AndroidRuntime START com.android.internal.os.RuntimeInit <<<<<<
D/AndroidRuntime( 1810): CheckJNI is ON
D/dalvikvm( 1773): GC_CONCURRENT freed 617K, 7% free 9367K/10055K, paused 3ms+5ms
D/AndroidRuntime( 1810): Calling main entry com.android.commands.am.Am
D/AndroidRuntime( 1810): Shutting down VM
W/ActivityManager( 163): Unable to start service Intent { cmp=com.motorola.android.locationproxy/.LocationProxyService }: not found
D/dalvikvm( 1810): GC_CONCURRENT freed 99K, 82% free 481K/2560K, paused 1ms+1ms
D/dalvikvm( 1773): GC_FOR_ALLOC freed 240K, 7% free 9590K/10311K, paused 38ms
D/dalvikvm( 1773): GC_CONCURRENT freed 595K, 6% free 10076K/10695K, paused 4ms+4ms
D/dalvikvm( 1773): GC_CONCURRENT freed 913K, 9% free 10378K/11335K, paused 3ms+5ms
I/AKMD2 ( 96): akmd2 : Compass Opened.
D/dalvikvm( 1773): GC_CONCURRENT freed 1087K, 10% free 10587K/11719K, paused 3ms+5ms
D/dalvikvm( 1773): GC_CONCURRENT freed 1143K, 10% free 10850K/12039K, paused 4ms+5ms
D/dalvikvm( 1773): GC_CONCURRENT freed 1141K, 10% free 11171K/12359K, paused 3ms+6ms
D/dalvikvm( 1773): GC_FOR_ALLOC freed 696K, 13% free 11154K/12743K, paused 46ms
D/dalvikvm( 1773): GC_CONCURRENT freed 1161K, 10% free 11594K/12807K, paused 3ms+5ms
D/dalvikvm( 1773): GC_CONCURRENT freed 1639K, 13% free 11677K/13383K, paused 4ms+6ms
I/dalvikvm( 1773): Jit: resizing JitTable from 4096 to 8192
D/dalvikvm( 1773): GC_CONCURRENT freed 1595K, 13% free 11823K/13511K, paused 5ms+5ms
E/BinaryDictionaryGetter( 327): Could not find a dictionary pack
E/ActivityThread( 327): Failed to find provider info for com.android.inputmethod.latin.dictionarypack
D/dalvikvm( 1773): GC_FOR_ALLOC freed 552K, 9% free 12399K/13511K, paused 58ms
D/AndroidRuntime( 1773): Shutting down VM
W/dalvikvm( 1773): threadid=1: thread exiting with uncaught exception (group=0x40a321f8)
E/AndroidRuntime( 1773): FATAL EXCEPTION: main
E/AndroidRuntime( 1773): java.lang.RuntimeException: Image strip '7f020301' width 167 is not divisible by number of icons 7: find it in R.java
E/AndroidRuntime( 1773): at ab.i.b(Unknown Source)
E/AndroidRuntime( 1773): at ab.i.c(Unknown Source)
E/AndroidRuntime( 1773): at ab.i.e(Unknown Source)
E/AndroidRuntime( 1773): at ab.a.e(Unknown Source)
E/AndroidRuntime( 1773): at ab.a.e(Unknown Source)
E/AndroidRuntime( 1773): at com.google.googlenav.ui.bd.e(Unknown Source)
E/AndroidRuntime( 1773): at aQ.as.a(Unknown Source)
E/AndroidRuntime( 1773): at aQ.as.a(Unknown Source)
E/AndroidRuntime( 1773): at aQ.as.a(Unknown Source)
E/AndroidRuntime( 1773): at aQ.ai.a(Unknown Source)
E/AndroidRuntime( 1773): at aQ.as.a(Unknown Source)
E/AndroidRuntime( 1773): at com.google.googlenav.ui.view.android.ci.a(Unknown Source)
E/AndroidRuntime( 1773): at com.google.googlenav.ui.view.android.cb.a(Unknown Source)
E/AndroidRuntime( 1773): at com.google.googlenav.ui.view.android.BaseAndroidDialog.show(Unknown Source)
E/AndroidRuntime( 1773): at com.google.googlenav.ui.view.android.m.d(Unknown Source)
E/AndroidRuntime( 1773): at com.google.googlenav.ui.view.android.K.b(Unknown Source)
E/AndroidRuntime( 1773): at aL.i.o(Unknown Source)
E/AndroidRuntime( 1773): at aL.j.R(Unknown Source)
E/AndroidRuntime( 1773): at aL.j.Q(Unknown Source)
E/AndroidRuntime( 1773): at aL.j.G(Unknown Source)
E/AndroidRuntime( 1773): at aL.j.c(Unknown Source)
E/AndroidRuntime( 1773): at aL.aR.a(Unknown Source)
E/AndroidRuntime( 1773): at aL.aR.b(Unknown Source)
E/AndroidRuntime( 1773): at aL.ai.b(Unknown Source)
E/AndroidRuntime( 1773): at aL.ai.a(Unknown Source)
E/AndroidRuntime( 1773): at com.google.googlenav.ui.H.a(Unknown Source)
E/AndroidRuntime( 1773): at com.google.googlenav.ui.af.run(Unknown Source)
E/AndroidRuntime( 1773): at android.os.Handler.handleCallback(Handler.java:605)
E/AndroidRuntime( 1773): at android.os.Handler.dispatchMessage(Handler.java:92)
E/AndroidRuntime( 1773): at android.os.Looper.loop(Looper.java:137)
E/AndroidRuntime( 1773): at android.app.ActivityThread.main(ActivityThread.java:4424)
E/AndroidRuntime( 1773): at java.lang.reflect.Method.invokeNative(Native Method)
E/AndroidRuntime( 1773): at java.lang.reflect.Method.invoke(Method.java:511)
E/AndroidRuntime( 1773): at com.android.internal.os.ZygoteInit$MethodAndArgsCaller.run(ZygoteInit.java:784)
E/AndroidRuntime( 1773): at com.android.internal.os.ZygoteInit.main(ZygoteInit.java:551)
E/AndroidRuntime( 1773): at dalvik.system.NativeStart.main(Native Method)
W/ActivityManager( 163): Force finishing activity com.google.android.apps.maps/com.google.android.maps.MapsActivity
D/dalvikvm( 163): GC_FOR_ALLOC freed 772K, 25% free 10137K/13447K, paused 64ms
W/ActivityManager( 163): Activity pause timeout for ActivityRecord{412a1630 com.google.android.apps.maps/com.google.android.maps.MapsActivity}
D/dalvikvm( 1773): GC_CONCURRENT freed 1394K, 11% free 12931K/14407K, paused 3ms+6ms
D/dalvikvm( 362): GC_CONCURRENT freed 4255K, 49% free 8423K/16199K, paused 2ms+4ms
D/dalvikvm( 362): GC_FOR_ALLOC freed 320K, 49% free 8295K/16199K, paused 25ms
I/dalvikvm-heap( 362): Grow heap (frag case) to 9.708MB for 1644560-byte allocation
D/dalvikvm( 362): GC_FOR_ALLOC freed 5K, 39% free 9895K/16199K, paused 25ms
D/dalvikvm( 362): GC_CONCURRENT freed <1K, 39% free 9902K/16199K, paused 2ms+15ms
D/dalvikvm( 362): GC_FOR_ALLOC freed 1610K, 46% free 8848K/16199K, paused 26ms
I/dalvikvm-heap( 362): Grow heap (frag case) to 9.907MB for 1286224-byte allocation
D/dalvikvm( 362): GC_FOR_ALLOC freed 404K, 41% free 9700K/16199K, paused 25ms
D/dalvikvm( 362): GC_CONCURRENT freed 2K, 40% free 9847K/16199K, paused 2ms+5ms
D/dalvikvm( 362): GC_CONCURRENT freed 1662K, 43% free 9291K/16199K, paused 3ms+5ms
D/dalvikvm( 362): GC_FOR_ALLOC freed 459K, 43% free 9320K/16199K, paused 44ms
I/dalvikvm-heap( 362): Grow heap (frag case) to 10.368MB for 1286224-byte allocation
D/dalvikvm( 362): GC_FOR_ALLOC freed 148K, 36% free 10428K/16199K, paused 37ms
D/dalvikvm( 362): GC_CONCURRENT freed 2K, 35% free 10578K/16199K, paused 5ms+6ms
D/dalvikvm( 1773): GC_CONCURRENT freed 1240K, 9% free 13762K/15047K, paused 3ms+6ms
D/dalvikvm( 1773): GC_CONCURRENT freed 1407K, 10% free 14428K/15879K, paused 3ms+7ms
D/dalvikvm( 1773): GC_CONCURRENT freed 2076K, 14% free 14423K/16583K, paused 3ms+6ms
D/dalvikvm( 1773): GC_FOR_ALLOC freed 1579K, 14% free 14336K/16583K, paused 70ms
W/ActivityManager( 163): Activity destroy timeout for ActivityRecord{412a1630 com.google.android.apps.maps/com.google.android.maps.MapsActivity}
D/dalvikvm( 634): GC_CONCURRENT freed 443K, 11% free 7552K/8391K, paused 2ms+2ms
I/Process ( 1773): Sending signal. PID: 1773 SIG: 9
W/InputDispatcher( 163): channel '416129c8 com.google.android.apps.maps/com.google.android.maps.MapsActivity (server)' ~ Consumer closed input channel or an error occurred. events=0x8
E/InputDispatcher( 163): channel '416129c8 com.google.android.apps.maps/com.google.android.maps.MapsActivity (server)' ~ Channel is unrecoverably broken and will be disposed!
I/WindowManager( 163): WIN DEATH: Window{4118de58 com.google.android.apps.maps/com.google.android.maps.MapsActivity paused=false}
I/ActivityManager( 163): Process com.google.android.apps.maps (pid 1773) has died.
W/InputDispatcher( 163): Attempted to unregister already unregistered input channel '416129c8 com.google.android.apps.maps/com.google.android.maps.MapsActivity (server)'
W/GpsLocationProvider( 163): Unneeded remove listener for uid 1000
I/WindowManager( 163): WINDOW DIED Window{416129c8 com.google.android.apps.maps/com.google.android.maps.MapsActivity paused=false}
W/WindowManager( 163): Force-removing child win Window{411a9f00 Panel:com.google.android.apps.maps/com.google.android.maps.MapsActivity paused=false} from container Window{416129c8 com.google.android.apps.maps/com.google.android.maps.MapsActivity paused=false}
W/WindowManager( 163): Force-removing child win Window{41286850 SurfaceView paused=false} from container Window{416129c8 com.google.android.apps.maps/com.google.android.maps.MapsActivity paused=false}
W/WindowManager( 163): Failed looking up window
W/WindowManager( 163): java.lang.IllegalArgumentException: Requested window android.os.BinderProxy@414cef48 does not exist
W/WindowManager( 163): at com.android.server.wm.WindowManagerService.windowForClientLocked(WindowManagerService.java:7156)
W/WindowManager( 163): at com.android.server.wm.WindowManagerService.windowForClientLocked(WindowManagerService.java:7147)
W/WindowManager( 163): at com.android.server.wm.WindowState$DeathRecipient.binderDied(WindowState.java:1529)
W/WindowManager( 163): at android.os.BinderProxy.sendDeathNotice(Binder.java:417)
W/WindowManager( 163): at dalvik.system.NativeStart.run(Native Method)
I/WindowManager( 163): WIN DEATH: null
W/WindowManager( 163): Failed looking up window
W/WindowManager( 163): java.lang.IllegalArgumentException: Requested window android.os.BinderProxy@410ca068 does not exist
W/WindowManager( 163): at com.android.server.wm.WindowManagerService.windowForClientLocked(WindowManagerService.java:7156)
W/WindowManager( 163): at com.android.server.wm.WindowManagerService.windowForClientLocked(WindowManagerService.java:7147)
W/WindowManager( 163): at com.android.server.wm.WindowState$DeathRecipient.binderDied(WindowState.java:1529)
W/WindowManager( 163): at android.os.BinderProxy.sendDeathNotice(Binder.java:417)
W/WindowManager( 163): at com.android.server.SystemServer.init1(Native Method)
W/WindowManager( 163): at com.android.server.SystemServer.main(SystemServer.java:808)
W/WindowManager( 163): at java.lang.reflect.Method.invokeNative(Native Method)
W/WindowManager( 163): at java.lang.reflect.Method.invoke(Method.java:511)
W/WindowManager( 163): at com.android.internal.os.ZygoteInit$MethodAndArgsCaller.run(ZygoteInit.java:784)
W/WindowManager( 163): at com.android.internal.os.ZygoteInit.main(ZygoteInit.java:551)
W/WindowManager( 163): at dalvik.system.NativeStart.main(Native Method)
I/WindowManager( 163): WIN DEATH: null
W/WindowManager( 163): Failed looking up window
W/WindowManager( 163): java.lang.IllegalArgumentException: Requested window android.os.BinderProxy@414900b8 does not exist
W/WindowManager( 163): at com.android.server.wm.WindowManagerService.windowForClientLocked(WindowManagerService.java:7156)
W/WindowManager( 163): at com.android.server.wm.WindowManagerService.windowForClientLocked(WindowManagerService.java:7147)
W/WindowManager( 163): at com.android.server.wm.WindowState$DeathRecipient.binderDied(WindowState.java:1529)
W/WindowManager( 163): at android.os.BinderProxy.sendDeathNotice(Binder.java:417)
W/WindowManager( 163): at dalvik.system.NativeStart.run(Native Method)
I/WindowManager( 163): WIN DEATH: null
I/WindowManager( 163): WIN DEATH: Window{4147b0b8 com.google.android.apps.maps/com.google.android.maps.MapsActivity paused=false}
I/AKMD2 ( 96): akmd2 : Compass Closed.
D/dalvikvm( 634): GC_CONCURRENT freed 445K, 11% free 7552K/8391K, paused 1ms+2ms
I/power ( 163): *** set_screen_state 0
D/SurfaceFlinger( 89): About to give-up screen, flinger = 0x1539918
D/dalvikvm( 163): GC_FOR_ALLOC freed 610K, 25% free 10116K/13447K, paused 49ms
V/TransportControlView( 163): Create TCV com.android.internal.widget.TransportControlView@4152a5c8
I/TabletStatusBar( 236): DISABLE_CLOCK: yes
W/ThrottleService( 163): unable to find stats for iface rmnet0
D/dalvikvm( 163): GC_CONCURRENT freed 276K, 21% free 10629K/13447K, paused 3ms+4ms