D/dalvikvm( 236): GC_CONCURRENT freed 13K, 2% free 18322K/18631K, paused 2ms+4ms
I/bluedroid( 163): bt_enable: ret: -1, errno: 19
I/wpa_supplicant( 229): wlan0: Associated with 00:04:ed:d1:77:31
I/bluedroid( 163): bt_enable: ret: -1, errno: 19
D/dalvikvm( 362): GC_CONCURRENT freed 231K, 5% free 7173K/7495K, paused 2ms+3ms
I/bluedroid( 163): bt_enable: ret: -1, errno: 19
I/ActivityManager( 163): Displayed com.android.launcher/com.android.launcher2.Launcher: +3s106ms
I/bluedroid( 163): bt_enable: ret: -1, errno: 19
D/PowerManagerService( 163): bootCompleted
V/DevicePolicyManagerService( 163): Sending password expiration notifications for action android.intent.action.BOOT_COMPLETED
D/dalvikvm( 236): GC_FOR_ALLOC freed 0K, 2% free 18322K/18631K, paused 40ms
D/VoldCmdListener( 85): volume mount /mnt/external1
I/Vold ( 85): /dev/block/vold/179:1 being considered for volume sdcard
D/Vold ( 85): Volume sdcard state changing 1 (Idle-Unmounted) -> 3 (Checking)
D/MountService( 163): volume state changed for /mnt/external1 (unmounted -> checking)
D/dalvikvm( 408): GC_CONCURRENT freed 178K, 4% free 6828K/7111K, paused 3ms+8ms
D/MtpService( 315): onStorageStateChanged /mnt/external1 unmounted -> checking
I/dalvikvm-heap( 236): Grow heap (frag case) to 27.307MB for 9830416-byte allocation
D/MountService( 163): sendStorageIntent Intent { act=android.intent.action.MEDIA_CHECKING dat=file:///mnt/external1 (has extras) }
D/androidNetworkLocationListeners( 298): Still have listener com.google.android.location.internal.client.NetworkLocationClient$1@410e2630
I/ActivityManager( 163): Start proc com.android.contacts for broadcast com.android.contacts/.calllog.CallLogReceiver: pid=506 uid=10001 gids={3003, 1015}
V/WiredAccessoryObserver( 163): init()
D/androidNetworkLocationListeners( 298): Still have listener com.google.android.location.internal.client.NetworkLocationClient$1@410e2630
I/bluedroid( 163): bt_enable: ret: -1, errno: 19
D/dalvikvm( 236): GC_CONCURRENT freed 0K, 2% free 27922K/28295K, paused 2ms+13ms
I/bluedroid( 163): bt_enable: ret: -1, errno: 19
D/libEGL ( 236): loaded /system/lib/egl/libGLES_android.so
D/libEGL ( 236): loaded /system/lib/egl/libEGL_tegra.so
D/libEGL ( 236): loaded /system/lib/egl/libGLESv1_CM_tegra.so
D/libEGL ( 236): loaded /system/lib/egl/libGLESv2_tegra.so
D/dalvikvm( 163): GC_CONCURRENT freed 928K, 27% free 9865K/13447K, paused 3ms+7ms
I/bluedroid( 163): bt_enable: ret: -1, errno: 19
D/NetworkLocator( 298): null cell state delivered
V/OtaStartupReceiver( 347): onReceive: intent action=android.intent.action.BOOT_COMPLETED mOtaspMode=-1
D/OtaStartupReceiver( 347): Register our PhoneStateListener
V/OtaStartupReceiver( 347): resolvInfo = null, provisioned = true, runningSetupWizard = true
W/OtaStartupReceiver( 347): Network is not ready. Registering to receive notification.
V/OtaStartupReceiver( 347): onOtaspChanged: mOtaspMode=1
I/bluedroid( 163): bt_enable: ret: -1, errno: 19
D/AccountTypeManager( 506): Registering 1 extension packages
I//system/bin/fsck_msdos( 85): ** /dev/block/vold/179:1
I/RecoverySystem( 163): Deleted: /cache/recovery/log
I/ActivityManager( 163): Start proc com.android.voicedialer for broadcast com.android.voicedialer/.VoiceDialerReceiver: pid=545 uid=10007 gids={3002}
D/NetworkLocator( 298): null cell state delivered
I/bluedroid( 163): bt_enable: ret: -1, errno: 19
I//system/bin/fsck_msdos( 85): ** Phase 1 - Read and Compare FATs
I//system/bin/fsck_msdos( 85): Attempting to allocate 1366 KB for FAT
I/SurfaceFlinger( 89): Boot is finished (27601 ms)
D/NetworkLocator( 298): null cell state delivered
D/NetworkLocator( 298): null cell state delivered
D/NetworkLocator( 298): null cell state delivered
I/ActivityManager( 163): Start proc com.google.android.talk for broadcast com.google.android.talk/.videochat.BootCompleteReceiver: pid=563 uid=10011 gids={3003, 1015, 1006, 3002}
I/AccountTypeManager( 506): Loaded meta-data for 2 account types, 1 accounts in 201ms(wall) 13ms(cpu)
I/bluedroid( 163): bt_enable: ret: -1, errno: 19
I/wpa_supplicant( 229): wlan0: WPA: Key negotiation completed with 00:04:ed:d1:77:31 [PTK=TKIP GTK=TKIP]
I/wpa_supplicant( 229): wlan0: CTRL-EVENT-CONNECTED - Connection to 00:04:ed:d1:77:31 completed (auth) [id=0 id_str=]
E/DefaultVoicemailNotifier( 506): No voicemails to notify about: clear the notification.
I/bluedroid( 163): bt_enable: ret: -1, errno: 19
I/ActivityThread( 563): Pub com.google.android.talk.SuggestionProvider: com.google.android.talk.SuggestionsProvider
D/ConnectivityService( 163): handleInetConditionChange: no active default network - ignore
D/dalvikvm( 298): GC_CONCURRENT freed 709K, 10% free 6985K/7751K, paused 3ms+2ms
D/dalvikvm( 563): GC_CONCURRENT freed 256K, 6% free 6687K/7047K, paused 2ms+3ms
I/bluedroid( 163): bt_enable: ret: -1, errno: 19
I//system/bin/fsck_msdos( 85): Attempting to allocate 1366 KB for FAT
I/bluedroid( 163): bt_enable: ret: -1, errno: 19
I/bluedroid( 163): bt_enable: ret: -1, errno: 19
I//system/bin/fsck_msdos( 85): ** Phase 2 - Check Cluster Chains
I/bluedroid( 163): bt_enable: ret: -1, errno: 19
I//system/bin/fsck_msdos( 85): ** Phase 3 - Checking Directories
I/bluedroid( 163): bt_enable: ret: -1, errno: 19
I//system/bin/fsck_msdos( 85): ** Phase 4 - Checking for Lost Files
I//system/bin/fsck_msdos( 85): Free space in FSInfo block (49587) not correct (22543)
I//system/bin/fsck_msdos( 85): FIXED
I//system/bin/fsck_msdos( 85): 100 files, 90172 free (22543 clusters)
I/Vold ( 85): Filesystem check completed OK
I/Vold ( 85): Device /dev/block/vold/179:1, target /mnt/external1 mounted @ /mnt/secure/staging
D/Vold ( 85): Volume sdcard state changing 3 (Checking) -> 4 (Mounted)
D/MtpService( 315): onStorageStateChanged /mnt/external1 checking -> mounted
D/MtpService( 315): addStorageLocked 131073 /mnt/external1
D/MountService( 163): volume state changed for /mnt/external1 (checking -> mounted)
W/MountService( 163): Duplicate state transition (mounted -> mounted) for /mnt/sdcard
D/MountService( 163): sendStorageIntent Intent { act=android.intent.action.MEDIA_MOUNTED dat=file:///mnt/sdcard (has extras) }
D/MountService( 163): sendStorageIntent Intent { act=android.intent.action.MEDIA_MOUNTED dat=file:///mnt/external1 (has extras) }
I/bluedroid( 163): bt_enable: ret: -1, errno: 19
I/bluedroid( 163): bt_enable: ret: -1, errno: 19
I/bluedroid( 163): bt_enable: ret: -1, errno: 19
I/bluedroid( 163): bt_enable: ret: -1, errno: 19
I/bluedroid( 163): bt_enable: ret: -1, errno: 19
I/bluedroid( 163): bt_enable: ret: -1, errno: 19
I/bluedroid( 163): bt_enable: ret: -1, errno: 19
D/vclib:CallStateClient( 563): startListening
I/talk ( 563): Refresh the supporeted camera state
I/ActivityManager( 163): Start proc com.google.android.apps.maps:FriendService for broadcast com.google.android.apps.maps/com.google.googlenav.friend.android.ServiceReceiver: pid=585 uid=10018 gids={3003, 1015}
I/bluedroid( 163): bt_enable: ret: -1, errno: 19
I/dalvikvm( 585): Turning on JNI app bug workarounds for target SDK version 13...
D/dalvikvm( 298): GC_CONCURRENT freed 424K, 9% free 7072K/7751K, paused 2ms+3ms
I/bluedroid( 163): bt_enable: ret: -1, errno: 19
D/dalvikvm( 362): GC_CONCURRENT freed 207K, 4% free 7396K/7687K, paused 2ms+3ms
D/dalvikvm( 585): GC_CONCURRENT freed 163K, 3% free 6839K/7047K, paused 3ms+4ms
I/bluedroid( 163): bt_enable: ret: -1, errno: 19
D/dalvikvm( 163): GC_CONCURRENT freed 728K, 27% free 9885K/13447K, paused 3ms+19ms
I/bluedroid( 163): bt_enable: ret: -1, errno: 19
D/dalvikvm( 298): GC_FOR_ALLOC freed 116K, 10% free 7041K/7751K, paused 104ms
I/talk ( 563): supported front camera false
D/dalvikvm( 585): GC_CONCURRENT freed 139K, 4% free 7189K/7431K, paused 2ms+5ms
I/bluedroid( 163): bt_enable: ret: -1, errno: 19
I/bluedroid( 163): bt_enable: ret: -1, errno: 19
D/DhcpInfoInternal( 163): makeLinkProperties with empty dns2!
D/DhcpInfoInternal( 163): makeLinkProperties with empty dns2!
D/ConnectivityService( 163): ConnectivityChange for WIFI: CONNECTED/CONNECTED
D/dalvikvm( 362): GC_CONCURRENT freed 245K, 5% free 7595K/7943K, paused 2ms+2ms
D/ConnectivityService( 163): ConnectivityChange for WIFI: CONNECTED/CONNECTED
W/NetworkStats( 163): dropping UID delta from unknown iface: iface=wlan0 uid=0 set=DEFAULT tag=0x0 rxBytes=0 rxPackets=0 txBytes=272 txPackets=4 operations=0
I/bluedroid( 163): bt_enable: ret: -1, errno: 19
D/ConnectivityService( 163): handleConnectivityChange: address are the same reset per doReset linkProperty[1]: resetMask=0
D/Smack ( 298): [SSLXMPPConnection@1091235920] create socket connection(mtalk.google.com, 5228)
I/bluedroid( 163): bt_enable: ret: -1, errno: 19
D/dalvikvm( 585): GC_CONCURRENT freed 232K, 4% free 7397K/7687K, paused 2ms+7ms
I/dalvikvm( 634): Turning on JNI app bug workarounds for target SDK version 13...
I/ActivityManager( 163): Start proc com.google.android.apps.maps:NetworkLocationService for service com.google.android.apps.maps/com.google.android.location.internal.server.NetworkLocationService: pid=634 uid=10018 gids={3003, 1015}
D/dalvikvm( 163): GREF has increased to 401
W/ActivityManager( 163): Permission Denial: receiving Intent { act=android.intent.action.BOOT_COMPLETED flg=0x10 } to com.android.musicfx requires android.permission.RECEIVE_BOOT_COMPLETED due to sender null (uid 1000)
I/ActivityManager( 163): Start proc com.google.android.gm for broadcast com.google.android.gm/.MailIntentReceiver: pid=648 uid=10029 gids={3003, 1015}
I/bluedroid( 163): bt_enable: ret: -1, errno: 19
D/dalvikvm( 634): GC_CONCURRENT freed 166K, 3% free 6837K/7047K, paused 2ms+3ms
I/bluedroid( 163): bt_enable: ret: -1, errno: 19
I/ActivityThread( 648): Pub gmail-ls: com.google.android.gm.provider.MailProvider
D/dalvikvm( 362): GC_CONCURRENT freed 254K, 5% free 7783K/8135K, paused 2ms+7ms
I/ActivityThread( 648): Pub com.google.android.gmail.SuggestionProvider: com.google.android.gm.SuggestionsProvider
D/dalvikvm( 634): GC_CONCURRENT freed 140K, 4% free 7185K/7431K, paused 2ms+2ms
I/bluedroid( 163): bt_enable: ret: -1, errno: 19
W/ActivityManager( 163): Permission Denial: receiving Intent { act=android.intent.action.BOOT_COMPLETED flg=0x10 } to com.koushikdutta.rommanager requires android.permission.RECEIVE_BOOT_COMPLETED due to sender null (uid 1000)
I/ActivityManager( 163): Start proc com.noshufou.android.su for broadcast com.noshufou.android.su/.UpdatePermissionsReceiver: pid=666 uid=10034 gids={3003, 1015}
I/dalvikvm( 666): Turning on JNI app bug workarounds for target SDK version 11...
I/ActivityThread( 666): Pub com.noshufou.android.su.provider: com.noshufou.android.su.provider.PermissionsProvider
I/bluedroid( 163): bt_enable: ret: -1, errno: 19
D/dalvikvm( 298): GC_FOR_ALLOC freed 247K, 9% free 7118K/7751K, paused 22ms
I/bluedroid( 163): bt_enable: ret: -1, errno: 19
I/bluedroid( 163): bt_enable: ret: -1, errno: 19
I/bluedroid( 163): bt_enable: ret: -1, errno: 19
I/bluedroid( 163): bt_enable: ret: -1, errno: 19
D/Su.Util ( 666): Start PermissionsDbService
I/bluedroid( 163): bt_enable: ret: -1, errno: 19
D/Su.PermissionsDbService( 666): onHandleIntent()
D/Su.PermissionsDbService( 666): permissions.sqlite opened
D/dalvikvm( 298): GC_FOR_ALLOC freed 179K, 8% free 7143K/7751K, paused 24ms
I/dalvikvm-heap( 298): Grow heap (frag case) to 7.031MB for 16400-byte allocation
D/Su.PermissionsDbService( 666): got cursor from su.db
D/Su.PermissionsDbService( 666): closing permissions.sqlite
D/dalvikvm( 634): GC_CONCURRENT freed 190K, 4% free 7401K/7687K, paused 2ms+2ms
D/dalvikvm( 298): GC_FOR_ALLOC freed 0K, 9% free 7159K/7815K, paused 20ms
I/bluedroid( 163): bt_enable: ret: -1, errno: 19
V/SystemUpdateService( 298): onStartCommand: launching task
V/SystemUpdateService( 298): UpdateTask.doInBackground
D/dalvikvm( 666): GC_CONCURRENT freed 342K, 7% free 6603K/7047K, paused 2ms+2ms
D/dalvikvm( 298): GC_FOR_ALLOC freed 179K, 9% free 7163K/7815K, paused 22ms
I/SystemUpdateService( 298): checking for post-install intent
I/SystemUpdateService( 298): cancelUpdate (empty URL)
I/SystemUpdateService( 298): cancelUpdate
I/SystemUpdateService( 298): removeAllDownloads (cancelUpdate)
I/SystemUpdate.Download( 298): removeAllDownloads
D/Smack ( 298): [SSLXMPPConnection@1091235920] connected to mtalk.google.com, 5228
D/StatsUploadService( 298): Upload disabled
I/bluedroid( 163): bt_enable: ret: -1, errno: 19
D/dalvikvm( 163): GC_CONCURRENT freed 697K, 26% free 10038K/13447K, paused 3ms+4ms
I/bluedroid( 163): bt_enable: ret: -1, errno: 19
D/PermissionCache( 89): checking android.permission.READ_FRAME_BUFFER for uid=1000 => granted (199 us)
I/ActivityManager( 163): START {flg=0x10000000 cmp=com.google.android.gsf/.update.SystemUpdateInstallDialog} from pid 298
D/dalvikvm( 648): GC_CONCURRENT freed 264K, 5% free 6726K/7047K, paused 3ms+3ms
D/dalvikvm( 479): GC_CONCURRENT freed 355K, 6% free 6583K/6983K, paused 2ms+3ms
I/bluedroid( 163): bt_enable: ret: -1, errno: 19
D/dalvikvm( 634): GC_CONCURRENT freed 166K, 3% free 7789K/8007K, paused 3ms+3ms
I/bluedroid( 163): bt_enable: ret: -1, errno: 19
I/bluedroid( 163): bt_enable: ret: -1, errno: 19
I/bluedroid( 163): bt_enable: ret: -1, errno: 19
I/bluedroid( 163): bt_enable: ret: -1, errno: 19
I/Gmail ( 648): calculateUnknownSyncRationalesAndPurgeInBackground: queueing
I/Gmail ( 648): Sending notification intent: Intent { act=android.intent.action.PROVIDER_CHANGED dat=content://gmail-ls/unread/^iim (has extras) }
I/ActivityManager( 163): Force stopping package com.android.vending uid=10008
I/ActivityManager( 163): START {flg=0x10000000 cmp=com.google.android.gsf/.update.SystemUpdateDownloadDialog} from pid 298
D/PackageManager( 163): generateServicesMap(android.accounts.AccountAuthenticator): 3 services unchanged
I/Launcher( 362): setLoadOnResume
D/PackageManager( 163): generateServicesMap(android.content.SyncAdapter): 10 services unchanged
D/AccountTypeManager( 506): Registering 1 extension packages
I/AccountTypeManager( 506): Loaded meta-data for 2 account types, 1 accounts in 30ms(wall) 3ms(cpu)
I/bluedroid( 163): bt_enable: ret: -1, errno: 19
I/Gmail ( 648): calculateUnknownSyncRationalesAndPurgeInBackground: queueing
D/dalvikvm( 298): GC_CONCURRENT freed 318K, 8% free 7235K/7815K, paused 3ms+3ms
D/dalvikvm( 163): GC_EXPLICIT freed 593K, 25% free 10154K/13447K, paused 3ms+8ms
I/bluedroid( 163): bt_enable: ret: -1, errno: 19
I/Gmail ( 648): Sending notification intent: Intent { act=android.intent.action.PROVIDER_CHANGED dat=content://gmail-ls/unread/^i (has extras) }
I/Gmail ( 648): calculateUnknownSyncRationalesAndPurgeInBackground: running
I/ActivityManager( 163): Start proc com.google.android.apps.genie.geniewidget for broadcast com.google.android.apps.genie.geniewidget/.miniwidget.MiniWidgetProvider: pid=717 uid=10047 gids={3003, 1015}
I/dalvikvm( 717): Turning on JNI app bug workarounds for target SDK version 11...
I/bluedroid( 163): bt_enable: ret: -1, errno: 19
I/RlzPingService( 479): Setting next ping for 1324956244464
V/SystemUpdateService( 298): onPostExecute: false
V/SystemUpdateService( 298): shutting down service
I/Gmail ( 648): calculateUnknownSyncRationalesAndPurgeInBackground: running
I/bluedroid( 163): bt_enable: ret: -1, errno: 19
I/ActivityThread( 717): Pub com.google.android.apps.genie.geniewidget.weather: com.google.android.apps.genie.geniewidget.providers.WeatherProvider
I/ActivityThread( 717): Pub com.google.android.apps.genie.geniewidget.newsimage: com.google.android.apps.genie.geniewidget.providers.NewsImageProvider
I/bluedroid( 163): bt_enable: ret: -1, errno: 19
D/dalvikvm( 298): GREF has increased to 201
D/Smack ( 298): [SSLXMPPConnection@1091235920] [XMPPConn] login: got servicename from response: mcs.android.com
D/Smack ( 298): [SSLXMPPConnection@1091235920] [XMPPConn] login: authenticated
W/Genie ( 717): Cache file not found: java.io.FileNotFoundException: /data/data/com.google.android.apps.genie.geniewidget/cache/genie_masfcache: open failed: ENOENT (No such file or directory)
W/Genie ( 717): Cache file not found: java.io.FileNotFoundException: /data/data/com.google.android.apps.genie.geniewidget/cache/genie_iconcache: open failed: ENOENT (No such file or directory)
D/dalvikvm( 717): GC_CONCURRENT freed 347K, 6% free 6655K/7047K, paused 3ms+3ms
W/CursorWrapperInner( 717): Cursor finalized without prior close()
I/bluedroid( 163): bt_enable: ret: -1, errno: 19
I/ActivityManager( 163): Start proc com.google.android.exchange for broadcast com.google.android.exchange/com.android.exchange.service.ExchangeBroadcastReceiver: pid=740 uid=10050 gids={3003, 1015}
I/bluedroid( 163): bt_enable: ret: -1, errno: 19
I/bluedroid( 163): bt_enable: ret: -1, errno: 19
I/bluedroid( 163): bt_enable: ret: -1, errno: 19
I/bluedroid( 163): bt_enable: ret: -1, errno: 19
I/bluedroid( 163): bt_enable: ret: -1, errno: 19
I/ActivityThread( 740): Pub com.android.exchange.directory.provider: com.android.exchange.provider.ExchangeDirectoryProvider
D/Tethering( 163): MasterInitialState.processMessage what=3
D/dalvikvm( 298): GC_EXPLICIT freed 357K, 8% free 7246K/7815K, paused 2ms+12ms
D/Tethering( 163): MasterInitialState.processMessage what=3
I/bluedroid( 163): bt_enable: ret: -1, errno: 19
I/ActivityManager( 163): Start proc com.google.android.email for broadcast com.google.android.email/com.android.email.service.EmailBroadcastReceiver: pid=755 uid=10051 gids={3003, 1015}
D/dalvikvm( 90): GC_EXPLICIT freed 37K, 5% free 6497K/6787K, paused 5ms+3ms
D/ExchangeService( 740): !!! EAS ExchangeService, onStartCommand, startingUp = false, running = false
D/dalvikvm( 90): GC_EXPLICIT freed <1K, 5% free 6497K/6787K, paused 2ms+2ms
D/dalvikvm( 163): DexOpt: sleeping on flock(/data/dalvik-cache/system@app@EmailGoogle.apk@classes.dex)
D/dalvikvm( 90): GC_EXPLICIT freed <1K, 5% free 6497K/6787K, paused 2ms+3ms
I/bluedroid( 163): bt_enable: ret: -1, errno: 19
I/ActivityThread( 755): Pub com.android.email.attachmentprovider: com.android.email.provider.AttachmentProvider
I/ActivityThread( 755): Pub com.android.email.provider;com.android.email.notifier: com.android.email.provider.EmailProvider
I/bluedroid( 163): bt_enable: ret: -1, errno: 19
I/bluedroid( 163): bt_enable: ret: -1, errno: 19
I/bluedroid( 163): bt_enable: ret: -1, errno: 19
D/GpsLocationProvider( 163): NTP server returned: 1324351447279 (Tue Dec 20 03:24:07 GMT+00:00 2011) reference: 39704 certainty: 183 system time offset: 1437
I/bluedroid( 163): bt_enable: ret: -1, errno: 19
D/ConnectivityService( 163): handleInetConditionHoldEnd: net=1, condition=100, published condition=0
I/bluedroid( 163): bt_enable: ret: -1, errno: 19
I/ActivityManager( 163): Start proc com.google.android.deskclock for broadcast com.google.android.deskclock/com.android.deskclock.AlarmInitReceiver: pid=777 uid=10052 gids={}
I/bluedroid( 163): bt_enable: ret: -1, errno: 19
D/Eas Debug( 740): Logging:
D/ExchangeService( 740): !!! EAS ExchangeService, onStartCommand, startingUp = true, running = false
D/ExchangeService( 740): Received deviceId from Email app: android1324337106319
D/ExchangeService( 740): Reconciling accounts...
D/Eas Debug( 740): Logging:
D/dalvikvm( 163): GREF has increased to 501
I/ActivityThread( 777): Pub com.android.deskclock: com.android.deskclock.AlarmProvider
V/AlarmClock( 777): AlarmInitReceiver finished
I/bluedroid( 163): bt_enable: ret: -1, errno: 19
I/ActivityManager( 163): Start proc com.android.providers.calendar for broadcast com.android.providers.calendar/.CalendarReceiver: pid=805 uid=10054 gids={3003, 1015}
I/bluedroid( 163): bt_enable: ret: -1, errno: 19
I/bluedroid( 163): bt_enable: ret: -1, errno: 19
I/bluedroid( 163): bt_enable: ret: -1, errno: 19
I/ActivityThread( 805): Pub com.android.calendar: com.android.providers.calendar.CalendarProvider2
D/ConnectivityService( 163): handleInetConditionHoldEnd: net=1, condition=100, published condition=100
I/bluedroid( 163): bt_enable: ret: -1, errno: 19
D/MediaScannerReceiver( 315): action: android.intent.action.MEDIA_MOUNTED path: /mnt/sdcard
I/bluedroid( 163): bt_enable: ret: -1, errno: 19
I/ActivityManager( 163): Start proc com.google.android.apps.uploader for broadcast com.google.android.apps.uploader/.ConnectivityBroadcastReceiver: pid=822 uid=10039 gids={3003}
I/dalvikvm( 822): Turning on JNI app bug workarounds for target SDK version 11...
D/dalvikvm( 163): GC_CONCURRENT freed 896K, 25% free 10117K/13447K, paused 3ms+7ms
I/bluedroid( 163): bt_enable: ret: -1, errno: 19
I/ActivityThread( 822): Pub com.google.android.apps.uploader: com.google.android.apps.uploader.UploadsContentProvider
I/ActivityThread( 822): Pub com.google.photos.provider.Album: com.google.android.apps.uploader.clients.picasa.AlbumProvider
D/MediaUploader( 822): UploaderApplication.onCreate
D/MediaUploader( 822): nonWifiLimit=20971520, default=20971520
I/MediaUploader( 822): No need to wake up
D/MediaScannerReceiver( 315): action: android.intent.action.MEDIA_MOUNTED path: /mnt/external1
I/MediaUploader( 822): No need to wake up
I/talk ( 563): onMcsConnectionStarted
I/bluedroid( 163): bt_enable: ret: -1, errno: 19
D/dalvikvm( 315): GC_CONCURRENT freed 347K, 6% free 6751K/7175K, paused 2ms+6ms
I/ActivityManager( 163): Start proc com.android.vending for broadcast com.android.vending/com.google.android.finsky.receivers.PersistentPackageMonitorReceiver: pid=846 uid=10008 gids={3003, 1015}
I/bluedroid( 163): bt_enable: ret: -1, errno: 19
I/bluedroid( 163): bt_enable: ret: -1, errno: 19
D/dalvikvm( 755): GC_CONCURRENT freed 245K, 5% free 6750K/7047K, paused 2ms+3ms
D/ExchangeService( 740): !!! EAS ExchangeService, onStartCommand, startingUp = true, running = false
I/bluedroid( 163): bt_enable: ret: -1, errno: 19
I/ActivityThread( 846): Pub com.google.android.finsky.RecentSuggestionsProvider: com.google.android.finsky.providers.RecentSuggestionsProvider
I/bluedroid( 163): bt_enable: ret: -1, errno: 19
I/bluedroid( 163): bt_enable: ret: -1, errno: 19
D/dalvikvm( 846): GC_CONCURRENT freed 237K, 4% free 6767K/7047K, paused 2ms+2ms
I/bluedroid( 163): bt_enable: ret: -1, errno: 19
I/bluedroid( 163): bt_enable: ret: -1, errno: 19
D/Finsky ( 846): [1] SanityChecker.run: # LocalAssets corrected : 0
D/Finsky ( 846): Sanity check took : 20 ms
D/dalvikvm( 846): GC_CONCURRENT freed 409K, 7% free 6898K/7367K, paused 2ms+4ms
I/CalendarProvider2( 805): Sending notification intent: Intent { act=android.intent.action.PROVIDER_CHANGED dat=content://com.android.calendar }
W/ContentResolver( 805): Failed to get type for: content://com.android.calendar (Unknown URL content://com.android.calendar)
I/ActivityManager( 163): Start proc com.google.android.googlequicksearchbox for broadcast com.google.android.googlequicksearchbox/.SourceUpdateReceiver: pid=876 uid=10042 gids={3003}
I/ActivityManager( 163): No longer want com.android.contacts (pid 506): hidden #16
D/dalvikvm( 163): GC_CONCURRENT freed 833K, 26% free 10076K/13447K, paused 3ms+5ms
I/bluedroid( 163): bt_enable: ret: -1, errno: 19
D/Finsky ( 846): [101] DownloadRecords.initializeAndPrune: Pruned 0 old downloads from the cursor.
I/ActivityManager( 163): No longer want com.google.android.gsf.login (pid 268): hidden #16
I/ActivityThread( 876): Pub com.google.android.googlequicksearchbox.shortcuts: com.google.android.googlequicksearchbox.WebHistoryProvider
I/ActivityThread( 876): Pub com.google.android.googlequicksearchbox.google: com.google.android.googlequicksearchbox.google.GoogleSuggestionProvider
I/bluedroid( 163): bt_enable: ret: -1, errno: 19
I/ActivityManager( 163): No longer want com.noshufou.android.su (pid 666): hidden #16
I/MediaUploader( 822): No need to wake up
I/bluedroid( 163): bt_enable: ret: -1, errno: 19
D/dalvikvm( 163): GC_EXPLICIT freed 163K, 26% free 10083K/13447K, paused 3ms+6ms
D/StatsUploadService( 298): Upload disabled
I/ActivityManager( 163): Start proc com.google.android.gallery3d for broadcast com.google.android.gallery3d/com.google.android.picasasync.ConnectivityReceiver: pid=894 uid=10048 gids={3003, 1015}
I/bluedroid( 163): bt_enable: ret: -1, errno: 19
I/ActivityThread( 894): Pub com.google.android.gallery3d.GooglePhotoProvider: com.google.android.picasasync.PicasaContentProvider
D/dalvikvm( 894): GC_CONCURRENT freed 412K, 7% free 6590K/7047K, paused 3ms+3ms
I/ActivityThread( 894): Pub com.google.android.gallery3d.provider: com.android.gallery3d.provider.GalleryProvider
I/bluedroid( 163): bt_enable: ret: -1, errno: 19
D/dalvikvm( 894): GC_CONCURRENT freed 417K, 8% free 6663K/7175K, paused 2ms+2ms
D/UploadsManager( 894): load newPhotoTracker: null
D/UploadsManager( 894): load all accounts: null
D/UploadsManager( 894): load all account-album pairs: null
V/PicasaContentProvider( 894): querySettings: defaults: {sync_on_wifi_only=1, auto_upload_account_type=null, sync_on_battery=1, sync_on_roaming=0, sync_photo_on_mobile=0, auto_upload_enabled=0, auto_upload_account_name=null}
D/UploadsManager( 894): settings not changed
D/PicasaSync( 894): sync account database
I/ActivityManager( 163): No longer want com.google.android.partnersetup (pid 479): hidden #16
I/MediaUploader( 822): No need to wake up
I/bluedroid( 163): bt_enable: ret: -1, errno: 19
D/PicasaSync( 894): accounts in DB=1
V/PicasaContentProvider( 894): querySettings: defaults: {sync_on_wifi_only=1, auto_upload_account_type=null, sync_on_battery=1, sync_on_roaming=0, sync_photo_on_mobile=0, auto_upload_enabled=0, auto_upload_account_name=null}
D/StatsUploadService( 298): Upload disabled
D/dalvikvm( 315): GC_CONCURRENT freed 303K, 6% free 6900K/7303K, paused 18ms+5ms
I/ActivityManager( 163): Start proc com.google.android.calendar for broadcast com.google.android.calendar/com.android.calendar.widget.CalendarAppWidgetService$CalendarFactory: pid=911 uid=10055 gids={3003}
I/bluedroid( 163): bt_enable: ret: -1, errno: 19
D/dalvikvm( 634): GC_CONCURRENT freed 795K, 11% free 7543K/8391K, paused 2ms+3ms
D/dalvikvm( 298): GC_CONCURRENT freed 431K, 7% free 7295K/7815K, paused 2ms+3ms
I/bluedroid( 163): bt_enable: ret: -1, errno: 19
I/bluedroid( 163): bt_enable: ret: -1, errno: 19
I/bluedroid( 163): bt_enable: ret: -1, errno: 19
I/bluedroid( 163): bt_enable: ret: -1, errno: 19
I/bluedroid( 163): bt_enable: ret: -1, errno: 19
I/bluedroid( 163): bt_enable: ret: -1, errno: 19
I/bluedroid( 163): bt_enable: ret: -1, errno: 19
I/ActivityThread( 911): Pub com.google.android.calendar.CalendarRecentSuggestionsProvider: com.android.calendar.CalendarRecentSuggestionsProvider
I/bluedroid( 163): bt_enable: ret: -1, errno: 19
I/bluedroid( 163): bt_enable: ret: -1, errno: 19
I/bluedroid( 163): bt_enable: ret: -1, errno: 19
I/bluedroid( 163): bt_enable: ret: -1, errno: 19
I/bluedroid( 163): bt_enable: ret: -1, errno: 19
I/bluedroid( 163): bt_enable: ret: -1, errno: 19
I/bluedroid( 163): bt_enable: ret: -1, errno: 19
I/ActivityManager( 163): No longer want com.google.android.apps.genie.geniewidget (pid 717): hidden #16
I/bluedroid( 163): bt_enable: ret: -1, errno: 19
D/dalvikvm( 805): GC_CONCURRENT freed 348K, 7% free 6596K/7047K, paused 2ms+2ms
I/bluedroid( 163): bt_enable: ret: -1, errno: 19
I/bluedroid( 163): bt_enable: ret: -1, errno: 19
I/bluedroid( 163): bt_enable: ret: -1, errno: 19
I/bluedroid( 163): bt_enable: ret: -1, errno: 19
I/bluedroid( 163): bt_enable: ret: -1, errno: 19
D/dalvikvm( 315): GREF has increased to 201
I/bluedroid( 163): bt_enable: ret: -1, errno: 19
D/dalvikvm( 563): GC_CONCURRENT freed 348K, 6% free 6806K/7239K, paused 3ms+3ms
I/bluedroid( 163): bt_enable: ret: -1, errno: 19
I/bluedroid( 163): bt_enable: ret: -1, errno: 19
I/bluedroid( 163): bt_enable: ret: -1, errno: 19
I/bluedroid( 163): bt_enable: ret: -1, errno: 19
I/bluedroid( 163): bt_enable: ret: -1, errno: 19
I/bluedroid( 163): bt_enable: ret: -1, errno: 19
I/bluedroid( 163): bt_enable: ret: -1, errno: 19
I/bluedroid( 163): bt_enable: ret: -1, errno: 19
I/bluedroid( 163): bt_enable: ret: -1, errno: 19
I/bluedroid( 163): bt_enable: ret: -1, errno: 19
I/bluedroid( 163): bt_enable: ret: -1, errno: 19
I/bluedroid( 163): bt_enable: ret: -1, errno: 19
I/bluedroid( 163): bt_enable: ret: -1, errno: 19
I/bluedroid( 163): bt_enable: ret: -1, errno: 19
I/bluedroid( 163): bt_enable: ret: -1, errno: 19
I/bluedroid( 163): bt_enable: ret: -1, errno: 19
I/bluedroid( 163): bt_enable: ret: -1, errno: 19
I/bluedroid( 163): bt_enable: ret: -1, errno: 19
I/bluedroid( 163): bt_enable: ret: -1, errno: 19
I/bluedroid( 163): bt_enable: ret: -1, errno: 19
I/bluedroid( 163): bt_enable: ret: -1, errno: 19
I/bluedroid( 163): bt_enable: ret: -1, errno: 19
I/bluedroid( 163): bt_enable: ret: -1, errno: 19
I/bluedroid( 163): bt_enable: ret: -1, errno: 19
I/bluedroid( 163): bt_enable: ret: -1, errno: 19
I/bluedroid( 163): bt_enable: ret: -1, errno: 19
I/bluedroid( 163): bt_enable: ret: -1, errno: 19
I/bluedroid( 163): bt_enable: ret: -1, errno: 19
I/bluedroid( 163): bt_enable: ret: -1, errno: 19
I/bluedroid( 163): bt_enable: ret: -1, errno: 19
I/bluedroid( 163): bt_enable: ret: -1, errno: 19
I/bluedroid( 163): bt_enable: ret: -1, errno: 19
D/dalvikvm( 163): GC_EXPLICIT freed 551K, 26% free 9973K/13447K, paused 3ms+5ms
I/bluedroid( 163): bt_enable: ret: -1, errno: 19
D/dalvikvm( 315): GC_CONCURRENT freed 280K, 6% free 7048K/7431K, paused 2ms+4ms
I/bluedroid( 163): bt_enable: ret: -1, errno: 19
I/bluedroid( 163): bt_enable: ret: -1, errno: 19
I/bluedroid( 163): bt_enable: ret: -1, errno: 19
I/bluedroid( 163): bt_enable: ret: -1, errno: 19
I/bluedroid( 163): bt_enable: ret: -1, errno: 19
I/bluedroid( 163): bt_enable: ret: -1, errno: 19
I/bluedroid( 163): bt_enable: ret: -1, errno: 19
I/bluedroid( 163): bt_enable: ret: -1, errno: 19
I/bluedroid( 163): bt_enable: ret: -1, errno: 19
D/dalvikvm( 408): GC_CONCURRENT freed 351K, 7% free 6917K/7367K, paused 3ms+3ms
I/bluedroid( 163): bt_enable: ret: -1, errno: 19
I/bluedroid( 163): bt_enable: ret: -1, errno: 19
I/bluedroid( 163): bt_enable: ret: -1, errno: 19
I/bluedroid( 163): bt_enable: ret: -1, errno: 19
I/bluedroid( 163): bt_enable: ret: -1, errno: 19
I/bluedroid( 163): bt_enable: ret: -1, errno: 19
D/dalvikvm( 315): GC_EXPLICIT freed 395K, 7% free 6977K/7431K, paused 2ms+4ms
I/bluedroid( 163): bt_enable: ret: -1, errno: 19
I/bluedroid( 163): bt_enable: ret: -1, errno: 19
I/bluedroid( 163): bt_enable: ret: -1, errno: 19
D/dalvikvm( 163): GC_EXPLICIT freed 176K, 27% free 9948K/13447K, paused 3ms+5ms
I/bluedroid( 163): bt_enable: ret: -1, errno: 19
I/bluedroid( 163): bt_enable: ret: -1, errno: 19
I/bluedroid( 163): bt_enable: ret: -1, errno: 19
I/bluedroid( 163): bt_enable: ret: -1, errno: 19
I/bluedroid( 163): bt_enable: ret: -1, errno: 19
I/bluedroid( 163): bt_enable: ret: -1, errno: 19
I/bluedroid( 163): bt_enable: ret: -1, errno: 19
I/bluedroid( 163): bt_enable: ret: -1, errno: 19
I/bluedroid( 163): bt_enable: ret: -1, errno: 19
I/bluedroid( 163): bt_enable: ret: -1, errno: 19
I/bluedroid( 163): bt_enable: ret: -1, errno: 19
I/bluedroid( 163): bt_enable: ret: -1, errno: 19
I/bluedroid( 163): bt_enable: ret: -1, errno: 19
I/bluedroid( 163): bt_enable: ret: -1, errno: 19
D/dalvikvm( 315): GC_CONCURRENT freed 365K, 6% free 7049K/7495K, paused 2ms+4ms
I/bluedroid( 163): bt_enable: ret: -1, errno: 19
I/bluedroid( 163): bt_enable: ret: -1, errno: 19
I/bluedroid( 163): bt_enable: ret: -1, errno: 19
I/bluedroid( 163): bt_enable: ret: -1, errno: 19
I/bluedroid( 163): bt_enable: ret: -1, errno: 19
I/bluedroid( 163): bt_enable: ret: -1, errno: 19
I/bluedroid( 163): bt_enable: ret: -1, errno: 19
I/bluedroid( 163): bt_enable: ret: -1, errno: 19
I/bluedroid( 163): bt_enable: ret: -1, errno: 19
I/bluedroid( 163): bt_enable: ret: -1, errno: 19
D/dalvikvm( 163): GC_EXPLICIT freed 139K, 27% free 9944K/13447K, paused 5ms+5ms
I/bluedroid( 163): bt_enable: ret: -1, errno: 19
I/bluedroid( 163): bt_enable: ret: -1, errno: 19
I/bluedroid( 163): bt_enable: ret: -1, errno: 19
I/bluedroid( 163): bt_enable: ret: -1, errno: 19
I/bluedroid( 163): bt_enable: ret: -1, errno: 19
D/dalvikvm( 315): GC_CONCURRENT freed 429K, 7% free 7051K/7559K, paused 2ms+4ms
I/bluedroid( 163): bt_enable: ret: -1, errno: 19
I/bluedroid( 163): bt_enable: ret: -1, errno: 19
I/bluedroid( 163): bt_enable: ret: -1, errno: 19
I/bluedroid( 163): bt_enable: ret: -1, errno: 19
D/dalvikvm( 315): GC_EXPLICIT freed 256K, 9% free 6945K/7559K, paused 3ms+3ms
I/bluedroid( 163): bt_enable: ret: -1, errno: 19
I/bluedroid( 163): bt_enable: ret: -1, errno: 19
I/bluedroid( 163): bt_enable: ret: -1, errno: 19
I/bluedroid( 163): bt_enable: ret: -1, errno: 19
I/bluedroid( 163): bt_enable: ret: -1, errno: 19
I/bluedroid( 163): bt_enable: ret: -1, errno: 19
D/dalvikvm( 163): GC_EXPLICIT freed 133K, 27% free 9945K/13447K, paused 3ms+5ms
I/bluedroid( 163): bt_enable: ret: -1, errno: 19
I/bluedroid( 163): bt_enable: ret: -1, errno: 19
I/bluedroid( 163): bt_enable: ret: -1, errno: 19
I/bluedroid( 163): bt_enable: ret: -1, errno: 19
I/bluedroid( 163): bt_enable: ret: -1, errno: 19
I/bluedroid( 163): bt_enable: ret: -1, errno: 19
I/bluedroid( 163): bt_enable: ret: -1, errno: 19
I/bluedroid( 163): bt_enable: ret: -1, errno: 19
D/dalvikvm( 315): GC_CONCURRENT freed 296K, 7% free 7037K/7559K, paused 2ms+4ms
I/bluedroid( 163): bt_enable: ret: -1, errno: 19
I/bluedroid( 163): bt_enable: ret: -1, errno: 19
I/bluedroid( 163): bt_enable: ret: -1, errno: 19
I/bluedroid( 163): bt_enable: ret: -1, errno: 19
I/bluedroid( 163): bt_enable: ret: -1, errno: 19
I/bluedroid( 163): bt_enable: ret: -1, errno: 19
I/bluedroid( 163): bt_enable: ret: -1, errno: 19
I/bluedroid( 163): bt_enable: ret: -1, errno: 19
I/bluedroid( 163): bt_enable: ret: -1, errno: 19
I/bluedroid( 163): bt_enable: ret: -1, errno: 19
I/bluedroid( 163): bt_enable: ret: -1, errno: 19
I/bluedroid( 163): bt_enable: ret: -1, errno: 19
I/bluedroid( 163): bt_enable: ret: -1, errno: 19
I/bluedroid( 163): bt_enable: ret: -1, errno: 19
D/dalvikvm( 163): GC_EXPLICIT freed 136K, 27% free 9945K/13447K, paused 3ms+4ms
I/bluedroid( 163): bt_enable: ret: -1, errno: 19
I/bluedroid( 163): bt_enable: ret: -1, errno: 19
I/bluedroid( 163): bt_enable: ret: -1, errno: 19
I/bluedroid( 163): bt_enable: ret: -1, errno: 19
I/bluedroid( 163): bt_enable: ret: -1, errno: 19
I/bluedroid( 163): bt_enable: ret: -1, errno: 19
D/dalvikvm( 315): GC_CONCURRENT freed 410K, 7% free 7056K/7559K, paused 5ms+4ms
I/bluedroid( 163): bt_enable: ret: -1, errno: 19
I/bluedroid( 163): bt_enable: ret: -1, errno: 19
I/bluedroid( 163): bt_enable: ret: -1, errno: 19
I/bluedroid( 163): bt_enable: ret: -1, errno: 19
I/bluedroid( 163): bt_enable: ret: -1, errno: 19
I/bluedroid( 163): bt_enable: ret: -1, errno: 19
D/dalvikvm( 315): GC_EXPLICIT freed 286K, 8% free 6980K/7559K, paused 2ms+3ms
I/bluedroid( 163): bt_enable: ret: -1, errno: 19
I/bluedroid( 163): bt_enable: ret: -1, errno: 19
I/bluedroid( 163): bt_enable: ret: -1, errno: 19
I/bluedroid( 163): bt_enable: ret: -1, errno: 19
I/bluedroid( 163): bt_enable: ret: -1, errno: 19
D/dalvikvm( 163): GC_EXPLICIT freed 137K, 27% free 9945K/13447K, paused 2ms+5ms
I/bluedroid( 163): bt_enable: ret: -1, errno: 19
I/bluedroid( 163): bt_enable: ret: -1, errno: 19
I/bluedroid( 163): bt_enable: ret: -1, errno: 19
I/bluedroid( 163): bt_enable: ret: -1, errno: 19
I/bluedroid( 163): bt_enable: ret: -1, errno: 19
D/dalvikvm( 315): GC_CONCURRENT freed 325K, 7% free 7057K/7559K, paused 5ms+3ms
I/bluedroid( 163): bt_enable: ret: -1, errno: 19
I/bluedroid( 163): bt_enable: ret: -1, errno: 19
I/bluedroid( 163): bt_enable: ret: -1, errno: 19
I/bluedroid( 163): bt_enable: ret: -1, errno: 19
I/bluedroid( 163): bt_enable: ret: -1, errno: 19
I/bluedroid( 163): bt_enable: ret: -1, errno: 19
I/bluedroid( 163): bt_enable: ret: -1, errno: 19
D/dalvikvm( 163): GC_EXPLICIT freed 134K, 27% free 9945K/13447K, paused 3ms+5ms
I/bluedroid( 163): bt_enable: ret: -1, errno: 19
I/bluedroid( 163): bt_enable: ret: -1, errno: 19
D/dalvikvm( 315): GC_CONCURRENT freed 392K, 7% free 7057K/7559K, paused 6ms+3ms
I/bluedroid( 163): bt_enable: ret: -1, errno: 19
I/bluedroid( 163): bt_enable: ret: -1, errno: 19
I/bluedroid( 163): bt_enable: ret: -1, errno: 19
I/bluedroid( 163): bt_enable: ret: -1, errno: 19
I/bluedroid( 163): bt_enable: ret: -1, errno: 19
I/bluedroid( 163): bt_enable: ret: -1, errno: 19
D/dalvikvm( 315): GC_EXPLICIT freed 331K, 8% free 7008K/7559K, paused 2ms+4ms
I/bluedroid( 163): bt_enable: ret: -1, errno: 19
I/bluedroid( 163): bt_enable: ret: -1, errno: 19
I/bluedroid( 163): bt_enable: ret: -1, errno: 19
I/bluedroid( 163): bt_enable: ret: -1, errno: 19
I/bluedroid( 163): bt_enable: ret: -1, errno: 19
I/bluedroid( 163): bt_enable: ret: -1, errno: 19
I/bluedroid( 163): bt_enable: ret: -1, errno: 19
I/bluedroid( 163): bt_enable: ret: -1, errno: 19
I/bluedroid( 163): bt_enable: ret: -1, errno: 19
I/bluedroid( 163): bt_enable: ret: -1, errno: 19
I/bluedroid( 163): bt_enable: ret: -1, errno: 19
I/bluedroid( 163): bt_enable: ret: -1, errno: 19
I/bluedroid( 163): bt_enable: ret: -1, errno: 19
I/bluedroid( 163): bt_enable: ret: -1, errno: 19
I/bluedroid( 163): bt_enable: ret: -1, errno: 19
I/bluedroid( 163): bt_enable: ret: -1, errno: 19
I/bluedroid( 163): bt_enable: ret: -1, errno: 19
I/bluedroid( 163): bt_enable: ret: -1, errno: 19
I/bluedroid( 163): bt_enable: ret: -1, errno: 19
I/bluedroid( 163): bt_enable: ret: -1, errno: 19
I/bluedroid( 163): bt_enable: ret: -1, errno: 19
D/dalvikvm( 163): GC_EXPLICIT freed 135K, 27% free 9945K/13447K, paused 3ms+4ms
I/bluedroid( 163): bt_enable: ret: -1, errno: 19
I/bluedroid( 163): bt_enable: ret: -1, errno: 19
I/bluedroid( 163): bt_enable: ret: -1, errno: 19
I/bluedroid( 163): bt_enable: ret: -1, errno: 19
I/bluedroid( 163): bt_enable: ret: -1, errno: 19
I/bluedroid( 163): bt_enable: ret: -1, errno: 19
I/bluedroid( 163): bt_enable: ret: -1, errno: 19
I/bluedroid( 163): bt_enable: ret: -1, errno: 19
D/dalvikvm( 315): GC_CONCURRENT freed 561K, 8% free 7016K/7623K, paused 2ms+4ms
I/bluedroid( 163): bt_enable: ret: -1, errno: 19
I/bluedroid( 163): bt_enable: ret: -1, errno: 19
I/bluedroid( 163): bt_enable: ret: -1, errno: 19
I/bluedroid( 163): bt_enable: ret: -1, errno: 19
I/bluedroid( 163): bt_enable: ret: -1, errno: 19
I/bluedroid( 163): bt_enable: ret: -1, errno: 19
I/bluedroid( 163): bt_enable: ret: -1, errno: 19
I/bluedroid( 163): bt_enable: ret: -1, errno: 19
I/bluedroid( 163): bt_enable: ret: -1, errno: 19
I/bluedroid( 163): bt_enable: ret: -1, errno: 19
I/bluedroid( 163): bt_enable: ret: -1, errno: 19
I/bluedroid( 163): bt_enable: ret: -1, errno: 19
I/bluedroid( 163): bt_enable: ret: -1, errno: 19
I/bluedroid( 163): bt_enable: ret: -1, errno: 19
I/bluedroid( 163): bt_enable: ret: -1, errno: 19
I/bluedroid( 163): bt_enable: ret: -1, errno: 19
I/bluedroid( 163): bt_enable: ret: -1, errno: 19
I/bluedroid( 163): bt_enable: ret: -1, errno: 19
I/bluedroid( 163): bt_enable: ret: -1, errno: 19
I/bluedroid( 163): bt_enable: ret: -1, errno: 19
I/bluedroid( 163): bt_enable: ret: -1, errno: 19
I/bluedroid( 163): bt_enable: ret: -1, errno: 19
I/bluedroid( 163): bt_enable: ret: -1, errno: 19
I/bluedroid( 163): bt_enable: ret: -1, errno: 19
I/bluedroid( 163): bt_enable: ret: -1, errno: 19
I/bluedroid( 163): bt_enable: ret: -1, errno: 19
I/bluedroid( 163): bt_enable: ret: -1, errno: 19
I/bluedroid( 163): bt_enable: ret: -1, errno: 19
I/bluedroid( 163): bt_enable: ret: -1, errno: 19
I/bluedroid( 163): bt_enable: ret: -1, errno: 19
I/bluedroid( 163): bt_enable: ret: -1, errno: 19
I/bluedroid( 163): bt_enable: ret: -1, errno: 19
I/bluedroid( 163): bt_enable: ret: -1, errno: 19
I/bluedroid( 163): bt_enable: ret: -1, errno: 19
I/bluedroid( 163): bt_enable: ret: -1, errno: 19
I/bluedroid( 163): bt_enable: ret: -1, errno: 19
I/bluedroid( 163): bt_enable: ret: -1, errno: 19
I/bluedroid( 163): bt_enable: ret: -1, errno: 19
I/bluedroid( 163): bt_enable: ret: -1, errno: 19
I/bluedroid( 163): bt_enable: ret: -1, errno: 19
I/bluedroid( 163): bt_enable: ret: -1, errno: 19
I/bluedroid( 163): bt_enable: ret: -1, errno: 19
I/bluedroid( 163): bt_enable: ret: -1, errno: 19
I/bluedroid( 163): bt_enable: ret: -1, errno: 19
I/bluedroid( 163): bt_enable: ret: -1, errno: 19
I/bluedroid( 163): bt_enable: ret: -1, errno: 19
I/bluedroid( 163): bt_enable: ret: -1, errno: 19
I/bluedroid( 163): bt_enable: ret: -1, errno: 19
I/bluedroid( 163): bt_enable: ret: -1, errno: 19
I/bluedroid( 163): bt_enable: ret: -1, errno: 19
I/bluedroid( 163): bt_enable: ret: -1, errno: 19
I/bluedroid( 163): bt_enable: ret: -1, errno: 19
I/bluedroid( 163): bt_enable: ret: -1, errno: 19
I/bluedroid( 163): bt_enable: ret: -1, errno: 19
I/bluedroid( 163): bt_enable: ret: -1, errno: 19
I/bluedroid( 163): bt_enable: ret: -1, errno: 19
I/bluedroid( 163): bt_enable: ret: -1, errno: 19
I/bluedroid( 163): bt_enable: ret: -1, errno: 19
I/bluedroid( 163): bt_enable: ret: -1, errno: 19
I/bluedroid( 163): bt_enable: ret: -1, errno: 19
I/bluedroid( 163): bt_enable: ret: -1, errno: 19
I/bluedroid( 163): bt_enable: ret: -1, errno: 19
I/bluedroid( 163): bt_enable: ret: -1, errno: 19
I/bluedroid( 163): bt_enable: ret: -1, errno: 19
I/bluedroid( 163): bt_enable: ret: -1, errno: 19
I/bluedroid( 163): bt_enable: ret: -1, errno: 19
I/bluedroid( 163): bt_enable: ret: -1, errno: 19
I/bluedroid( 163): bt_enable: ret: -1, errno: 19
I/bluedroid( 163): bt_enable: ret: -1, errno: 19
I/bluedroid( 163): bt_enable: ret: -1, errno: 19
I/bluedroid( 163): bt_enable: ret: -1, errno: 19
I/bluedroid( 163): bt_enable: ret: -1, errno: 19
I/bluedroid( 163): bt_enable: ret: -1, errno: 19
I/bluedroid( 163): bt_enable: ret: -1, errno: 19
I/bluedroid( 163): bt_enable: ret: -1, errno: 19
I/bluedroid( 163): bt_enable: ret: -1, errno: 19
I/bluedroid( 163): bt_enable: ret: -1, errno: 19
I/bluedroid( 163): bt_enable: ret: -1, errno: 19
I/bluedroid( 163): bt_enable: ret: -1, errno: 19
I/bluedroid( 163): bt_enable: ret: -1, errno: 19
I/bluedroid( 163): bt_enable: ret: -1, errno: 19
I/bluedroid( 163): bt_enable: ret: -1, errno: 19
I/bluedroid( 163): bt_enable: ret: -1, errno: 19
I/bluedroid( 163): bt_enable: ret: -1, errno: 19
I/bluedroid( 163): bt_enable: ret: -1, errno: 19
I/bluedroid( 163): bt_enable: ret: -1, errno: 19
I/bluedroid( 163): bt_enable: ret: -1, errno: 19
I/bluedroid( 163): bt_enable: ret: -1, errno: 19
I/bluedroid( 163): bt_enable: ret: -1, errno: 19
I/bluedroid( 163): bt_enable: ret: -1, errno: 19
I/bluedroid( 163): bt_enable: ret: -1, errno: 19
I/bluedroid( 163): bt_enable: ret: -1, errno: 19
I/bluedroid( 163): bt_enable: ret: -1, errno: 19
I/bluedroid( 163): bt_enable: ret: -1, errno: 19
I/bluedroid( 163): bt_enable: ret: -1, errno: 19
I/bluedroid( 163): bt_enable: ret: -1, errno: 19
I/bluedroid( 163): bt_enable: ret: -1, errno: 19
I/bluedroid( 163): bt_enable: ret: -1, errno: 19
I/bluedroid( 163): bt_enable: ret: -1, errno: 19
I/bluedroid( 163): bt_enable: ret: -1, errno: 19
I/bluedroid( 163): bt_enable: ret: -1, errno: 19
I/bluedroid( 163): bt_enable: ret: -1, errno: 19
I/bluedroid( 163): bt_enable: ret: -1, errno: 19
I/bluedroid( 163): bt_enable: ret: -1, errno: 19
I/bluedroid( 163): bt_enable: ret: -1, errno: 19
I/bluedroid( 163): bt_enable: ret: -1, errno: 19
I/bluedroid( 163): bt_enable: ret: -1, errno: 19
I/bluedroid( 163): bt_enable: ret: -1, errno: 19
I/bluedroid( 163): bt_enable: ret: -1, errno: 19
I/bluedroid( 163): bt_enable: ret: -1, errno: 19
I/bluedroid( 163): bt_enable: ret: -1, errno: 19
I/bluedroid( 163): bt_enable: ret: -1, errno: 19
I/bluedroid( 163): bt_enable: ret: -1, errno: 19
I/bluedroid( 163): bt_enable: ret: -1, errno: 19
I/bluedroid( 163): bt_enable: ret: -1, errno: 19
I/bluedroid( 163): bt_enable: ret: -1, errno: 19
I/bluedroid( 163): bt_enable: ret: -1, errno: 19
I/bluedroid( 163): bt_enable: ret: -1, errno: 19
I/bluedroid( 163): bt_enable: ret: -1, errno: 19
I/bluedroid( 163): bt_enable: ret: -1, errno: 19
I/bluedroid( 163): bt_enable: ret: -1, errno: 19
I/bluedroid( 163): bt_enable: ret: -1, errno: 19
I/bluedroid( 163): bt_enable: ret: -1, errno: 19
I/bluedroid( 163): bt_enable: ret: -1, errno: 19
I/bluedroid( 163): bt_enable: ret: -1, errno: 19
I/bluedroid( 163): bt_enable: ret: -1, errno: 19
I/bluedroid( 163): bt_enable: ret: -1, errno: 19
I/bluedroid( 163): bt_enable: ret: -1, errno: 19
I/bluedroid( 163): bt_enable: ret: -1, errno: 19
I/bluedroid( 163): bt_enable: ret: -1, errno: 19
I/bluedroid( 163): bt_enable: ret: -1, errno: 19
I/bluedroid( 163): bt_enable: ret: -1, errno: 19
I/bluedroid( 163): bt_enable: ret: -1, errno: 19
I/bluedroid( 163): bt_enable: ret: -1, errno: 19
I/bluedroid( 163): bt_enable: ret: -1, errno: 19
I/bluedroid( 163): bt_enable: ret: -1, errno: 19
I/bluedroid( 163): bt_enable: ret: -1, errno: 19
I/bluedroid( 163): bt_enable: ret: -1, errno: 19
I/bluedroid( 163): bt_enable: ret: -1, errno: 19
I/bluedroid( 163): bt_enable: ret: -1, errno: 19
I/bluedroid( 163): bt_enable: ret: -1, errno: 19
I/bluedroid( 163): bt_enable: ret: -1, errno: 19
I/bluedroid( 163): bt_enable: ret: -1, errno: 19
I/bluedroid( 163): bt_enable: ret: -1, errno: 19
I/bluedroid( 163): bt_enable: ret: -1, errno: 19
I/bluedroid( 163): bt_enable: ret: -1, errno: 19
I/bluedroid( 163): bt_enable: ret: -1, errno: 19
I/bluedroid( 163): bt_enable: ret: -1, errno: 19
I/bluedroid( 163): bt_enable: ret: -1, errno: 19
I/bluedroid( 163): bt_enable: ret: -1, errno: 19
I/bluedroid( 163): bt_enable: ret: -1, errno: 19
I/bluedroid( 163): bt_enable: ret: -1, errno: 19
I/bluedroid( 163): bt_enable: ret: -1, errno: 19
I/bluedroid( 163): bt_enable: ret: -1, errno: 19
I/bluedroid( 163): bt_enable: ret: -1, errno: 19
I/bluedroid( 163): bt_enable: ret: -1, errno: 19
I/bluedroid( 163): bt_enable: ret: -1, errno: 19
I/bluedroid( 163): bt_enable: ret: -1, errno: 19
I/bluedroid( 163): bt_enable: ret: -1, errno: 19
I/bluedroid( 163): bt_enable: ret: -1, errno: 19
I/bluedroid( 163): bt_enable: ret: -1, errno: 19
I/bluedroid( 163): bt_enable: ret: -1, errno: 19
I/bluedroid( 163): bt_enable: ret: -1, errno: 19
I/bluedroid( 163): bt_enable: ret: -1, errno: 19
I/ActivityManager( 163): Start proc com.google.android.gsf.login for service com.google.android.gsf.login/com.google.android.gsf.loginservice.GoogleLoginService: pid=941 uid=10038 gids={3003, 1015, 1007, 2001, 3006}
D/dalvikvm( 298): GC_CONCURRENT freed 396K, 7% free 7320K/7815K, paused 8ms+3ms
I/bluedroid( 163): bt_enable: ret: -1, errno: 19
I/ActivityManager( 163): No longer want com.google.android.exchange (pid 740): hidden #16
I/bluedroid( 163): bt_enable: ret: -1, errno: 19
I/bluedroid( 163): bt_enable: ret: -1, errno: 19
I/bluedroid( 163): bt_enable: ret: -1, errno: 19
I/bluedroid( 163): bt_enable: ret: -1, errno: 19
I/bluedroid( 163): bt_enable: ret: -1, errno: 19
I/bluedroid( 163): bt_enable: ret: -1, errno: 19
I/bluedroid( 163): bt_enable: ret: -1, errno: 19
I/bluedroid( 163): bt_enable: ret: -1, errno: 19
I/bluedroid( 163): bt_enable: ret: -1, errno: 19
I/bluedroid( 163): bt_enable: ret: -1, errno: 19
I/bluedroid( 163): bt_enable: ret: -1, errno: 19
I/bluedroid( 163): bt_enable: ret: -1, errno: 19
I/bluedroid( 163): bt_enable: ret: -1, errno: 19
I/bluedroid( 163): bt_enable: ret: -1, errno: 19
I/bluedroid( 163): bt_enable: ret: -1, errno: 19
I/bluedroid( 163): bt_enable: ret: -1, errno: 19
I/bluedroid( 163): bt_enable: ret: -1, errno: 19
I/bluedroid( 163): bt_enable: ret: -1, errno: 19
I/bluedroid( 163): bt_enable: ret: -1, errno: 19
I/bluedroid( 163): bt_enable: ret: -1, errno: 19
I/bluedroid( 163): bt_enable: ret: -1, errno: 19
I/bluedroid( 163): bt_enable: ret: -1, errno: 19
I/bluedroid( 163): bt_enable: ret: -1, errno: 19
I/bluedroid( 163): bt_enable: ret: -1, errno: 19
I/bluedroid( 163): bt_enable: ret: -1, errno: 19
I/bluedroid( 163): bt_enable: ret: -1, errno: 19
I/bluedroid( 163): bt_enable: ret: -1, errno: 19
I/bluedroid( 163): bt_enable: ret: -1, errno: 19
I/bluedroid( 163): bt_enable: ret: -1, errno: 19
I/bluedroid( 163): bt_enable: ret: -1, errno: 19
I/bluedroid( 163): bt_enable: ret: -1, errno: 19
I/bluedroid( 163): bt_enable: ret: -1, errno: 19
I/bluedroid( 163): bt_enable: ret: -1, errno: 19
I/bluedroid( 163): bt_enable: ret: -1, errno: 19
I/bluedroid( 163): bt_enable: ret: -1, errno: 19
I/bluedroid( 163): bt_enable: ret: -1, errno: 19
I/bluedroid( 163): bt_enable: ret: -1, errno: 19
I/bluedroid( 163): bt_enable: ret: -1, errno: 19
I/bluedroid( 163): bt_enable: ret: -1, errno: 19
I/bluedroid( 163): bt_enable: ret: -1, errno: 19
I/bluedroid( 163): bt_enable: ret: -1, errno: 19
I/bluedroid( 163): bt_enable: ret: -1, errno: 19
I/bluedroid( 163): bt_enable: ret: -1, errno: 19
I/bluedroid( 163): bt_enable: ret: -1, errno: 19
I/bluedroid( 163): bt_enable: ret: -1, errno: 19
I/bluedroid( 163): bt_enable: ret: -1, errno: 19
I/bluedroid( 163): bt_enable: ret: -1, errno: 19
I/bluedroid( 163): bt_enable: ret: -1, errno: 19
I/bluedroid( 163): bt_enable: ret: -1, errno: 19
I/bluedroid( 163): bt_enable: ret: -1, errno: 19
I/bluedroid( 163): bt_enable: ret: -1, errno: 19
I/bluedroid( 163): bt_enable: ret: -1, errno: 19
I/bluedroid( 163): bt_enable: ret: -1, errno: 19
I/bluedroid( 163): bt_enable: ret: -1, errno: 19
I/bluedroid( 163): bt_enable: ret: -1, errno: 19
I/bluedroid( 163): bt_enable: ret: -1, errno: 19
I/bluedroid( 163): bt_enable: ret: -1, errno: 19
I/bluedroid( 163): bt_enable: ret: -1, errno: 19
I/bluedroid( 163): bt_enable: ret: -1, errno: 19
I/bluedroid( 163): bt_enable: ret: -1, errno: 19
I/bluedroid( 163): bt_enable: ret: -1, errno: 19
I/bluedroid( 163): bt_enable: ret: -1, errno: 19
I/bluedroid( 163): bt_enable: ret: -1, errno: 19
I/bluedroid( 163): bt_enable: ret: -1, errno: 19
I/bluedroid( 163): bt_enable: ret: -1, errno: 19
I/bluedroid( 163): bt_enable: ret: -1, errno: 19
I/bluedroid( 163): bt_enable: ret: -1, errno: 19
I/bluedroid( 163): bt_enable: ret: -1, errno: 19
I/bluedroid( 163): bt_enable: ret: -1, errno: 19
I/bluedroid( 163): bt_enable: ret: -1, errno: 19
I/bluedroid( 163): bt_enable: ret: -1, errno: 19
I/bluedroid( 163): bt_enable: ret: -1, errno: 19
I/bluedroid( 163): bt_enable: ret: -1, errno: 19
I/bluedroid( 163): bt_enable: ret: -1, errno: 19
I/bluedroid( 163): bt_enable: ret: -1, errno: 19
I/bluedroid( 163): bt_enable: ret: -1, errno: 19
I/bluedroid( 163): bt_enable: ret: -1, errno: 19
